MONTHLY CLIMATOLOGICAL SUMMARY for ago 2018 NAME: Loc.Campagnola (Sacile) ELEV: 31 meters LAT: 45-56.65 N LONG: 012-28.80 E TEMPERATURE (C), RAIN (mm), WIND SPEED (km/h) HEAT COOL AVG MEAN DEG DEG WIND DOM DAY TEMP HIGH TIME LOW TIME DAYS DAYS RAIN SPEED HIGH TIME DIR --------------------------------------------------------------------------------------- 01 29,1 35,4 15:00 23,2 06:03 0,0 10,8 0,0 2,7 20,9 17:15 244 02 25,8 33,7 15:57 21,5 23:51 0,0 7,5 15,0 1,4 45,0 16:27 124 03 26,4 33,8 17:48 19,9 06:12 0,0 8,0 0,0 0,5 14,4 15:33 247 04 27,7 33,9 16:08 21,2 05:47 0,0 9,3 0,0 0,9 11,2 19:08 220 05 26,9 33,9 15:33 20,9 06:16 0,0 8,6 0,0 0,8 14,8 14:37 236 06 27,4 33,8 15:51 21,1 05:51 0,0 9,1 0,0 0,4 9,4 15:30 197 07 27,5 33,6 16:03 21,0 06:05 0,0 9,2 0,0 0,5 10,1 22:52 181 08 26,0 31,6 13:24 21,3 06:03 0,0 7,7 0,0 0,7 14,4 17:35 226 09 26,0 33,6 15:42 19,6 06:30 0,0 7,7 0,0 1,0 13,0 23:27 249 10 25,7 31,9 16:54 20,4 05:14 0,0 7,4 0,0 0,6 14,0 13:46 107 11 25,3 31,8 13:37 19,3 04:26 0,0 6,9 0,0 1,9 18,7 19:41 115 12 25,2 31,9 16:23 18,4 06:06 0,0 6,9 0,0 2,2 17,6 11:49 88 13 23,2 31,8 15:33 17,4 06:00 0,0 4,8 4,7 1,2 27,4 16:40 203 14 22,5 29,0 15:47 18,8 22:45 0,0 4,2 7,8 1,4 23,0 18:49 94 15 23,8 30,8 17:42 18,4 05:58 0,0 5,5 0,0 0,3 9,7 12:36 247 16 23,9 30,7 17:18 16,3 06:16 0,0 5,5 0,0 1,2 18,0 12:42 121 17 19,2 31,2 17:38 10,5 08:36 0,0 0,9 0,0 0,6 10,4 15:49 219 18 25,4 32,9 16:25 17,3 05:34 0,0 7,0 0,0 0,7 9,4 14:12 167 19 26,0 33,3 15:47 17,9 06:24 0,0 7,7 0,0 1,9 21,2 14:54 102 20 26,2 33,9 18:01 17,8 06:30 0,0 7,8 0,0 1,5 15,1 13:48 110 21 26,8 34,5 16:55 18,3 06:39 0,0 8,4 0,0 0,7 9,7 15:02 128 22 26,4 34,3 16:24 18,9 06:08 0,0 8,0 0,0 1,5 15,5 11:08 107 23 25,5 33,4 12:55 18,5 06:30 0,0 7,2 0,0 1,3 15,1 15:21 249 24 22,6 31,6 14:44 18,2 04:40 0,0 4,3 33,7 1,8 28,4 17:31 106 25 21,5 26,2 16:50 18,3 02:35 0,0 3,1 14,5 2,3 65,2 23:00 82 26 16,7 21,7 18:32 12,6 23:58 1,7 0,0 45,6 1,9 23,8 01:04 271 27 18,2 26,4 17:14 9,9 06:17 0,1 0,0 0,0 0,5 8,6 14:00 210 28 20,6 29,8 16:31 12,1 06:38 0,0 2,3 0,0 0,3 8,3 15:35 173 29 21,8 30,4 17:04 13,5 06:14 0,0 3,5 0,0 0,5 9,4 11:24 138 30 22,0 29,4 15:32 15,2 05:56 0,0 3,7 0,0 0,4 7,6 18:36 146 31 21,9 26,4 14:33 17,0 05:21 0,0 3,5 8,8 3,5 21,2 12:50 78 --------------------------------------------------------------------------------------- 24,3 35,4 01 9,9 27 1,8 186,6 130,0 1,2 65,2 25 122