MONTHLY CLIMATOLOGICAL SUMMARY for set 2018 NAME: Loc.Campagnola (Sacile) ELEV: 31 meters LAT: 45-56.65 N LONG: 012-28.80 E TEMPERATURE (C), RAIN (mm), WIND SPEED (km/h) HEAT COOL AVG MEAN DEG DEG WIND DOM DAY TEMP HIGH TIME LOW TIME DAYS DAYS RAIN SPEED HIGH TIME DIR --------------------------------------------------------------------------------------- 01 20,6 24,5 16:17 17,8 06:50 0,0 2,2 3,6 4,2 27,7 17:25 82 02 19,8 24,9 12:31 15,9 06:10 0,0 1,4 19,2 1,9 19,4 10:12 82 03 18,7 26,3 13:10 14,1 06:54 0,0 0,4 1,0 1,7 23,0 16:45 229 04 20,3 27,5 16:19 13,9 06:35 0,0 2,0 0,5 0,6 9,4 13:45 212 05 21,4 28,8 16:52 14,6 06:57 0,0 3,0 0,0 0,6 9,4 13:25 229 06 20,9 28,6 15:52 16,1 05:46 0,0 2,6 7,8 1,3 13,7 14:07 240 07 20,5 26,1 16:17 17,2 06:28 0,0 2,2 0,5 0,6 8,3 17:14 199 08 21,6 29,6 17:09 14,8 06:59 0,0 3,3 0,5 0,7 10,8 13:12 134 09 21,7 29,6 16:34 14,4 06:37 0,0 3,4 0,0 0,7 10,1 12:17 247 10 22,1 29,9 16:55 15,1 06:49 0,0 3,7 0,0 0,6 7,9 17:18 213 11 22,8 31,1 16:56 16,8 06:10 0,0 4,5 0,0 0,4 7,2 14:14 216 12 22,8 29,9 17:19 16,4 06:24 0,0 4,4 0,0 0,6 14,0 15:00 207 13 22,5 28,6 14:20 16,6 06:55 0,0 4,1 0,0 0,3 7,2 13:10 201 14 22,3 29,9 16:47 15,0 07:07 0,0 3,9 0,0 0,4 7,9 12:11 136 15 22,7 28,3 15:20 18,5 23:27 0,0 4,4 0,0 2,3 17,3 14:32 94 16 22,1 29,5 16:35 15,4 07:04 0,0 3,7 0,0 1,2 14,0 09:57 93 17 21,7 29,5 17:09 14,9 06:28 0,0 3,3 0,0 0,5 7,9 11:39 172 18 22,1 29,1 15:47 15,2 06:28 0,0 3,8 0,0 0,5 12,2 16:02 195 19 22,7 29,5 16:20 16,9 06:29 0,0 4,3 0,0 0,5 10,4 15:09 233 20 22,7 31,4 16:41 15,3 06:50 0,0 4,4 0,0 0,7 15,1 12:28 116 21 22,3 29,5 16:15 14,9 06:47 0,0 4,0 0,0 1,1 15,5 16:33 254 22 20,6 26,4 13:56 10,5 18:34 0,0 2,3 0,0 3,5 27,4 15:18 78 23 19,6 23,4 14:04 16,3 00:00 0,0 1,3 0,0 1,0 12,2 12:53 100 24 20,2 27,3 12:12 10,1 23:57 0,0 1,9 0,0 3,3 32,0 12:42 105 25 13,9 21,4 16:26 5,8 06:55 4,5 0,0 0,0 0,9 12,6 14:35 164 26 11,6 19,6 16:51 4,5 07:13 6,7 0,0 0,0 1,0 15,5 15:40 243 27 13,8 25,3 16:15 4,6 07:10 4,5 0,0 0,0 0,4 9,7 14:35 167 28 17,4 29,4 16:35 6,4 05:20 0,9 0,0 0,0 0,5 9,7 13:12 228 29 19,8 25,4 15:56 14,2 23:58 0,0 1,4 0,0 1,6 15,1 09:50 107 30 14,6 21,3 16:50 8,5 23:44 3,7 0,0 0,0 0,6 12,6 13:40 233 --------------------------------------------------------------------------------------- 20,2 31,4 20 4,5 26 20,3 76,1 33,1 1,1 32,0 24 112