MONTHLY CLIMATOLOGICAL SUMMARY for dic 2018 NAME: Loc.Campagnola (Sacile) ELEV: 31 meters LAT: 45-56.65 N LONG: 012-28.80 E TEMPERATURE (C), RAIN (mm), WIND SPEED (km/h) HEAT COOL AVG MEAN DEG DEG WIND DOM DAY TEMP HIGH TIME LOW TIME DAYS DAYS RAIN SPEED HIGH TIME DIR --------------------------------------------------------------------------------------- 01 4,4 12,3 13:49 -0,7 04:53 14,0 0,0 0,0 0,1 5,0 14:54 120 02 5,8 8,8 14:21 3,6 22:25 12,5 0,0 0,0 0,1 6,8 15:44 138 03 7,6 12,1 13:41 3,9 07:09 10,7 0,0 0,0 0,7 9,7 11:03 227 04 7,5 14,1 14:58 2,3 07:30 10,9 0,0 0,0 0,6 9,7 12:24 246 05 7,7 11,4 13:00 2,6 04:52 10,6 0,0 0,0 0,2 14,4 00:58 10 06 6,4 8,6 14:05 1,9 23:36 11,9 0,0 0,5 0,4 8,6 14:42 245 07 6,3 11,4 13:09 1,8 00:50 12,1 0,0 0,5 0,3 7,2 13:46 116 08 8,3 12,9 12:45 3,3 23:35 10,0 0,0 9,3 3,5 20,2 13:46 242 09 7,2 13,5 14:18 1,9 23:58 11,1 0,0 0,0 1,6 13,0 11:03 293 10 4,0 9,8 15:20 0,2 08:04 14,4 0,0 0,0 0,9 10,8 02:41 256 11 4,0 12,9 14:10 -1,8 23:44 14,3 0,0 0,0 1,4 13,0 12:04 123 12 1,3 10,1 13:33 -4,2 07:34 17,0 0,0 0,0 1,0 11,2 13:40 197 13 3,6 7,9 11:15 -2,7 01:25 14,7 0,0 0,0 5,1 26,3 14:21 72 14 2,6 8,2 13:05 -3,5 23:52 15,7 0,0 0,0 2,6 20,9 15:01 80 15 0,0 6,3 15:10 -4,5 07:54 18,3 0,0 0,0 1,9 16,2 13:11 233 16 0,7 4,6 13:17 -3,9 01:55 17,7 0,0 0,0 0,4 7,2 14:21 85 17 3,0 9,8 15:12 -1,5 21:50 15,4 0,0 0,0 0,2 6,1 02:05 243 18 -0,2 9,4 13:37 -1,9 22:50 18,5 0,0 0,0 0,5 7,2 12:18 121 19 2,0 6,6 13:43 -3,0 03:26 16,3 0,0 1,0 0,5 7,6 23:41 265 20 4,7 8,8 15:06 1,4 23:59 13,6 0,0 3,1 1,0 14,4 04:59 254 21 1,0 2,9 15:01 -1,3 07:40 17,3 0,0 0,0 0,1 4,7 11:01 189 22 3,1 6,6 14:09 1,1 23:56 15,2 0,0 0,0 0,2 6,5 11:45 258 23 5,5 8,8 14:19 1,1 00:00 12,8 0,0 0,0 0,4 6,5 08:58 233 24 4,9 9,9 13:11 -0,6 23:55 13,4 0,0 0,0 1,1 14,4 09:10 125 25 1,9 8,4 13:40 -1,9 04:36 16,4 0,0 0,0 1,3 11,9 15:01 145 26 1,5 5,2 15:15 -1,9 08:20 16,8 0,0 0,0 0,7 6,5 04:56 213 27 1,5 5,9 15:06 -3,0 23:36 16,8 0,0 0,0 0,7 9,4 14:08 260 28 -0,6 6,7 15:25 -3,7 07:20 18,9 0,0 0,0 0,1 5,0 13:14 186 29 1,2 11,8 15:31 -4,7 07:10 17,1 0,0 0,0 0,3 5,0 12:50 112 30 2,6 10,6 13:57 -1,9 07:38 15,7 0,0 0,0 0,6 7,2 11:19 233 31 2,6 10,7 13:45 -2,2 02:44 15,7 0,0 0,0 0,5 6,8 13:47 206 --------------------------------------------------------------------------------------- 3,6 14,1 04 -4,7 29 456,1 0,0 14,5 0,9 26,3 13 175