CLIMATOLOGICAL SUMMARY for year 2018 NAME: Loc.Campagnola (Sacile) ELEV: 31 meters LAT: 45-56.65 N LONG: 012-28.80 E TEMPERATURE (C) HEAT COOL MAX MAX MIN MIN MEAN MEAN DEG DEG >= <= <= <= YR MO MAX MIN MEAN DAYS DAYS HI DAY LOW DAY 30 0 0 -20 ------------------------------------------------------------------------------------------------ 2018 01 2018 02 2018 03 2018 04 2018 05 2018 06 28,4 16,5 22,5 0,0 93,3 32,1 11 11,8 23 9 0 0 0 2018 07 30,4 18,4 24,2 0,0 180,8 34,8 31 16,1 18 17 0 0 0 2018 08 31,5 17,9 24,3 1,8 186,6 35,4 01 9,9 27 24 0 0 0 2018 09 27,4 13,7 20,2 20,3 76,1 31,4 20 4,5 26 2 0 0 0 2018 10 21,1 9,9 15,1 102,4 0,6 25,3 09 3,6 22 0 0 0 0 2018 11 14,5 7,4 10,5 236,9 0,0 22,6 04 -2,0 29 0 0 4 0 2018 12 9,3 -0,8 3,6 456,1 0,0 14,1 04 -4,7 29 0 0 19 0 ------------------------------------------------------------------------------------------------ 23,0 11,7 17,0 817,4 537,4 35,4 ago -4,7 dic 52 0 23 0 PRECIPITATION (mm) MAX ---DAYS OF RAIN--- OBS. OVER YR MO TOTAL DAY DATE 0.30 3.00 30.00 ------------------------------------------------ 2018 01 2018 02 2018 03 2018 04 2018 05 2018 06 66,8 49,2 13 5 3 1 2018 07 140,4 29,5 07 17 10 0 2018 08 130,0 45,6 26 7 7 2 2018 09 33,1 19,2 02 7 3 0 2018 10 156,4 45,1 29 10 7 2 2018 11 120,7 31,1 01 11 7 2 2018 12 14,5 9,3 08 5 2 0 ------------------------------------------------ 662,0 49,2 giu 62 39 7 WIND SPEED (km/h) DOM YR MO AVG HI DATE DIR ----------------------------------- 2018 01 2018 02 2018 03 2018 04 2018 05 2018 06 1,7 32,4 11 183 2018 07 1,4 34,2 21 196 2018 08 1,2 65,2 25 122 2018 09 1,1 32,0 24 112 2018 10 1,2 35,3 29 106 2018 11 0,9 30,6 19 83 2018 12 0,9 26,3 13 175 ----------------------------------- 1,2 65,2 ago 123