MONTHLY CLIMATOLOGICAL SUMMARY for gen 2019 NAME: Loc.Campagnola (Sacile) ELEV: 31 meters LAT: 45-56.65 N LONG: 012-28.80 E TEMPERATURE (C), RAIN (mm), WIND SPEED (km/h) HEAT COOL AVG MEAN DEG DEG WIND DOM DAY TEMP HIGH TIME LOW TIME DAYS DAYS RAIN SPEED HIGH TIME DIR --------------------------------------------------------------------------------------- 01 1,8 8,6 12:34 -2,2 23:55 16,5 0,0 0,0 0,5 9,0 12:14 169 02 2,8 12,3 12:08 -4,6 07:28 15,5 0,0 0,0 2,8 29,9 11:10 334 03 0,6 7,6 14:01 -5,1 08:07 17,7 0,0 0,0 2,2 11,5 18:58 269 04 0,3 5,9 12:25 -4,4 08:20 18,1 0,0 0,0 2,6 18,7 14:49 229 05 -1,3 4,6 14:03 -5,1 06:16 19,6 0,0 0,0 0,6 7,2 14:48 131 06 0,3 9,6 14:35 -5,7 07:31 18,0 0,0 0,0 1,1 12,6 13:11 215 07 3,1 6,4 11:53 -2,1 00:07 15,2 0,0 0,0 0,6 9,4 12:19 74 08 2,8 5,9 14:33 -2,1 23:43 15,5 0,0 0,0 0,8 11,5 14:37 54 09 1,4 7,8 13:50 -2,7 05:50 16,9 0,0 0,0 1,0 8,3 05:07 107 10 1,6 9,4 14:45 -3,2 08:13 16,7 0,0 0,0 1,3 14,0 13:29 252 11 0,3 6,5 15:05 -4,8 07:27 18,1 0,0 0,0 1,0 9,7 14:20 225 12 1,1 5,9 13:37 -3,0 04:34 17,3 0,0 0,0 0,7 9,4 11:55 89 13 2,7 9,2 10:59 -3,1 07:50 15,7 0,0 0,0 1,0 14,0 13:16 234 14 5,3 10,9 14:50 -1,6 01:45 13,0 0,0 0,0 3,0 16,9 19:58 200 15 6,4 12,1 15:24 -0,7 23:07 12,0 0,0 0,0 3,3 18,0 11:14 241 16 3,3 10,5 14:12 -3,1 07:09 15,1 0,0 0,0 0,5 8,3 12:26 144 17 5,2 8,3 13:29 1,8 00:38 13,2 0,0 6,2 0,1 7,6 16:59 27 18 6,3 7,8 13:20 4,5 21:39 12,0 0,0 4,1 3,7 15,8 16:01 66 19 3,8 6,2 14:06 -0,6 23:59 14,5 0,0 0,0 3,5 16,6 08:13 79 20 0,6 7,2 15:29 -4,2 07:27 17,7 0,0 0,0 0,7 8,6 12:42 217 21 2,1 6,6 13:18 -2,8 00:35 16,3 0,0 0,0 0,7 9,7 11:30 55 22 2,4 8,5 14:38 -3,6 06:24 15,9 0,0 0,0 2,6 16,6 14:40 78 23 1,3 3,5 00:55 -0,1 07:36 17,0 0,0 3,6 1,8 14,4 01:50 72 24 2,9 10,8 15:33 -1,6 07:40 15,5 0,0 0,0 0,6 8,3 11:54 357 25 0,5 7,8 15:37 -4,8 07:43 17,8 0,0 0,0 1,2 9,7 14:06 221 26 -0,2 6,1 15:06 -4,6 03:43 18,6 0,0 0,0 0,4 5,8 15:12 131 27 1,1 4,8 15:01 -3,8 07:33 17,3 0,0 4,1 1,1 11,5 19:12 14 28 3,8 7,6 14:12 0,8 23:54 14,6 0,0 0,5 1,8 12,2 15:43 274 29 2,5 9,9 16:09 -2,3 05:37 15,8 0,0 0,0 1,0 10,4 12:46 121 30 2,5 6,4 14:15 -2,2 07:34 15,8 0,0 0,0 1,1 11,2 15:17 87 31 4,0 8,5 13:34 0,8 05:31 14,3 0,0 0,0 1,9 16,6 11:23 118 --------------------------------------------------------------------------------------- 2,3 12,3 02 -5,7 06 497,0 0,0 18,6 1,4 29,9 02 109