MONTHLY CLIMATOLOGICAL SUMMARY for feb 2019 NAME: Loc.Campagnola (Sacile) ELEV: 31 meters LAT: 45-56.65 N LONG: 012-28.80 E TEMPERATURE (C), RAIN (mm), WIND SPEED (km/h) HEAT COOL AVG MEAN DEG DEG WIND DOM DAY TEMP HIGH TIME LOW TIME DAYS DAYS RAIN SPEED HIGH TIME DIR --------------------------------------------------------------------------------------- 01 5,9 10,2 23:50 3,0 05:33 12,4 0,0 54,9 1,2 23,0 09:28 56 02 9,3 10,5 06:53 7,0 23:28 9,0 0,0 29,0 2,7 17,3 19:35 70 03 8,0 10,5 14:42 5,6 23:58 10,4 0,0 18,6 1,9 13,7 10:59 71 04 6,1 12,0 15:01 0,7 23:59 12,2 0,0 0,0 1,9 12,2 01:02 101 05 4,6 13,6 15:25 -1,9 07:27 13,7 0,0 0,0 0,9 11,2 13:09 219 06 4,3 12,9 14:55 -2,1 07:11 14,1 0,0 0,0 0,7 8,3 13:46 175 07 4,5 12,5 14:26 -2,1 07:09 13,8 0,0 0,0 1,5 13,0 14:09 239 08 7,5 14,6 14:19 1,8 07:27 10,8 0,0 0,0 2,2 18,7 12:57 100 09 5,7 11,4 13:48 -0,3 08:01 12,6 0,0 0,0 1,3 13,3 13:58 110 10 6,2 8,9 13:02 3,3 04:54 12,1 0,0 5,7 0,2 9,4 18:30 37 11 6,3 11,2 14:43 0,8 22:57 12,0 0,0 0,0 3,1 24,1 11:32 246 12 4,0 11,7 14:33 -2,2 06:55 14,4 0,0 0,5 1,8 15,8 15:13 105 13 4,8 12,5 14:47 -0,9 07:14 13,5 0,0 0,0 1,5 13,3 15:34 192 14 4,2 12,4 15:39 -1,1 03:55 14,2 0,0 0,0 0,5 8,3 13:15 235 15 6,0 15,8 16:02 -1,2 06:52 12,4 0,0 0,0 1,2 13,0 13:58 176 16 6,3 15,9 15:14 -0,9 07:04 12,0 0,0 0,0 0,5 7,6 12:17 201 17 6,6 17,1 15:21 -1,2 07:10 11,8 0,0 0,0 0,7 10,4 12:08 188 18 6,1 15,6 15:22 -1,1 06:50 12,2 0,0 0,0 0,6 7,6 12:52 175 19 3,7 8,7 14:33 -2,4 06:26 14,6 0,0 0,0 1,2 10,4 12:30 117 20 6,8 11,1 15:30 1,3 23:55 11,5 0,0 0,0 0,6 10,1 13:26 279 21 6,6 15,8 14:47 -0,8 07:15 11,7 0,0 0,0 0,9 10,8 14:02 198 22 6,4 17,3 15:57 -0,1 04:19 11,9 0,0 0,0 1,8 13,7 14:49 213 23 5,8 9,9 15:07 1,8 22:41 12,5 0,0 0,0 5,5 24,5 13:48 231 24 3,3 9,4 15:53 -1,9 02:38 15,1 0,0 0,0 1,9 10,4 13:46 229 25 7,0 17,3 16:03 -1,4 04:38 11,3 0,0 0,0 1,5 13,7 11:59 222 26 8,6 16,8 14:53 2,1 07:19 9,7 0,0 0,0 1,1 11,2 14:55 169 27 11,5 22,9 14:55 2,5 07:07 6,8 0,0 0,0 3,7 20,5 13:07 227 28 8,8 17,1 14:32 1,1 05:25 9,5 0,0 0,0 1,6 17,3 12:38 112 --------------------------------------------------------------------------------------- 6,2 22,9 27 -2,4 19 338,4 0,0 108,8 1,6 24,5 23 178