MONTHLY CLIMATOLOGICAL SUMMARY for apr 2019 NAME: Loc.Campagnola (Sacile) ELEV: 31 meters LAT: 45-56.65 N LONG: 012-28.80 E TEMPERATURE (C), RAIN (mm), WIND SPEED (km/h) HEAT COOL AVG MEAN DEG DEG WIND DOM DAY TEMP HIGH TIME LOW TIME DAYS DAYS RAIN SPEED HIGH TIME DIR --------------------------------------------------------------------------------------- 01 16,4 23,8 16:01 6,6 02:21 1,9 0,0 0,0 4,2 24,1 11:38 94 02 16,4 22,4 15:04 9,1 07:02 2,0 0,0 0,0 2,3 14,4 12:02 135 03 13,3 17,2 12:50 11,1 23:50 5,1 0,0 5,7 2,9 23,4 02:03 81 04 12,2 13,3 16:52 10,9 00:18 6,1 0,0 44,0 4,9 24,5 19:52 75 05 11,4 14,1 13:34 9,8 23:50 7,0 0,0 35,2 2,7 20,5 00:09 103 06 11,7 15,4 17:39 9,4 05:24 6,7 0,0 0,0 0,4 6,1 11:43 42 07 11,6 15,9 13:20 6,1 07:11 6,7 0,0 0,0 1,3 11,9 14:50 232 08 11,9 15,5 14:51 8,2 06:39 6,5 0,0 0,5 1,3 11,5 16:34 248 09 13,3 19,9 15:50 9,1 03:30 5,1 0,0 0,5 2,3 20,9 14:50 246 10 14,3 19,1 16:01 10,8 03:58 4,0 0,0 7,2 3,2 23,0 12:54 99 11 12,7 15,4 15:22 11,4 05:37 5,7 0,0 15,5 2,7 19,1 15:31 102 12 12,0 15,1 10:57 9,8 22:35 6,4 0,0 0,0 2,1 19,4 12:40 165 13 11,2 14,8 15:28 8,9 06:45 7,1 0,0 1,6 1,0 9,7 11:22 192 14 11,3 15,3 17:51 8,9 06:24 7,0 0,0 0,5 4,5 24,5 14:05 72 15 13,0 19,9 14:42 6,1 04:17 5,3 0,0 0,0 2,5 20,2 15:59 269 16 13,9 19,7 16:33 6,8 06:46 4,5 0,0 0,0 1,9 15,5 15:35 205 17 14,2 21,9 16:11 5,8 06:15 4,1 0,0 0,0 2,3 16,9 22:39 224 18 16,0 21,7 16:25 7,4 06:17 2,4 0,0 0,0 2,0 13,3 15:31 106 19 16,8 22,6 15:37 8,6 06:35 1,6 0,0 0,0 3,0 17,3 14:35 155 20 17,0 24,9 15:32 7,8 05:56 1,3 0,0 0,0 2,2 14,0 13:59 204 21 16,2 23,8 15:00 9,0 06:13 2,1 0,0 0,0 1,5 15,1 15:44 165 22 14,1 20,6 13:26 5,0 06:20 4,3 0,0 0,0 2,3 19,1 15:48 135 23 12,9 15,6 00:00 11,9 12:04 5,5 0,0 57,0 4,5 21,2 11:58 58 24 N/A N/A N/A N/A N/A 0,0 0,0 24,9 1,0 9,7 15:12 97 25 N/A N/A N/A N/A N/A 0,0 0,0 0,5 2,9 18,0 15:25 100 26 15,0 18,6 11:33 9,6 23:55 3,4 0,0 13,5 4,7 25,9 20:50 84 27 13,8 21,8 12:08 6,4 06:20 4,5 0,0 0,0 N/A N/A N/A N/A 28 10,1 12,4 03:32 7,8 16:35 8,2 0,0 48,7 N/A N/A N/A N/A 29 10,6 16,1 16:32 7,6 07:10 7,7 0,0 17,6 N/A N/A N/A N/A 30 12,0 18,6 16:23 6,6 03:45 6,3 0,0 0,0 0,0 0,0 20:32 N/A --------------------------------------------------------------------------------------- 13,4 24,9 20 5,0 22 138,3 0,0 273,0 2,5 25,9 26 107