MONTHLY CLIMATOLOGICAL SUMMARY for mag 2019 NAME: Loc.Campagnola (Sacile) ELEV: 31 meters LAT: 45-56.65 N LONG: 012-28.80 E TEMPERATURE (C), RAIN (mm), WIND SPEED (km/h) HEAT COOL AVG MEAN DEG DEG WIND DOM DAY TEMP HIGH TIME LOW TIME DAYS DAYS RAIN SPEED HIGH TIME DIR --------------------------------------------------------------------------------------- 01 15,0 22,8 15:41 7,4 05:13 3,3 0,0 0,0 1,8 20,9 16:40 188 02 16,3 22,6 15:53 9,2 06:15 2,1 0,0 0,0 2,1 17,3 11:31 134 03 13,8 16,8 13:03 11,9 02:52 4,6 0,0 3,6 2,0 19,4 12:52 83 04 12,9 16,5 10:49 11,5 15:00 5,4 0,0 22,8 1,2 16,6 10:40 85 05 10,2 12,7 15:01 8,1 09:30 8,1 0,0 32,6 5,5 31,7 08:23 64 06 12,2 17,6 14:53 7,0 07:53 6,1 0,0 0,0 2,5 20,9 16:56 235 07 11,5 15,1 16:26 7,7 04:31 6,8 0,0 0,0 0,8 8,6 14:45 138 08 12,4 16,4 14:28 10,6 05:50 5,9 0,0 3,1 0,7 9,7 11:18 97 09 13,0 17,3 17:33 10,4 04:32 5,3 0,0 10,9 0,6 13,0 14:27 94 10 16,0 21,0 14:20 12,3 04:00 2,3 0,0 0,0 1,3 14,8 14:22 160 11 16,3 19,3 12:02 13,3 23:58 2,0 0,0 11,9 2,3 13,0 19:47 89 12 12,8 14,6 23:59 11,2 08:00 5,6 0,0 17,6 2,8 20,9 03:14 60 13 15,6 19,0 16:46 13,4 06:03 2,7 0,0 1,6 0,7 8,3 09:27 275 14 13,0 16,9 11:50 9,1 22:58 5,4 0,0 0,5 4,8 25,2 16:32 262 15 11,5 15,3 18:40 9,3 00:00 6,9 0,0 0,5 1,8 18,4 02:00 267 16 14,4 19,5 17:03 7,6 05:31 3,9 0,0 0,0 1,0 10,8 12:44 136 17 15,5 19,9 13:48 10,7 23:22 2,8 0,0 0,0 2,1 16,6 18:09 107 18 13,5 16,9 16:00 10,4 00:32 4,8 0,0 31,1 2,2 19,1 11:41 80 19 14,5 16,8 16:34 13,0 00:15 3,9 0,0 14,5 2,0 18,4 18:19 81 20 14,3 17,5 11:01 12,7 04:25 4,0 0,0 14,5 0,4 8,6 11:12 186 21 13,2 17,1 13:53 21,4 17:53 5,1 0,0 2,1 1,5 16,6 13:53 81 22 17,0 22,0 15:18 21,4 08:52 1,3 0,0 0,0 0,7 10,4 18:52 98 23 18,7 24,3 16:47 12,8 04:56 0,0 0,4 0,0 0,8 14,4 17:26 228 24 20,2 26,3 15:16 14,9 06:32 0,0 1,8 0,5 1,1 15,8 15:04 254 25 19,7 24,8 15:30 16,2 05:25 0,0 1,4 0,0 0,7 9,4 11:07 221 26 20,1 25,3 14:02 14,5 05:52 0,0 1,7 0,0 2,1 14,8 16:45 137 27 15,8 18,4 00:02 14,7 21:54 2,6 0,0 27,5 0,5 11,9 17:48 90 28 16,6 20,4 14:13 14,8 00:03 1,8 0,0 33,7 0,8 14,8 14:50 317 29 15,7 18,5 18:13 12,8 07:47 2,7 0,0 7,2 1,7 23,0 03:11 75 30 15,9 19,2 12:34 13,3 04:42 2,4 0,0 0,0 0,8 13,3 15:12 171 31 18,4 25,6 16:11 9,9 05:14 0,0 0,1 0,0 1,7 15,5 14:40 245 --------------------------------------------------------------------------------------- 15,0 26,3 24 7,0 06 107,9 5,4 236,2 1,6 31,7 05 107