MONTHLY CLIMATOLOGICAL SUMMARY for lug 2019 NAME: Loc.Campagnola (Sacile) ELEV: 31 meters LAT: 45-56.65 N LONG: 012-28.80 E TEMPERATURE (C), RAIN (mm), WIND SPEED (km/h) HEAT COOL AVG MEAN DEG DEG WIND DOM DAY TEMP HIGH TIME LOW TIME DAYS DAYS RAIN SPEED HIGH TIME DIR --------------------------------------------------------------------------------------- 01 27,5 33,9 14:31 20,7 05:10 0,0 9,2 0,0 1,3 12,6 15:52 162 02 27,2 34,4 15:33 21,6 23:33 0,0 8,8 0,5 1,9 16,6 19:44 106 03 24,3 33,0 13:56 19,4 00:00 0,0 6,0 2,1 3,5 42,8 16:37 100 04 23,9 30,9 13:45 21,8 15:39 0,0 5,6 0,0 2,6 19,1 14:26 97 05 25,8 35,3 17:33 21,8 17:48 0,0 7,4 0,0 1,1 12,2 13:04 206 06 25,9 33,4 15:05 18,6 20:44 0,0 7,6 48,7 1,7 30,2 20:35 129 07 22,4 27,9 12:37 18,9 05:26 0,0 4,1 5,7 0,7 12,6 15:52 265 08 23,2 30,9 16:34 17,1 19:33 0,0 4,8 27,5 1,6 30,6 19:20 102 09 22,1 27,9 16:05 17,4 04:55 0,0 3,8 0,0 2,4 19,1 11:17 93 10 23,3 28,2 17:04 18,8 23:57 0,0 5,0 0,0 3,8 20,2 10:34 96 11 20,8 25,3 15:33 17,4 02:35 0,0 2,5 2,1 0,7 8,3 11:51 144 12 21,0 28,4 15:45 14,9 05:46 0,0 2,6 1,6 0,9 24,5 17:47 238 13 20,8 27,4 14:19 16,4 23:55 0,0 2,5 5,7 1,9 15,5 17:36 134 14 21,1 28,8 16:37 13,8 05:18 0,0 2,8 0,0 1,2 18,4 18:22 138 15 21,5 26,8 16:17 17,5 00:00 0,0 3,1 0,0 2,6 22,0 11:28 93 16 22,8 29,3 15:42 14,1 05:47 0,0 4,5 0,0 1,8 16,6 18:20 251 17 23,2 30,9 17:09 15,4 05:07 0,0 4,9 0,0 1,6 18,4 18:13 193 18 23,5 28,3 16:57 18,6 05:30 0,0 5,2 0,0 1,5 14,0 15:21 250 19 23,9 30,7 15:07 16,4 05:33 0,0 5,6 0,0 0,7 10,8 15:03 158 20 24,8 30,9 14:15 17,9 05:17 0,0 6,5 0,0 1,1 14,0 16:55 184 21 25,6 31,2 16:50 19,3 05:03 0,0 7,2 0,0 1,0 9,4 11:03 110 22 26,8 33,6 16:51 19,5 05:33 0,0 8,4 0,0 0,8 9,7 12:15 167 23 27,5 33,9 15:53 19,7 05:48 0,0 9,2 0,0 0,7 8,6 15:31 169 24 28,2 35,1 16:01 21,9 06:09 0,0 9,9 0,0 1,2 18,4 14:07 189 25 28,4 35,8 16:30 21,6 05:34 0,0 10,1 0,0 0,6 8,6 12:57 182 26 26,8 33,9 14:46 19,8 19:26 0,0 8,5 11,4 2,8 35,3 19:32 99 27 23,6 28,8 11:50 19,6 05:30 0,0 5,2 1,0 0,7 14,8 15:02 113 28 21,1 23,6 18:36 18,9 04:41 0,0 2,7 2,1 2,0 19,1 00:00 89 29 24,8 30,6 18:15 20,1 06:02 0,0 6,5 0,0 0,0 5,0 02:21 51 30 26,2 31,8 15:39 20,2 05:46 0,0 7,9 0,0 0,7 13,0 17:18 172 31 26,1 31,4 11:23 20,3 06:07 0,0 7,8 0,0 0,6 18,0 18:23 265 --------------------------------------------------------------------------------------- 24,3 35,8 25 13,8 14 0,0 185,9 108,3 1,5 42,8 03 125