MONTHLY CLIMATOLOGICAL SUMMARY for ago 2019 NAME: Loc.Campagnola (Sacile) ELEV: 31 meters LAT: 45-56.65 N LONG: 012-28.80 E TEMPERATURE (C), RAIN (mm), WIND SPEED (km/h) HEAT COOL AVG MEAN DEG DEG WIND DOM DAY TEMP HIGH TIME LOW TIME DAYS DAYS RAIN SPEED HIGH TIME DIR --------------------------------------------------------------------------------------- 01 26,4 32,3 17:23 21,2 03:20 0,0 8,1 0,0 0,6 14,4 12:48 135 02 22,1 25,6 16:00 18,9 09:07 0,0 3,8 18,1 2,5 25,6 11:35 75 03 23,5 29,8 15:53 15,9 06:11 0,0 5,1 0,0 1,3 13,7 13:28 244 04 23,6 29,5 16:05 17,4 06:15 0,0 5,2 0,0 1,3 15,1 00:17 130 05 24,4 30,1 15:41 19,8 05:48 0,0 6,0 0,0 0,1 6,1 15:30 221 06 24,6 30,4 15:23 18,9 23:42 0,0 6,3 5,2 0,7 16,6 20:59 67 07 23,3 29,2 15:28 18,4 06:01 0,0 4,9 3,6 1,3 13,7 04:57 127 08 24,6 31,9 16:15 19,8 06:09 0,0 6,3 0,0 0,9 25,2 19:47 95 09 25,5 31,4 16:43 19,1 06:22 0,0 7,2 0,0 0,8 10,8 15:49 195 10 26,4 31,8 14:12 21,2 06:29 0,0 8,1 0,0 0,9 9,4 08:23 137 11 27,4 32,4 16:22 21,9 06:11 0,0 9,0 0,0 1,9 18,0 12:09 89 12 26,4 32,4 14:25 20,9 05:39 0,0 8,0 0,5 0,9 21,6 20:19 283 13 25,4 32,0 15:37 18,6 06:03 0,0 7,1 0,0 1,7 15,8 20:09 94 14 23,1 27,6 15:32 17,9 06:39 0,0 4,8 1,0 2,1 15,5 14:08 106 15 22,6 28,1 16:44 16,9 06:38 0,0 4,2 0,0 1,2 15,8 09:48 133 16 21,3 28,6 17:00 14,6 06:25 0,0 3,0 0,0 1,5 19,4 00:43 239 17 21,9 28,8 14:27 15,2 06:14 0,0 3,6 0,0 0,4 11,2 13:55 215 18 23,2 29,9 15:45 16,9 06:09 0,0 4,9 0,0 0,9 10,1 15:20 154 19 24,6 31,2 16:49 19,5 06:02 0,0 6,3 0,0 0,6 8,6 14:32 164 20 25,8 33,6 17:20 19,3 06:18 0,0 7,5 0,0 0,7 14,4 13:12 134 21 23,3 32,4 15:54 18,5 04:55 0,0 5,0 2,1 1,6 26,6 17:24 80 22 23,2 28,9 16:12 18,2 06:36 0,0 4,8 0,0 1,2 14,8 12:47 90 23 24,2 28,6 10:25 20,4 23:39 0,0 5,9 0,0 2,1 16,9 14:20 83 24 23,8 31,8 16:43 19,3 06:34 0,0 5,5 0,0 2,5 26,6 17:19 92 25 24,2 31,3 17:55 17,6 06:21 0,0 5,9 0,0 0,8 9,0 14:14 285 26 24,9 31,3 14:29 17,8 06:45 0,0 6,6 0,0 1,9 20,2 12:03 92 27 25,0 31,9 17:00 18,1 06:07 0,0 6,7 0,0 1,0 11,9 11:51 114 28 24,9 32,3 16:50 19,2 07:10 0,0 6,6 0,0 0,6 10,1 13:04 110 29 25,4 31,9 16:27 19,8 02:48 0,0 7,1 0,0 0,5 8,6 14:44 159 30 25,6 32,4 16:41 20,3 03:50 0,0 7,3 0,0 2,6 22,3 12:28 91 31 25,4 33,1 14:25 19,6 04:25 0,0 7,1 0,0 1,5 19,1 11:16 90 --------------------------------------------------------------------------------------- 24,4 33,6 20 14,6 16 0,0 187,8 30,6 1,2 26,6 21 102