MONTHLY CLIMATOLOGICAL SUMMARY for set 2019 NAME: Loc.Campagnola (Sacile) ELEV: 31 meters LAT: 45-56.65 N LONG: 012-28.80 E TEMPERATURE (C), RAIN (mm), WIND SPEED (km/h) HEAT COOL AVG MEAN DEG DEG WIND DOM DAY TEMP HIGH TIME LOW TIME DAYS DAYS RAIN SPEED HIGH TIME DIR --------------------------------------------------------------------------------------- 01 24,7 32,7 16:18 17,8 06:45 0,0 6,4 0,0 0,4 7,2 14:03 201 02 22,8 28,2 16:58 17,9 06:20 0,0 4,5 0,0 1,3 22,0 17:57 84 03 22,0 27,5 16:12 15,3 06:46 0,0 3,7 0,0 1,8 13,7 02:04 106 04 20,2 27,4 17:17 13,6 04:35 0,0 1,9 0,0 0,7 8,6 10:36 139 05 21,5 29,3 16:09 12,4 06:10 0,0 3,1 0,0 1,2 10,8 14:18 111 06 18,9 22,9 03:07 16,3 20:17 0,0 0,6 0,0 4,1 21,2 22:58 80 07 18,3 25,3 13:53 12,3 06:47 0,1 0,0 0,0 1,5 18,7 18:01 108 08 16,0 18,7 09:28 13,4 23:18 2,3 0,0 22,3 3,6 30,6 23:09 72 09 15,8 23,1 16:55 10,2 05:01 2,5 0,0 0,0 1,1 14,4 00:03 132 10 18,4 25,6 13:59 12,9 06:53 0,0 0,1 0,0 1,2 15,1 14:52 96 11 18,7 27,5 16:21 10,3 06:22 0,0 0,4 0,0 0,9 20,2 13:11 121 12 20,5 29,4 16:18 12,2 06:46 0,0 2,1 0,0 0,9 9,7 13:52 227 13 20,7 29,3 15:00 12,8 06:43 0,0 2,4 0,0 1,1 10,4 15:49 210 14 21,4 29,6 16:52 13,8 06:40 0,0 3,0 0,0 0,8 12,6 12:03 138 15 22,3 29,2 14:26 15,4 05:20 0,0 4,0 0,0 0,8 9,7 13:41 200 16 22,0 29,6 14:55 15,4 07:01 0,0 3,6 0,0 1,2 15,1 16:01 185 17 22,5 28,2 15:18 18,3 07:16 0,0 4,2 0,0 0,5 7,2 16:13 128 18 20,8 25,9 11:54 17,1 23:00 0,0 2,5 0,0 3,7 24,5 13:17 79 19 19,1 24,4 15:50 14,5 22:22 0,0 0,8 0,0 3,9 20,9 10:44 87 20 15,9 21,5 16:19 9,9 23:12 2,4 0,0 0,0 2,1 12,6 12:34 81 21 14,9 24,2 14:59 7,0 06:48 3,4 0,0 0,0 0,9 11,9 14:05 123 22 13,6 18,3 14:55 9,1 02:41 4,7 0,0 0,0 0,3 5,0 11:52 145 23 14,1 16,5 12:30 10,6 01:25 4,2 0,0 10,4 1,0 13,0 16:02 259 24 17,8 25,0 15:22 11,9 07:07 0,6 0,0 0,0 2,3 22,0 14:52 252 25 15,8 20,4 14:21 11,4 03:43 2,6 0,0 1,6 1,0 13,0 15:28 74 26 16,6 25,0 16:02 9,3 06:47 1,8 0,0 0,5 1,2 14,8 15:45 223 27 16,6 22,2 13:34 11,6 04:52 1,7 0,0 0,0 0,1 5,0 13:21 79 28 19,5 25,0 15:54 15,8 01:53 0,0 1,2 0,0 0,3 7,2 11:55 107 29 20,3 26,8 14:39 15,9 04:33 0,0 2,0 0,0 1,2 10,8 13:37 141 30 20,0 25,9 16:04 16,3 04:02 0,0 1,7 0,0 1,3 15,8 13:21 83 --------------------------------------------------------------------------------------- 19,1 32,7 01 7,0 21 26,3 48,0 34,7 1,4 30,6 08 101