MONTHLY CLIMATOLOGICAL SUMMARY for ott 2019 NAME: Loc.Campagnola (Sacile) ELEV: 31 meters LAT: 45-56.65 N LONG: 012-28.80 E TEMPERATURE (C), RAIN (mm), WIND SPEED (km/h) HEAT COOL AVG MEAN DEG DEG WIND DOM DAY TEMP HIGH TIME LOW TIME DAYS DAYS RAIN SPEED HIGH TIME DIR --------------------------------------------------------------------------------------- 01 20,3 24,5 14:21 17,8 01:12 0,0 2,0 3,1 0,7 8,6 11:06 100 02 17,7 21,2 15:48 13,0 23:30 0,6 0,0 5,2 1,2 13,0 12:44 320 03 14,4 20,9 15:48 8,4 23:58 4,0 0,0 1,6 1,4 12,6 04:33 235 04 11,2 17,6 14:56 5,8 06:03 7,1 0,0 0,0 0,5 9,4 15:24 283 05 14,5 21,6 15:13 7,7 07:34 3,9 0,0 0,0 0,6 10,1 16:02 200 06 12,9 17,8 14:02 7,5 07:00 5,4 0,0 0,0 0,7 11,5 11:37 74 07 14,9 21,3 15:38 11,1 23:57 3,4 0,0 0,0 1,8 16,9 12:10 95 08 13,2 19,6 14:48 8,9 22:46 5,1 0,0 0,0 0,8 19,1 14:50 270 09 13,7 16,7 14:44 10,5 00:05 4,7 0,0 5,2 0,2 5,4 22:35 52 10 15,0 21,1 14:16 10,9 06:50 3,4 0,0 0,0 0,7 9,7 13:10 150 11 15,8 24,1 15:52 8,8 07:22 2,6 0,0 0,0 0,7 11,9 11:50 106 12 13,5 21,9 15:35 6,8 07:17 4,9 0,0 0,0 0,6 9,0 14:15 116 13 14,6 21,2 15:20 8,8 07:13 3,7 0,0 0,0 0,4 7,6 13:25 153 14 16,8 20,9 14:41 14,9 01:59 1,5 0,0 0,0 0,5 9,0 12:30 101 15 16,3 17,9 15:00 14,8 04:00 2,0 0,0 12,9 1,2 12,6 22:36 62 16 16,9 23,8 15:11 12,7 23:41 1,4 0,0 0,5 1,1 12,6 12:07 127 17 15,6 22,3 15:07 10,2 07:41 2,7 0,0 0,0 0,7 10,1 13:18 205 18 16,1 20,9 14:53 12,4 00:04 2,2 0,0 0,0 0,6 8,6 12:00 95 19 17,0 21,1 13:06 13,8 01:14 1,3 0,0 0,0 0,2 11,2 12:42 75 20 18,0 24,6 14:37 13,9 06:57 0,3 0,0 0,0 0,8 10,4 14:18 130 21 17,4 19,9 16:18 13,1 23:58 0,9 0,0 0,0 0,8 10,8 11:40 67 22 16,7 25,4 15:45 10,5 07:50 1,6 0,0 0,0 0,2 6,8 14:59 122 23 16,4 26,6 15:52 9,9 07:39 1,9 0,0 0,0 0,3 8,3 13:52 216 24 15,7 21,5 14:25 10,8 03:22 2,6 0,0 0,0 1,0 14,0 16:09 94 25 16,0 24,9 14:59 10,1 23:31 2,3 0,0 0,0 0,1 5,0 14:29 105 26 14,7 25,6 15:05 7,3 06:45 3,7 0,0 0,0 0,7 9,4 12:58 213 27 13,5 22,4 13:58 6,9 06:41 4,8 0,0 0,0 1,0 10,4 13:30 100 28 13,9 18,5 14:02 10,6 06:49 4,4 0,0 0,0 0,1 6,8 12:26 233 29 14,2 15,4 10:20 12,9 23:11 4,2 0,0 4,1 1,5 14,8 12:26 78 30 13,2 41,8 23:27 11,3 21:32 5,2 0,0 0,0 3,1 15,5 14:26 77 31 3,0 44,9 00:27 -29,6 00:47 15,4 0,0 0,0 3,0 16,6 11:34 80 --------------------------------------------------------------------------------------- 14,9 44,9 31 -29,6 31 107,2 2,0 32,6 0,9 19,1 08 95