MONTHLY CLIMATOLOGICAL SUMMARY for nov 2019 NAME: Loc.Campagnola (Sacile) ELEV: 31 meters LAT: 45-56.65 N LONG: 012-28.80 E TEMPERATURE (C), RAIN (mm), WIND SPEED (km/h) HEAT COOL AVG MEAN DEG DEG WIND DOM DAY TEMP HIGH TIME LOW TIME DAYS DAYS RAIN SPEED HIGH TIME DIR --------------------------------------------------------------------------------------- 01 8,8 15,4 13:31 1,8 05:54 9,5 0,0 0,0 0,6 7,6 09:50 124 02 9,8 10,7 00:00 9,2 00:00 8,5 0,0 0,0 0,0 3,6 03:00 234 03 13,1 16,1 16:15 10,7 00:00 5,2 0,0 0,0 0,5 18,4 16:45 138 04 12,4 14,8 14:15 10,5 18:47 5,9 0,0 0,0 0,9 8,3 10:34 114 05 13,3 17,5 14:28 9,6 23:56 5,0 0,0 0,0 0,7 10,4 14:09 223 06 10,2 13,9 13:38 6,1 23:51 8,1 0,0 0,0 0,7 10,1 14:43 10 07 10,2 16,6 13:31 5,6 07:06 8,2 0,0 0,0 0,8 10,8 13:44 202 08 9,9 11,1 01:35 8,9 17:10 8,4 0,0 0,0 3,0 18,0 12:47 51 09 8,6 16,3 11:46 3,4 23:30 9,8 0,0 1,5 0,9 9,0 04:30 6 10 7,0 16,6 14:55 1,6 07:02 11,4 0,0 0,0 0,2 9,7 20:27 97 11 7,5 11,4 12:47 2,8 01:06 10,8 0,0 2,1 0,3 11,9 14:12 86 12 11,3 13,3 15:30 9,8 05:27 7,0 0,0 33,7 6,2 43,2 22:59 58 13 9,8 11,6 00:00 5,5 23:55 8,6 0,0 15,0 1,9 20,2 00:19 35 14 8,5 14,9 11:49 2,5 06:43 9,8 0,0 0,0 1,1 14,8 14:32 89 15 11,7 14,1 13:35 8,3 00:15 6,7 0,0 46,6 2,5 16,9 19:37 48 16 11,1 14,6 11:04 9,2 08:23 7,3 0,0 2,1 1,3 18,4 22:54 69 17 12,4 14,2 13:22 9,3 23:56 5,9 0,0 43,0 4,3 23,4 01:22 49 18 8,6 13,2 13:50 3,6 07:09 9,8 0,0 3,1 0,9 10,8 00:56 85 19 10,4 11,6 07:14 8,1 01:20 7,9 0,0 9,3 1,9 18,7 10:13 62 20 11,2 15,5 12:59 8,1 08:20 7,2 0,0 0,0 0,5 8,6 11:27 233 21 10,8 12,9 11:45 8,6 20:05 7,5 0,0 0,0 0,6 8,6 12:22 93 22 10,5 14,1 11:57 7,6 03:42 7,9 0,0 0,5 0,2 5,0 08:44 74 23 11,6 13,1 21:14 8,8 00:59 6,8 0,0 28,0 2,9 14,8 07:57 52 24 13,4 14,9 13:17 11,4 23:51 4,9 0,0 13,0 4,0 31,3 01:32 48 25 12,3 21,9 14:22 6,8 23:15 6,0 0,0 0,0 0,0 4,3 20:58 103 26 8,8 15,3 11:43 4,1 06:09 9,6 0,0 0,0 0,3 7,6 13:37 98 27 9,5 10,8 20:51 7,8 00:00 8,8 0,0 12,4 0,5 7,6 15:43 32 28 9,3 11,1 13:42 6,9 02:23 9,0 0,0 0,0 0,2 5,4 15:01 227 29 9,0 12,0 12:28 4,2 23:59 9,3 0,0 0,0 0,3 6,1 23:27 94 30 7,2 13,8 12:50 1,0 07:39 11,1 0,0 0,0 1,6 16,2 13:11 88 --------------------------------------------------------------------------------------- 10,3 21,9 25 1,0 30 241,8 0,0 210,3 1,3 43,2 12 60