MONTHLY CLIMATOLOGICAL SUMMARY for dic 2019 NAME: Loc.Campagnola (Sacile) ELEV: 31 meters LAT: 45-56.65 N LONG: 012-28.80 E TEMPERATURE (C), RAIN (mm), WIND SPEED (km/h) HEAT COOL AVG MEAN DEG DEG WIND DOM DAY TEMP HIGH TIME LOW TIME DAYS DAYS RAIN SPEED HIGH TIME DIR --------------------------------------------------------------------------------------- 01 7,4 9,7 12:54 4,3 04:17 10,9 0,0 4,1 0,5 8,6 18:09 64 02 9,8 13,3 13:33 7,5 23:58 8,6 0,0 10,4 2,1 27,4 16:45 68 03 4,8 10,3 12:53 0,3 22:12 13,5 0,0 0,0 1,2 11,9 10:38 77 04 2,8 9,9 15:16 -1,4 07:35 15,5 0,0 0,0 0,8 14,4 11:42 87 05 2,5 10,9 13:23 -2,5 07:23 15,9 0,0 0,0 0,2 7,2 11:27 104 06 3,7 11,0 14:14 -1,1 00:08 14,6 0,0 0,0 0,1 13,7 02:12 202 07 3,2 10,7 14:44 -1,6 05:15 15,1 0,0 0,0 0,5 11,5 15:37 72 08 5,2 12,4 14:07 0,4 00:00 13,1 0,0 0,0 0,2 6,8 06:03 157 09 5,4 10,1 15:22 0,6 22:58 12,9 0,0 0,0 0,3 6,8 13:32 280 10 3,7 13,3 15:10 -1,5 23:51 14,6 0,0 0,0 0,4 8,3 10:49 153 11 1,0 10,4 13:53 -4,4 07:29 17,4 0,0 0,0 0,1 6,1 14:23 226 12 0,8 4,8 12:22 -4,2 04:52 17,5 0,0 3,1 0,6 11,2 13:20 239 13 3,2 6,8 19:25 0,5 02:28 15,1 0,0 12,8 3,3 23,0 17:28 25 14 4,0 10,9 13:38 -0,6 07:54 14,3 0,0 0,0 2,0 16,6 00:40 173 15 6,2 14,4 12:41 -0,8 01:33 12,1 0,0 0,0 0,4 8,6 02:26 70 16 8,9 14,1 15:28 5,8 01:37 9,4 0,0 0,0 0,2 6,5 14:15 105 17 10,8 13,0 15:00 8,6 04:56 7,5 0,0 0,0 0,0 5,4 09:45 74 18 12,6 16,8 12:57 10,4 06:32 5,8 0,0 0,0 1,2 10,1 16:02 63 19 12,6 13,9 03:30 10,6 06:27 5,8 0,0 21,4 3,8 15,5 20:21 60 20 11,0 12,3 00:00 10,3 08:08 7,4 0,0 24,2 2,3 15,8 06:23 77 21 11,1 13,0 09:41 7,8 19:43 7,3 0,0 32,9 2,4 16,2 10:20 51 22 9,0 10,6 11:15 4,6 23:03 9,3 0,0 11,8 4,6 22,3 06:43 40 23 6,2 11,9 12:39 2,3 23:26 12,2 0,0 0,0 0,6 7,9 03:39 248 24 3,9 9,9 12:30 -0,4 07:40 14,4 0,0 0,7 0,6 9,4 10:06 273 25 3,9 11,8 15:27 -0,4 06:40 14,5 0,0 0,0 0,7 11,2 02:25 196 26 4,7 13,4 13:11 -0,9 06:20 13,6 0,0 0,7 0,4 7,2 12:03 90 27 5,8 12,1 13:49 0,1 07:54 12,5 0,0 0,0 0,3 7,6 14:00 96 28 3,4 10,7 12:56 -0,4 23:10 14,9 0,0 0,0 0,8 14,8 13:30 189 29 0,5 6,7 14:37 -3,1 07:18 17,9 0,0 0,0 0,2 6,5 04:18 106 30 0,1 8,1 15:04 -4,8 07:04 18,2 0,0 0,0 0,0 7,2 14:06 240 31 1,6 9,6 14:55 -3,1 03:19 16,7 0,0 0,0 0,0 3,6 11:55 173 --------------------------------------------------------------------------------------- 5,5 16,8 18 -4,8 30 398,4 0,0 122,1 1,0 27,4 02 69