MONTHLY CLIMATOLOGICAL SUMMARY for gen 2020 NAME: Loc.Campagnola (Sacile) ELEV: 31 meters LAT: 45-56.65 N LONG: 012-28.80 E TEMPERATURE (C), RAIN (mm), WIND SPEED (km/h) HEAT COOL AVG MEAN DEG DEG WIND DOM DAY TEMP HIGH TIME LOW TIME DAYS DAYS RAIN SPEED HIGH TIME DIR --------------------------------------------------------------------------------------- 01 2,9 12,6 14:34 -2,6 06:51 15,4 0,0 0,0 0,5 9,7 13:38 93 02 2,8 13,4 14:32 -2,7 06:20 15,5 0,0 0,0 0,1 7,6 14:13 195 03 2,0 10,6 14:34 -2,5 05:24 16,4 0,0 0,0 0,0 2,2 17:49 145 04 2,3 10,0 13:42 -3,1 07:51 16,0 0,0 0,0 0,3 6,8 22:34 73 05 4,2 12,2 15:05 -0,7 02:34 14,1 0,0 0,0 1,2 10,1 12:06 193 06 1,6 8,8 13:31 -2,9 23:18 16,8 0,0 0,0 0,3 9,0 10:48 84 07 0,6 6,8 12:18 -4,5 06:59 17,7 0,0 0,0 0,1 5,0 12:53 239 08 3,5 12,3 13:51 -2,9 06:36 14,8 0,0 0,0 0,5 10,1 15:25 206 09 5,6 12,8 14:48 -1,1 23:52 12,7 0,0 0,0 0,3 5,8 13:14 151 10 2,5 9,9 14:26 -2,4 03:22 15,8 0,0 0,0 0,6 9,0 12:48 113 11 4,6 17,3 15:26 -2,7 07:50 13,8 0,0 0,0 0,3 6,1 13:49 229 12 2,8 11,3 14:30 -2,7 07:50 15,6 0,0 0,0 0,6 10,4 13:08 237 13 2,3 11,0 14:49 -3,0 02:12 16,0 0,0 0,0 0,6 9,4 11:07 126 14 1,4 9,6 14:11 -3,7 07:30 17,0 0,0 0,0 0,2 6,1 16:00 161 15 1,4 9,5 13:39 -3,8 07:39 17,0 0,0 0,0 0,2 5,8 12:49 169 16 2,9 12,9 15:00 -3,1 07:43 15,4 0,0 0,0 0,3 6,5 15:13 221 17 4,8 13,8 14:52 -1,6 06:47 13,5 0,0 0,0 0,5 6,8 12:00 180 18 5,4 8,2 13:19 1,9 02:25 13,0 0,0 3,3 0,6 7,6 14:06 276 19 5,5 11,6 12:57 0,3 23:55 12,8 0,0 1,3 0,4 6,5 13:42 243 20 3,7 11,3 13:39 -2,5 08:07 14,6 0,0 0,0 1,0 15,5 16:24 77 21 1,9 10,1 15:15 -3,7 07:49 16,4 0,0 0,0 0,9 10,1 12:11 225 22 1,7 9,1 14:40 -3,2 07:51 16,7 0,0 0,0 0,6 9,0 12:55 112 23 2,6 11,3 14:03 -3,7 04:53 15,8 0,0 0,0 1,7 17,6 12:12 74 24 1,9 9,9 14:20 -4,2 06:57 16,5 0,0 0,0 0,2 5,4 12:55 109 25 6,5 12,7 12:39 0,2 00:00 11,9 0,0 0,0 0,5 8,6 11:24 184 26 7,7 11,1 13:53 4,4 07:45 10,6 0,0 0,0 0,1 4,7 13:26 227 27 5,9 11,4 14:10 0,3 06:56 12,4 0,0 0,0 0,8 9,0 14:51 141 28 6,9 8,7 13:31 3,2 23:55 11,5 0,0 2,0 0,9 14,0 18:06 245 29 5,7 12,3 14:06 0,6 08:02 12,6 0,0 0,0 1,2 12,2 12:25 80 30 4,8 12,5 13:46 -1,1 08:27 13,5 0,0 0,7 1,5 13,7 16:41 131 31 4,9 12,4 13:50 -0,2 07:15 13,4 0,0 0,0 0,2 6,5 14:07 209 --------------------------------------------------------------------------------------- 3,6 17,3 11 -4,5 07 455,2 0,0 7,2 0,6 17,6 23 136