MONTHLY CLIMATOLOGICAL SUMMARY for feb 2020 NAME: Loc.Campagnola (Sacile) ELEV: 31 meters LAT: 45-56.65 N LONG: 012-28.80 E TEMPERATURE (C), RAIN (mm), WIND SPEED (km/h) HEAT COOL AVG MEAN DEG DEG WIND DOM DAY TEMP HIGH TIME LOW TIME DAYS DAYS RAIN SPEED HIGH TIME DIR --------------------------------------------------------------------------------------- 01 4,7 10,2 13:15 -0,7 06:02 13,6 0,0 0,0 0,2 4,7 11:49 173 02 5,3 10,6 13:55 -0,1 06:21 13,0 0,0 0,0 0,2 5,8 10:38 241 03 8,4 12,6 14:30 6,0 00:00 9,9 0,0 0,0 1,2 16,2 14:53 92 04 9,8 17,4 15:02 6,4 00:05 8,5 0,0 0,6 4,1 31,7 13:51 294 05 8,4 15,8 12:21 -0,1 23:56 9,9 0,0 0,0 3,8 21,2 12:34 2 06 3,6 13,2 13:58 -3,3 06:22 14,7 0,0 0,0 2,6 22,0 14:19 236 07 4,0 12,5 15:07 -2,7 07:30 14,3 0,0 0,0 1,6 14,0 13:27 93 08 3,8 12,6 13:50 -3,0 07:03 14,5 0,0 0,0 1,6 16,6 11:26 105 09 4,1 10,7 14:32 -2,7 07:35 14,3 0,0 0,0 0,6 7,6 13:23 128 10 6,2 7,3 20:01 5,4 00:00 12,1 0,0 0,0 0,6 7,2 19:57 77 11 7,1 14,6 14:28 1,2 07:57 11,2 0,0 0,0 1,0 10,8 13:11 169 12 6,1 15,0 14:50 -0,4 07:13 12,3 0,0 0,0 1,3 16,6 14:30 167 13 5,5 12,8 13:36 -1,1 06:53 12,8 0,0 0,0 1,5 15,5 12:38 105 14 7,7 15,3 14:59 2,1 07:23 10,6 0,0 3,3 2,0 13,7 15:48 204 15 7,3 15,1 13:18 0,1 06:57 11,1 0,0 0,0 1,2 11,5 16:07 203 16 6,7 14,2 14:58 0,9 04:16 11,6 0,0 0,0 0,4 6,8 12:46 117 17 7,5 8,6 11:25 5,6 01:15 10,8 0,0 0,0 0,5 7,6 13:36 102 18 9,9 15,8 14:06 4,6 06:57 8,4 0,0 0,0 2,1 19,1 12:29 85 19 8,9 15,4 14:54 3,2 22:48 9,4 0,0 1,3 2,6 19,1 12:38 85 20 6,4 13,4 14:13 -0,1 07:16 12,0 0,0 0,0 2,9 22,0 17:07 227 21 5,6 13,2 15:06 -1,3 07:02 12,7 0,0 0,0 1,0 11,2 13:21 111 22 7,4 15,3 14:29 0,9 06:57 10,9 0,0 0,0 1,0 9,7 16:48 179 23 6,9 12,8 12:45 2,2 07:03 11,4 0,0 0,0 1,9 19,8 11:35 86 24 10,4 15,3 14:15 4,4 07:17 7,9 0,0 0,0 3,4 23,0 11:38 68 25 10,5 12,9 14:15 9,1 03:49 7,8 0,0 0,0 1,5 13,3 14:55 174 26 8,5 11,1 13:45 4,5 22:36 9,9 0,0 2,0 2,8 25,6 12:45 121 27 7,4 12,5 14:27 1,2 07:10 10,9 0,0 0,0 3,9 21,6 14:48 232 28 8,0 16,1 12:13 0,6 23:50 10,4 0,0 0,0 3,2 18,7 15:10 148 29 6,8 13,0 12:59 0,2 03:29 11,5 0,0 0,0 1,7 16,9 12:11 67 --------------------------------------------------------------------------------------- 7,0 17,4 04 -3,3 06 328,6 0,0 7,2 1,8 31,7 04 126