MONTHLY CLIMATOLOGICAL SUMMARY for mar 2020 NAME: Loc.Campagnola (Sacile) ELEV: 31 meters LAT: 45-56.65 N LONG: 012-28.80 E TEMPERATURE (C), RAIN (mm), WIND SPEED (km/h) HEAT COOL AVG MEAN DEG DEG WIND DOM DAY TEMP HIGH TIME LOW TIME DAYS DAYS RAIN SPEED HIGH TIME DIR --------------------------------------------------------------------------------------- 01 7,9 8,9 13:38 6,5 08:02 10,4 0,0 25,7 1,7 14,8 21:43 348 02 7,9 10,1 23:24 5,9 06:51 10,5 0,0 71,0 6,8 26,3 15:15 57 03 9,8 12,4 16:20 7,0 23:34 8,6 0,0 2,6 4,4 22,7 12:19 62 04 8,2 12,9 13:45 2,4 23:48 10,1 0,0 0,0 1,7 15,5 16:52 158 05 6,5 11,5 14:18 0,9 03:48 11,9 0,0 3,3 1,2 11,2 13:25 185 06 7,7 11,9 13:24 3,9 02:57 10,7 0,0 20,4 5,9 29,9 09:16 343 07 9,7 15,3 13:31 5,1 07:12 8,6 0,0 0,7 2,1 18,0 20:43 210 08 7,4 13,8 14:51 -0,1 06:19 10,9 0,0 0,0 3,6 26,3 15:15 222 09 8,3 14,1 13:16 3,2 00:14 10,0 0,0 0,0 1,5 13,3 10:33 116 10 8,6 14,4 14:07 4,5 23:58 9,8 0,0 0,0 1,1 11,2 15:01 177 11 9,4 16,5 15:36 2,4 06:15 8,9 0,0 0,0 2,5 16,6 11:21 96 12 9,9 17,4 15:20 2,6 06:36 8,5 0,0 0,0 1,4 12,6 11:31 164 13 12,4 15,9 14:12 8,9 00:00 5,9 0,0 0,0 4,0 18,4 23:46 82 14 10,6 12,9 10:25 7,4 21:47 7,7 0,0 3,3 4,5 21,6 12:56 52 15 9,4 15,1 15:19 3,4 06:36 8,9 0,0 0,0 2,4 16,6 01:47 83 16 8,8 15,9 15:43 1,3 06:33 9,6 0,0 0,0 1,9 14,4 17:17 205 17 9,0 17,2 14:51 0,9 06:15 9,3 0,0 0,0 1,5 13,7 13:53 179 18 13,2 22,3 15:13 3,9 06:08 5,2 0,0 0,0 1,7 13,3 15:52 204 19 13,6 21,6 15:51 4,8 06:25 4,8 0,0 0,0 1,2 10,8 11:55 184 20 11,5 19,0 15:40 4,7 06:20 6,8 0,0 0,0 1,5 10,8 15:55 181 21 12,0 17,0 15:17 9,3 23:10 6,4 0,0 0,0 1,1 13,0 12:17 121 22 10,4 14,5 13:53 5,6 23:55 7,9 0,0 0,0 7,4 31,0 20:44 90 23 6,2 11,4 13:57 0,7 23:23 12,1 0,0 0,0 3,8 17,6 18:04 182 24 5,6 12,6 13:52 -2,7 06:05 12,7 0,0 0,0 2,9 18,4 12:35 160 25 5,3 10,4 13:16 -0,4 05:45 13,0 0,0 0,0 10,8 41,0 11:50 92 26 8,4 12,1 14:29 2,5 00:07 9,9 0,0 0,0 13,6 37,4 16:51 81 27 11,9 17,2 15:49 8,2 23:59 6,4 0,0 0,0 3,6 29,5 01:11 77 28 12,0 20,5 15:05 3,1 05:35 6,3 0,0 0,0 2,2 14,4 15:26 174 29 13,1 20,6 15:15 5,2 07:13 5,3 0,0 0,0 2,1 16,6 16:40 240 30 9,9 13,3 02:18 6,1 23:56 8,4 0,0 2,0 7,3 25,2 06:33 54 31 7,3 12,2 17:27 2,9 06:22 11,0 0,0 0,0 4,1 22,7 15:47 80 --------------------------------------------------------------------------------------- 9,4 22,3 18 -2,7 24 276,2 0,0 128,9 3,6 41,0 25 89