MONTHLY CLIMATOLOGICAL SUMMARY for apr 2020 NAME: Loc.Campagnola (Sacile) ELEV: 31 meters LAT: 45-56.65 N LONG: 012-28.80 E TEMPERATURE (C), RAIN (mm), WIND SPEED (km/h) HEAT COOL AVG MEAN DEG DEG WIND DOM DAY TEMP HIGH TIME LOW TIME DAYS DAYS RAIN SPEED HIGH TIME DIR --------------------------------------------------------------------------------------- 01 6,3 12,3 16:54 -1,7 07:12 12,0 0,0 0,0 3,8 23,4 11:31 214 02 7,5 14,9 17:15 -1,2 06:41 10,8 0,0 0,0 2,5 14,8 14:17 196 03 9,2 18,1 16:40 0,2 06:53 9,1 0,0 0,0 2,6 20,9 13:31 221 04 13,2 20,4 14:32 6,4 00:25 5,2 0,0 0,0 2,6 19,8 18:43 182 05 13,7 21,3 16:22 4,5 05:06 4,6 0,0 0,0 3,6 23,0 16:46 83 06 16,0 23,0 16:33 6,1 06:02 2,4 0,0 0,0 4,6 32,0 12:21 80 07 14,8 23,5 16:17 5,2 06:37 3,5 0,0 0,0 1,6 12,6 13:45 155 08 14,8 23,6 16:17 4,0 06:09 3,6 0,0 0,0 3,2 23,0 13:11 96 09 14,8 24,9 17:15 3,4 06:54 3,5 0,0 0,0 2,1 14,4 13:17 219 10 16,6 26,5 15:22 4,9 06:42 1,8 0,0 0,0 2,6 18,7 14:56 210 11 17,1 26,3 15:25 6,3 05:57 1,2 0,0 0,0 2,1 18,0 14:26 202 12 16,1 25,6 15:20 6,6 06:31 2,2 0,0 0,0 2,1 17,6 14:05 200 13 16,0 23,0 15:27 9,5 07:02 2,3 0,0 0,0 2,9 19,4 18:46 144 14 13,3 20,0 12:24 6,3 23:56 5,0 0,0 1,3 6,1 36,7 15:09 82 15 11,0 17,6 17:17 4,3 01:48 7,3 0,0 0,7 2,9 19,8 18:38 203 16 12,9 21,6 15:39 3,2 06:42 5,4 0,0 0,0 2,5 22,0 13:48 218 17 13,2 21,9 16:43 4,4 05:41 5,1 0,0 0,0 1,6 15,1 14:45 156 18 15,0 23,9 16:57 6,8 06:23 3,3 0,0 0,0 1,7 15,5 13:57 180 19 16,3 24,6 14:54 7,4 05:57 2,0 0,0 0,0 1,7 15,5 15:22 177 20 16,2 18,9 14:21 12,4 00:51 2,1 0,0 0,0 8,4 27,0 14:27 77 21 16,3 20,6 17:30 13,1 07:13 2,0 0,0 0,0 4,8 31,3 15:09 92 22 17,1 22,9 15:07 10,2 04:29 1,3 0,0 0,0 5,9 27,4 11:48 88 23 16,7 23,8 16:45 8,3 06:32 1,6 0,0 0,0 2,8 19,1 10:17 118 24 16,1 24,7 15:43 6,4 06:50 2,2 0,0 0,0 2,5 18,4 13:48 226 25 16,6 24,3 16:54 7,8 06:04 1,7 0,0 0,0 2,6 17,3 13:57 106 26 16,8 20,9 16:14 10,9 23:53 1,5 0,0 0,0 2,8 15,8 14:58 174 27 16,3 22,8 16:55 9,3 06:20 2,1 0,0 0,0 1,5 14,4 16:35 142 28 16,0 20,4 15:33 13,2 21:18 2,3 0,0 16,4 1,4 14,4 14:58 92 29 14,2 17,6 13:59 10,9 23:59 4,1 0,0 11,8 0,8 15,5 18:05 107 30 14,5 21,1 15:10 7,6 05:57 3,9 0,0 15,1 1,4 12,6 19:16 214 --------------------------------------------------------------------------------------- 14,5 26,5 10 -1,7 01 115,3 0,0 45,4 2,9 36,7 14 128