MONTHLY CLIMATOLOGICAL SUMMARY for mag 2020 NAME: Loc.Campagnola (Sacile) ELEV: 31 meters LAT: 45-56.65 N LONG: 012-28.80 E TEMPERATURE (C), RAIN (mm), WIND SPEED (km/h) HEAT COOL AVG MEAN DEG DEG WIND DOM DAY TEMP HIGH TIME LOW TIME DAYS DAYS RAIN SPEED HIGH TIME DIR --------------------------------------------------------------------------------------- 01 15,3 20,5 13:12 9,8 06:26 3,0 0,0 5,3 1,7 13,0 01:52 221 02 16,5 24,5 14:14 10,1 05:48 1,9 0,0 1,3 2,2 22,7 17:27 77 03 16,0 21,9 14:59 9,9 05:55 2,4 0,0 0,7 2,0 16,9 15:14 182 04 16,1 22,2 14:05 9,5 06:20 2,2 0,0 5,3 3,7 26,3 15:56 210 05 14,4 20,3 16:56 8,2 05:45 3,9 0,0 0,0 1,5 17,3 15:26 70 06 16,2 22,4 14:55 11,2 03:27 2,1 0,0 0,0 2,4 21,2 07:55 103 07 16,6 23,7 16:18 9,1 06:22 1,7 0,0 3,9 2,9 22,0 15:11 196 08 17,2 25,0 14:48 8,9 05:43 1,1 0,0 3,9 2,1 14,8 13:40 188 09 18,8 26,2 16:24 11,1 05:31 0,0 0,5 0,0 1,5 14,4 13:58 110 10 18,7 23,5 14:10 14,6 01:50 0,0 0,3 0,0 3,4 18,7 12:40 87 11 16,3 20,4 15:35 13,9 10:22 2,0 0,0 34,2 2,9 16,2 17:31 83 12 15,2 23,3 13:23 11,4 18:25 3,2 0,0 11,2 3,2 29,2 16:29 49 13 16,0 20,3 17:16 11,6 01:59 2,3 0,0 2,0 1,5 13,0 08:50 44 14 19,0 24,7 16:50 11,5 05:42 0,0 0,7 0,7 1,6 17,3 23:56 79 15 18,9 22,9 17:25 15,8 07:35 0,0 0,6 13,8 4,5 30,2 16:30 93 16 17,5 20,9 15:02 15,0 05:36 0,9 0,0 0,7 4,4 23,0 04:23 56 17 20,3 27,3 14:18 13,9 03:42 0,0 1,9 5,3 2,2 18,7 18:52 88 18 21,3 26,5 14:56 13,9 05:41 0,0 2,9 0,0 1,9 19,1 15:13 76 19 20,1 25,7 14:01 16,3 23:28 0,0 1,8 3,9 4,3 32,8 15:05 62 20 20,7 25,6 14:30 15,6 04:35 0,0 2,3 0,0 2,9 17,6 12:30 199 21 19,6 25,9 17:03 12,1 05:50 0,0 1,3 0,0 2,4 19,8 18:18 187 22 20,0 24,1 12:35 14,6 00:00 0,0 1,7 0,0 2,0 21,2 11:41 186 23 20,3 26,7 17:07 14,1 00:55 0,0 2,0 6,6 0,7 10,4 15:35 119 24 19,3 25,4 15:12 13,9 05:51 0,0 0,9 3,9 1,6 15,8 13:25 144 25 18,9 25,8 15:15 10,9 04:44 0,0 0,6 0,0 2,5 16,2 16:19 159 26 16,2 22,3 11:59 11,5 06:01 2,1 0,0 9,2 2,1 17,3 08:40 203 27 18,0 24,6 15:29 9,3 05:25 0,4 0,0 0,0 2,6 15,5 13:03 200 28 18,2 25,2 16:41 11,9 02:07 0,1 0,0 0,0 1,2 21,6 18:12 69 29 18,3 24,8 15:38 11,3 05:42 0,0 0,0 1,3 2,2 16,6 16:23 103 30 17,5 21,9 14:56 11,6 05:28 0,9 0,0 0,0 0,7 9,4 08:33 298 31 18,2 22,6 14:53 14,1 05:13 0,1 0,0 2,0 2,1 16,9 16:10 227 --------------------------------------------------------------------------------------- 17,9 27,3 17 8,2 05 30,3 17,5 115,1 2,4 32,8 19 119