MONTHLY CLIMATOLOGICAL SUMMARY for giu 2020 NAME: Loc.Campagnola (Sacile) ELEV: 31 meters LAT: 45-56.65 N LONG: 012-28.80 E TEMPERATURE (C), RAIN (mm), WIND SPEED (km/h) HEAT COOL AVG MEAN DEG DEG WIND DOM DAY TEMP HIGH TIME LOW TIME DAYS DAYS RAIN SPEED HIGH TIME DIR --------------------------------------------------------------------------------------- 01 20,3 27,3 14:34 11,8 05:50 0,0 2,0 2,6 2,4 18,0 16:47 202 02 20,2 27,4 14:35 13,2 05:46 0,0 1,9 1,3 1,1 12,6 13:33 157 03 20,6 26,8 15:21 13,6 05:20 0,0 2,3 9,2 1,9 25,6 21:30 180 04 16,9 19,8 08:32 15,3 23:27 1,4 0,0 35,5 2,2 16,6 08:25 175 05 18,0 24,5 15:44 14,8 01:51 0,3 0,0 28,9 1,3 23,0 00:17 45 06 19,1 24,6 14:03 16,7 03:45 0,0 0,7 7,9 1,4 14,4 16:18 76 07 17,6 21,8 10:25 15,8 03:44 0,8 0,0 37,5 1,5 25,6 15:22 47 08 17,0 21,1 15:16 15,8 03:14 1,3 0,0 35,5 2,8 22,0 15:56 49 09 18,6 23,3 16:45 15,3 05:29 0,0 0,2 5,3 2,4 19,4 13:27 69 10 15,8 17,6 09:24 12,3 23:59 2,6 0,0 9,9 0,5 9,7 09:37 69 11 16,4 22,8 14:54 11,2 02:40 2,0 0,0 3,9 2,4 24,5 10:37 69 12 18,6 24,9 16:00 10,3 05:20 0,0 0,3 0,7 2,0 15,1 16:26 203 13 21,2 27,6 15:59 14,3 04:21 0,0 2,9 0,0 1,6 15,5 17:25 114 14 20,2 24,9 15:50 17,5 07:10 0,0 1,9 2,0 1,1 11,2 11:42 104 15 19,0 20,4 15:40 17,5 23:35 0,0 0,6 10,5 0,9 8,6 13:48 199 16 21,1 26,8 15:03 17,1 04:50 0,0 2,8 0,7 0,4 10,8 14:08 233 17 20,7 26,9 14:20 16,8 23:47 0,0 2,3 15,1 2,4 21,2 14:48 231 18 19,5 26,9 15:00 14,4 03:58 0,0 1,2 15,8 1,6 16,9 17:22 125 19 18,8 25,6 11:49 14,6 02:25 0,0 0,4 30,3 1,3 19,1 17:21 59 20 20,6 27,7 16:38 14,6 05:35 0,0 2,3 1,3 1,3 14,8 14:51 205 21 21,1 27,3 15:44 14,3 05:40 0,0 2,8 0,0 1,2 14,0 11:19 100 22 23,7 31,1 14:56 14,4 05:41 0,0 5,4 0,0 1,3 13,0 14:00 222 23 24,0 31,2 15:57 15,3 05:19 0,0 5,7 0,0 2,0 15,1 13:27 195 24 23,3 26,6 15:09 20,6 23:58 0,0 5,0 0,0 1,0 9,7 03:29 69 25 21,3 25,0 14:42 18,5 02:25 0,0 3,0 0,0 3,4 18,4 10:10 56 26 23,1 29,4 15:54 16,9 05:54 0,0 4,7 0,0 1,5 15,5 10:52 80 27 24,7 31,3 14:38 18,6 02:23 0,0 6,3 0,0 0,5 12,2 17:59 157 28 25,6 32,3 16:52 19,4 04:10 0,0 7,3 0,0 0,8 8,3 07:39 108 29 23,6 30,5 12:49 19,9 05:43 0,0 5,3 32,2 2,2 17,3 18:23 58 30 25,1 30,6 17:09 19,8 05:49 0,0 6,8 0,0 2,9 18,7 11:08 67 --------------------------------------------------------------------------------------- 20,5 32,3 28 10,3 12 8,4 74,0 286,2 1,7 25,6 03 99