MONTHLY CLIMATOLOGICAL SUMMARY for lug 2020 NAME: Loc.Campagnola (Sacile) ELEV: 31 meters LAT: 45-56.65 N LONG: 012-28.80 E TEMPERATURE (C), RAIN (mm), WIND SPEED (km/h) HEAT COOL AVG MEAN DEG DEG WIND DOM DAY TEMP HIGH TIME LOW TIME DAYS DAYS RAIN SPEED HIGH TIME DIR --------------------------------------------------------------------------------------- 01 25,1 31,0 13:26 18,2 22:41 0,0 6,8 21,1 0,8 29,2 22:24 83 02 23,0 30,5 16:52 18,1 05:22 0,0 4,7 0,0 0,1 6,1 10:25 175 03 23,2 28,4 14:20 18,7 23:57 0,0 4,9 3,3 1,2 23,0 15:39 75 04 23,7 29,9 15:36 16,9 05:19 0,0 5,4 0,0 0,0 4,0 14:50 217 05 24,6 30,7 17:09 16,9 05:27 0,0 6,3 0,0 0,1 7,6 16:24 208 06 25,8 32,9 14:04 17,1 05:32 0,0 7,4 2,0 0,3 14,8 22:57 38 07 21,8 27,4 15:44 16,3 23:58 0,0 3,5 2,0 1,2 16,6 01:49 67 08 22,0 28,6 16:38 13,3 05:50 0,0 3,7 0,0 0,5 10,4 17:04 163 09 23,5 31,2 16:01 15,3 05:55 0,0 5,1 0,0 0,4 10,1 17:03 90 10 24,4 32,0 15:42 15,6 05:05 0,0 6,1 0,0 0,4 7,9 18:47 181 11 21,4 24,9 16:33 16,8 22:15 0,0 3,1 16,4 1,0 16,6 18:01 33 12 21,4 27,6 15:30 13,4 05:39 0,0 3,1 0,0 0,6 9,7 08:16 85 13 22,3 27,1 17:12 18,7 23:55 0,0 4,0 0,0 1,0 17,6 09:53 75 14 22,0 27,1 15:15 15,6 05:00 0,0 3,7 0,0 0,3 7,9 14:15 156 15 22,3 28,6 16:29 17,9 23:58 0,0 4,0 2,0 0,9 24,1 19:03 185 16 21,0 28,7 14:49 15,1 05:50 0,0 2,7 19,7 0,2 16,6 19:10 224 17 20,7 26,2 11:40 17,4 22:25 0,0 2,4 1,3 0,5 9,4 10:18 72 18 19,6 24,9 13:28 15,9 05:39 0,0 1,3 5,3 0,4 9,7 09:30 213 19 20,6 27,8 16:49 14,1 05:38 0,0 2,3 0,0 0,5 9,7 14:38 214 20 23,1 29,8 14:20 15,5 06:01 0,0 4,8 0,0 0,4 9,4 15:37 178 21 24,9 31,8 15:32 18,9 04:09 0,0 6,5 0,0 0,7 15,5 13:07 208 22 24,8 32,6 17:12 18,5 05:50 0,0 6,5 0,7 0,4 13,7 18:16 87 23 25,7 32,1 16:43 18,2 06:10 0,0 7,4 0,0 0,5 10,8 20:03 163 24 20,3 24,4 01:51 17,4 05:50 0,0 1,9 23,7 1,2 25,2 01:53 59 25 22,9 30,1 15:57 17,0 04:45 0,0 4,5 0,7 0,2 7,6 13:57 182 26 23,0 30,5 16:13 16,6 05:37 0,0 4,7 0,0 0,5 25,9 20:15 68 27 24,7 32,1 16:47 16,9 05:52 0,0 6,4 0,0 0,2 6,1 12:56 153 28 25,6 32,9 16:35 18,2 05:57 0,0 7,3 0,0 0,3 7,2 18:24 172 29 27,0 33,9 16:30 20,7 06:13 0,0 8,6 0,0 0,2 7,9 14:56 133 30 28,1 34,9 16:31 21,8 05:10 0,0 9,7 0,0 0,1 4,0 12:01 129 31 28,8 35,6 16:05 22,3 05:37 0,0 10,5 0,0 0,3 14,4 18:45 85 --------------------------------------------------------------------------------------- 23,5 35,6 31 13,3 08 0,0 159,1 98,0 0,5 29,2 01 108