MONTHLY CLIMATOLOGICAL SUMMARY for ago 2020 NAME: Loc.Campagnola (Sacile) ELEV: 31 meters LAT: 45-56.65 N LONG: 012-28.80 E TEMPERATURE (C), RAIN (mm), WIND SPEED (km/h) HEAT COOL AVG MEAN DEG DEG WIND DOM DAY TEMP HIGH TIME LOW TIME DAYS DAYS RAIN SPEED HIGH TIME DIR --------------------------------------------------------------------------------------- 01 28,9 35,6 15:30 20,1 23:52 0,0 10,6 33,5 0,5 37,4 23:24 206 02 25,1 30,5 15:34 20,2 00:00 0,0 6,7 1,3 4,8 22,7 05:39 52 03 22,7 28,3 12:05 19,2 23:55 0,0 4,4 15,8 1,2 13,3 20:45 60 04 20,0 26,1 12:02 17,1 15:30 0,0 1,7 24,3 2,6 19,1 10:33 25 05 21,7 29,0 16:21 17,3 01:34 0,0 3,3 0,0 1,1 18,7 12:17 88 06 23,2 30,8 16:59 15,4 06:08 0,0 4,9 0,0 0,8 9,4 15:25 181 07 25,8 33,8 17:45 19,2 06:27 0,0 7,4 0,0 0,6 12,6 12:13 64 08 26,3 35,3 15:58 17,3 05:32 0,0 7,9 0,0 0,2 5,4 12:10 119 09 26,4 34,5 15:29 18,1 05:44 0,0 8,1 0,0 0,5 9,7 15:58 167 10 27,2 33,7 16:49 20,0 06:36 0,0 8,9 0,0 0,6 11,2 16:04 162 11 25,7 34,1 15:14 19,9 19:25 0,0 7,3 39,5 1,4 36,7 18:56 68 12 25,6 33,2 16:31 19,3 06:03 0,0 7,3 0,0 0,6 8,6 11:50 106 13 25,9 32,6 14:53 20,1 05:54 0,0 7,5 0,7 1,1 15,8 14:21 150 14 22,5 30,5 13:06 17,6 16:50 0,0 4,1 21,0 1,1 23,0 16:10 75 15 23,7 31,3 15:10 16,6 06:03 0,0 5,4 0,0 0,9 13,7 17:51 182 16 24,7 31,8 15:07 18,3 04:29 0,0 6,3 0,0 0,9 11,9 14:43 174 17 22,3 31,0 14:15 17,8 17:17 0,0 4,0 19,1 0,8 26,3 17:41 178 18 21,3 28,8 15:49 16,3 05:23 0,0 2,9 4,6 1,0 19,8 18:55 88 19 22,7 29,9 16:14 15,9 06:43 0,0 4,4 2,0 0,8 13,0 15:32 198 20 24,6 31,3 16:41 19,3 04:12 0,0 6,3 0,0 0,5 7,9 16:46 170 21 25,7 32,2 15:04 19,9 06:20 0,0 7,4 0,0 1,1 14,8 16:17 174 22 26,4 32,6 15:16 21,8 02:46 0,0 8,1 0,0 0,7 10,4 17:41 135 23 24,4 31,1 14:10 19,1 06:21 0,0 6,1 5,3 2,8 19,4 16:08 66 24 23,0 28,5 15:27 16,8 06:45 0,0 4,7 3,3 3,7 28,1 11:02 53 25 21,8 29,9 15:20 13,8 06:30 0,0 3,5 0,0 0,6 9,4 11:21 127 26 22,0 29,5 16:23 16,3 06:45 0,0 3,6 0,0 0,5 9,4 11:06 88 27 23,8 31,4 16:41 17,3 06:06 0,0 5,5 0,0 1,1 19,1 12:16 68 28 23,6 31,7 15:54 17,4 06:10 0,0 5,2 0,0 0,7 10,4 12:56 89 29 24,5 30,7 14:48 19,3 20:10 0,0 6,2 13,2 2,9 27,4 22:59 154 30 21,2 28,1 15:59 16,2 23:00 0,0 2,8 30,9 2,8 26,6 10:57 39 31 17,3 22,9 12:45 14,2 06:07 1,0 0,0 17,1 1,5 19,1 16:50 59 --------------------------------------------------------------------------------------- 23,9 35,6 01 13,8 25 1,0 172,6 231,6 1,3 37,4 01 87