MONTHLY CLIMATOLOGICAL SUMMARY for set 2020 NAME: Loc.Campagnola (Sacile) ELEV: 31 meters LAT: 45-56.65 N LONG: 012-28.80 E TEMPERATURE (C), RAIN (mm), WIND SPEED (km/h) HEAT COOL AVG MEAN DEG DEG WIND DOM DAY TEMP HIGH TIME LOW TIME DAYS DAYS RAIN SPEED HIGH TIME DIR --------------------------------------------------------------------------------------- 01 18,6 27,4 15:52 14,2 05:20 0,0 0,3 4,6 0,8 15,5 17:26 221 02 18,2 25,6 16:01 14,7 06:00 0,1 0,0 23,0 0,8 15,5 09:24 278 03 19,8 27,6 16:06 13,1 07:00 0,0 1,5 0,0 0,6 8,6 14:11 118 04 20,0 28,4 16:42 12,3 06:21 0,0 1,7 0,0 0,5 10,8 14:40 177 05 21,2 29,8 17:15 13,6 06:35 0,0 2,9 0,0 0,3 6,5 14:22 197 06 22,4 29,8 15:41 15,8 06:49 0,0 4,0 0,0 0,4 7,6 11:03 144 07 22,0 26,9 14:21 16,9 23:29 0,0 3,6 0,0 3,3 20,9 16:35 54 08 20,7 28,7 16:51 13,9 06:09 0,0 2,3 0,0 1,1 12,2 15:06 74 09 21,3 30,3 16:03 13,8 05:41 0,0 3,0 0,0 0,7 8,6 13:51 210 10 22,1 29,4 15:09 15,9 06:40 0,0 3,8 0,0 0,7 14,0 15:50 80 11 23,1 30,3 14:58 16,9 06:24 0,0 4,8 0,0 1,1 12,6 12:34 71 12 23,1 30,7 15:42 16,1 05:34 0,0 4,8 0,0 2,6 19,1 12:33 61 13 23,7 32,9 16:58 15,6 06:33 0,0 5,4 0,0 0,8 17,3 12:03 72 14 23,7 31,8 16:45 16,6 06:56 0,0 5,4 0,0 1,2 14,8 11:03 59 15 23,7 31,4 14:27 15,9 05:19 0,0 5,3 0,0 2,8 22,7 14:03 60 16 23,0 31,3 15:03 15,8 06:46 0,0 4,7 0,0 1,1 13,3 13:11 75 17 22,6 33,3 14:25 15,3 06:09 0,0 4,2 0,0 0,9 15,8 14:56 55 18 21,0 28,4 14:49 14,2 06:53 0,0 2,7 0,0 1,6 14,8 16:01 68 19 19,5 27,4 14:54 13,6 07:00 0,0 1,2 0,0 0,8 16,6 15:09 73 20 19,1 26,9 15:29 12,3 07:08 0,0 0,8 0,0 0,6 8,6 14:40 152 21 19,4 27,2 16:14 13,5 05:11 0,0 1,1 0,0 0,2 7,9 17:04 73 22 18,5 23,9 15:27 14,8 02:03 0,0 0,2 18,4 0,3 16,6 18:31 144 23 19,2 24,1 14:19 16,3 02:37 0,0 0,8 1,3 0,7 11,9 16:38 207 24 19,5 24,8 15:55 14,7 06:45 0,0 1,1 42,8 0,8 13,3 21:21 57 25 18,0 23,4 14:13 14,1 22:02 0,3 0,0 9,2 1,1 19,1 15:30 212 26 13,9 18,3 14:36 10,2 03:15 4,5 0,0 2,6 3,5 22,3 18:32 261 27 14,2 17,8 11:53 10,4 01:13 4,1 0,0 0,0 2,8 23,0 21:46 62 28 12,3 16,1 14:02 9,9 06:44 6,0 0,0 28,3 1,8 17,3 03:50 260 29 13,7 21,3 16:27 7,0 07:06 4,6 0,0 0,0 0,9 10,4 16:14 184 30 14,5 21,9 14:45 7,9 06:47 3,9 0,0 0,0 0,9 11,2 15:51 195 --------------------------------------------------------------------------------------- 19,7 33,3 17 7,0 29 23,6 65,5 130,3 1,2 23,0 27 73