MONTHLY CLIMATOLOGICAL SUMMARY for ott 2020 NAME: Loc.Campagnola (Sacile) ELEV: 31 meters LAT: 45-56.65 N LONG: 012-28.80 E TEMPERATURE (C), RAIN (mm), WIND SPEED (km/h) HEAT COOL AVG MEAN DEG DEG WIND DOM DAY TEMP HIGH TIME LOW TIME DAYS DAYS RAIN SPEED HIGH TIME DIR --------------------------------------------------------------------------------------- 01 15,4 19,4 15:55 10,3 02:04 2,9 0,0 0,0 0,5 7,2 12:51 64 02 15,9 18,2 23:35 12,9 02:55 2,4 0,0 9,9 0,3 7,2 12:42 44 03 17,8 20,2 16:37 12,3 23:45 0,6 0,0 13,8 0,9 15,5 10:44 48 04 14,4 20,9 14:35 9,9 05:03 3,9 0,0 5,9 0,4 15,5 21:51 216 05 15,3 21,1 14:50 10,8 23:39 3,0 0,0 15,8 2,2 23,0 14:08 208 06 14,3 20,9 14:16 7,6 06:57 4,1 0,0 0,0 0,7 11,5 14:54 187 07 16,2 22,1 13:59 10,9 23:48 2,1 0,0 5,9 2,0 18,0 17:22 196 08 14,2 22,8 15:18 7,8 05:50 4,1 0,0 0,0 0,8 7,9 12:18 179 09 14,3 21,3 14:12 8,4 05:57 4,0 0,0 0,0 0,6 10,4 12:37 180 10 14,8 21,1 14:42 9,8 04:52 3,5 0,0 0,0 0,6 8,3 15:08 100 11 11,6 15,8 02:30 9,1 21:25 6,7 0,0 54,6 3,5 27,0 11:33 40 12 12,9 20,4 13:53 6,9 23:51 5,5 0,0 0,7 1,1 12,6 10:45 254 13 10,1 18,8 14:31 2,7 07:27 8,3 0,0 0,0 1,2 18,0 16:27 196 14 9,8 18,1 14:37 2,8 07:03 8,5 0,0 0,0 0,4 9,0 15:30 107 15 11,2 12,9 07:05 9,6 00:00 7,1 0,0 22,4 6,1 22,7 10:37 37 16 12,0 17,3 13:50 6,8 06:42 6,3 0,0 0,0 0,9 9,0 12:30 86 17 12,0 17,3 15:22 7,0 07:31 6,3 0,0 0,0 0,8 8,6 15:33 85 18 11,9 19,4 14:18 7,0 23:56 6,4 0,0 0,0 0,6 9,4 15:14 182 19 11,2 18,1 14:25 5,3 04:01 7,1 0,0 0,0 0,6 10,8 15:50 184 20 12,6 17,9 13:58 7,0 07:45 5,8 0,0 0,0 0,8 10,4 11:43 147 21 12,8 18,3 13:50 9,1 01:52 5,5 0,0 0,0 0,7 7,6 12:41 146 22 13,0 16,9 15:27 9,9 06:31 5,3 0,0 0,0 0,9 9,7 13:38 92 23 13,8 17,9 13:28 11,0 02:14 4,5 0,0 5,3 0,2 5,4 11:40 43 24 15,3 19,6 14:40 13,1 21:31 3,0 0,0 29,6 0,7 9,7 19:25 101 25 15,0 21,6 12:34 10,1 06:49 3,3 0,0 0,0 1,6 16,9 13:47 205 26 15,5 18,2 12:34 12,9 00:00 2,8 0,0 5,3 1,1 15,5 10:11 43 27 13,7 18,1 14:32 8,3 23:30 4,6 0,0 27,0 0,7 14,4 15:34 71 28 10,7 18,3 15:20 5,6 05:45 7,7 0,0 0,6 0,2 5,0 10:32 214 29 10,5 17,9 14:50 6,3 04:20 7,8 0,0 0,0 0,1 3,6 11:18 148 30 11,3 18,2 12:44 6,4 06:57 7,1 0,0 0,0 0,4 9,7 13:22 200 31 10,6 19,8 14:32 4,6 06:31 7,8 0,0 0,0 0,2 6,1 11:54 183 --------------------------------------------------------------------------------------- 13,2 22,8 08 2,7 13 158,2 0,0 196,7 1,0 27,0 11 88