MONTHLY CLIMATOLOGICAL SUMMARY for nov 2020 NAME: Loc.Campagnola (Sacile) ELEV: 31 meters LAT: 45-56.65 N LONG: 012-28.80 E TEMPERATURE (C), RAIN (mm), WIND SPEED (km/h) HEAT COOL AVG MEAN DEG DEG WIND DOM DAY TEMP HIGH TIME LOW TIME DAYS DAYS RAIN SPEED HIGH TIME DIR --------------------------------------------------------------------------------------- 01 9,9 14,4 12:09 4,2 06:24 8,5 0,0 0,0 0,6 6,8 16:38 115 02 12,9 15,4 13:59 11,3 03:54 5,4 0,0 0,0 0,3 5,8 09:57 78 03 13,3 15,4 13:10 12,1 05:00 5,1 0,0 0,0 0,1 4,3 02:27 70 04 13,9 18,7 15:03 7,9 05:51 4,4 0,0 0,0 1,7 14,4 14:33 57 05 14,0 20,6 13:47 8,4 23:46 4,4 0,0 0,0 0,6 8,6 15:09 79 06 11,7 19,8 14:36 6,4 23:40 6,6 0,0 0,0 0,9 12,2 11:58 199 07 10,6 22,5 14:03 3,8 07:04 7,7 0,0 0,0 0,4 6,1 10:17 201 08 9,5 18,2 14:07 3,1 07:03 8,8 0,0 0,0 0,6 10,8 11:29 84 09 9,3 19,2 13:50 2,9 06:14 9,1 0,0 0,0 0,2 7,2 12:18 153 10 9,2 18,9 14:32 2,5 07:15 9,1 0,0 0,0 0,5 8,6 13:43 196 11 8,0 15,3 14:25 1,8 06:55 10,4 0,0 0,0 1,1 10,4 11:04 68 12 8,6 15,0 11:35 3,5 23:43 9,7 0,0 0,0 0,4 20,5 13:41 104 13 9,1 16,4 14:32 2,4 02:09 9,2 0,0 0,0 0,4 6,1 12:54 146 14 10,6 16,5 13:21 6,2 22:35 7,7 0,0 0,0 0,5 8,3 12:11 207 15 8,5 15,6 12:44 2,5 07:08 9,8 0,0 0,0 0,3 7,2 12:21 134 16 9,4 14,4 15:04 5,1 23:54 9,0 0,0 11,8 0,9 11,2 12:41 233 17 8,3 17,8 13:40 2,1 07:04 10,0 0,0 0,0 0,2 6,1 12:41 162 18 8,6 19,0 12:41 2,3 07:10 9,7 0,0 0,0 0,6 8,3 13:39 205 19 7,6 16,9 14:11 1,2 06:58 10,8 0,0 0,0 0,3 5,8 10:44 163 20 8,9 15,3 13:53 2,8 22:57 9,4 0,0 3,9 1,4 15,1 10:10 188 21 5,4 12,8 13:20 -1,4 23:30 12,9 0,0 0,0 1,5 11,2 14:58 178 22 2,7 11,8 14:30 -3,0 04:04 15,6 0,0 0,0 0,8 10,1 13:34 197 23 3,6 11,1 13:06 -2,0 03:23 14,8 0,0 0,0 0,4 6,5 14:08 101 24 5,4 13,8 12:54 -0,5 07:20 12,9 0,0 0,0 1,1 13,0 13:54 54 25 3,6 12,9 14:05 -2,1 06:41 14,7 0,0 0,0 0,3 9,4 13:09 166 26 3,6 12,5 14:33 -1,9 07:20 14,8 0,0 0,0 0,2 5,4 12:18 106 27 3,4 12,4 14:20 -1,7 05:39 14,9 0,0 0,0 0,3 6,8 13:29 179 28 4,7 12,2 13:26 -1,6 07:35 13,6 0,0 0,0 0,5 8,3 23:32 177 29 5,6 11,5 13:58 0,1 23:53 12,7 0,0 0,0 1,4 11,5 10:56 48 30 2,8 9,8 14:57 -2,9 07:08 15,6 0,0 0,0 1,2 13,0 11:10 52 --------------------------------------------------------------------------------------- 8,1 22,5 07 -3,0 22 307,3 0,0 15,8 0,7 20,5 12 117