MONTHLY CLIMATOLOGICAL SUMMARY for gen 2021 NAME: Loc.Campagnola (Sacile) ELEV: 31 meters LAT: 45-56.65 N LONG: 012-28.80 E TEMPERATURE (C), RAIN (mm), WIND SPEED (km/h) HEAT COOL AVG MEAN DEG DEG WIND DOM DAY TEMP HIGH TIME LOW TIME DAYS DAYS RAIN SPEED HIGH TIME DIR --------------------------------------------------------------------------------------- 01 5,0 7,1 13:33 2,2 00:05 13,3 0,0 10,5 1,4 16,9 17:41 42 02 6,9 8,9 22:39 5,8 00:00 11,4 0,0 27,6 5,0 23,0 17:07 24 03 7,7 11,6 14:04 5,0 23:58 10,6 0,0 2,6 1,6 14,8 01:34 39 04 4,7 8,5 14:30 1,2 06:30 13,6 0,0 0,0 0,3 6,1 13:26 70 05 5,8 8,3 11:36 2,6 07:16 12,6 0,0 2,6 2,9 18,0 20:55 47 06 4,1 6,9 14:46 1,4 21:45 14,3 0,0 4,6 0,9 12,6 15:27 8 07 3,4 9,0 13:22 -0,2 08:45 14,9 0,0 0,0 0,9 9,4 14:07 156 08 1,6 10,7 15:00 -2,7 07:38 16,7 0,0 0,0 0,3 7,6 13:36 217 09 0,9 7,8 13:40 -20,8 09:17 17,5 0,0 0,0 0,3 11,9 11:25 349 10 1,9 6,3 14:46 -2,1 23:59 16,4 0,0 0,0 0,9 11,5 18:18 46 11 -0,4 7,4 14:54 -4,6 06:07 18,8 0,0 0,0 0,4 7,2 12:16 109 12 -1,9 3,9 11:56 -6,1 07:33 20,2 0,0 0,0 0,1 5,0 12:24 219 13 0,2 9,9 14:33 -5,9 07:33 18,1 0,0 0,0 0,5 10,1 14:12 211 14 2,4 11,0 14:48 -3,1 02:05 15,9 0,0 0,0 0,7 7,9 13:22 157 15 2,5 7,0 14:02 -1,8 23:57 15,8 0,0 0,0 1,6 14,4 13:15 61 16 0,5 6,4 13:57 -4,3 07:44 17,8 0,0 0,0 1,0 9,7 14:37 206 17 0,3 4,9 13:52 -2,9 23:07 18,1 0,0 0,0 0,1 4,3 14:22 281 18 -0,2 6,1 15:09 -4,7 08:05 18,6 0,0 0,0 0,6 9,4 15:00 93 19 -0,5 5,9 12:59 -5,6 07:59 18,8 0,0 0,0 0,4 9,4 13:03 113 20 0,6 4,6 15:21 -3,9 06:45 17,7 0,0 0,0 0,1 4,3 14:20 220 21 4,1 7,3 14:24 -0,4 05:25 14,2 0,0 5,9 0,0 5,0 14:50 57 22 7,7 10,6 23:10 6,1 00:00 10,6 0,0 64,5 1,8 14,4 19:25 28 23 6,9 10,4 00:05 2,8 22:40 11,4 0,0 17,1 1,0 11,5 15:42 25 24 3,7 10,4 15:39 -0,5 22:39 14,6 0,0 0,0 0,8 9,7 22:52 252 25 3,2 9,4 13:07 -1,2 02:35 15,2 0,0 0,0 1,8 15,5 12:00 42 26 2,5 9,9 14:41 -2,9 07:30 15,9 0,0 0,0 1,0 9,0 13:28 191 27 0,1 5,3 14:15 -4,4 07:26 18,2 0,0 0,0 0,6 10,8 02:15 221 28 -0,0 6,6 16:07 -5,0 06:11 18,4 0,0 0,0 0,9 14,4 11:29 53 29 1,5 7,9 12:27 -3,3 03:39 16,9 0,0 0,0 0,9 9,4 12:06 244 30 3,6 9,8 12:31 -2,6 06:32 14,7 0,0 0,0 1,5 16,2 21:16 54 31 6,1 9,3 15:36 0,5 23:50 12,3 0,0 23,7 3,1 23,4 10:42 45 --------------------------------------------------------------------------------------- 2,7 11,6 03 -20,8 09 483,4 0,0 159,2 1,1 23,4 31 42