MONTHLY CLIMATOLOGICAL SUMMARY for feb 2021 NAME: Loc.Campagnola (Sacile) ELEV: 31 meters LAT: 45-56.65 N LONG: 012-28.80 E TEMPERATURE (C), RAIN (mm), WIND SPEED (km/h) HEAT COOL AVG MEAN DEG DEG WIND DOM DAY TEMP HIGH TIME LOW TIME DAYS DAYS RAIN SPEED HIGH TIME DIR --------------------------------------------------------------------------------------- 01 3,6 10,4 15:38 -0,4 07:35 14,7 0,0 0,0 0,7 11,5 13:02 82 02 4,1 10,7 11:29 -0,8 05:53 14,3 0,0 0,0 0,5 10,1 11:44 162 03 5,8 8,5 13:40 1,9 00:00 12,5 0,0 0,0 0,1 4,7 21:37 219 04 7,9 10,3 13:50 6,3 01:13 10,4 0,0 0,0 0,9 11,9 14:30 81 05 9,6 13,4 15:18 7,4 06:10 8,7 0,0 0,0 0,3 6,1 12:20 181 06 9,4 10,9 14:18 8,1 06:28 8,9 0,0 0,0 0,2 5,0 15:20 96 07 10,5 11,9 16:20 9,2 22:31 7,8 0,0 23,0 1,6 14,0 18:21 239 08 9,0 13,1 13:08 6,9 06:17 9,3 0,0 4,6 2,9 16,6 11:06 220 09 9,8 14,4 12:48 7,3 05:40 8,5 0,0 0,7 2,0 17,3 14:31 208 10 8,8 10,5 15:37 7,9 07:31 9,6 0,0 22,4 0,9 8,6 12:50 17 11 6,6 9,2 13:54 1,8 21:30 11,7 0,0 0,0 3,6 18,0 14:24 60 12 1,1 3,1 00:00 -0,5 23:29 17,2 0,0 0,0 7,4 22,7 21:23 47 13 0,1 4,3 16:37 -3,0 07:14 18,2 0,0 0,0 5,2 19,8 02:18 47 14 1,2 8,3 14:12 -6,0 07:23 17,2 0,0 0,0 3,4 19,8 15:40 203 15 0,3 7,3 14:09 -6,4 06:55 18,0 0,0 0,0 1,5 12,6 11:05 175 16 2,4 8,9 14:40 -4,2 07:13 15,9 0,0 0,0 1,4 13,0 12:28 79 17 3,7 10,9 14:29 -1,7 05:59 14,7 0,0 0,0 1,3 13,7 12:33 78 18 6,5 10,5 15:39 1,8 00:16 11,9 0,0 0,0 0,5 8,6 15:47 299 19 7,7 12,3 13:53 5,5 05:50 10,7 0,0 0,0 0,7 8,3 13:59 188 20 8,6 15,0 15:01 3,1 23:35 9,8 0,0 0,0 1,0 12,2 13:36 173 21 9,3 14,3 13:39 3,6 00:00 9,1 0,0 0,0 0,6 8,3 12:20 77 22 9,8 15,1 14:13 4,0 05:50 8,6 0,0 0,0 1,8 10,8 14:36 160 23 8,8 14,4 15:55 3,3 23:57 9,5 0,0 0,0 1,2 10,4 12:53 179 24 11,5 25,6 14:29 1,5 05:04 6,8 0,0 0,0 0,5 8,6 15:39 238 25 12,2 23,6 15:32 3,6 05:00 6,2 0,0 0,0 0,8 10,1 13:20 189 26 10,7 20,9 14:03 2,3 06:53 7,7 0,0 0,0 0,8 9,7 13:25 186 27 10,9 19,9 13:34 3,6 04:52 7,5 0,0 0,0 2,5 19,4 13:02 90 28 7,5 15,1 16:18 0,3 06:57 10,8 0,0 0,0 1,5 14,4 09:31 97 --------------------------------------------------------------------------------------- 7,0 25,6 24 -6,4 15 316,1 0,0 50,6 1,6 22,7 12 94