MONTHLY CLIMATOLOGICAL SUMMARY for mar 2021 NAME: Loc.Campagnola (Sacile) ELEV: 31 meters LAT: 45-56.65 N LONG: 012-28.80 E TEMPERATURE (C), RAIN (mm), WIND SPEED (km/h) HEAT COOL AVG MEAN DEG DEG WIND DOM DAY TEMP HIGH TIME LOW TIME DAYS DAYS RAIN SPEED HIGH TIME DIR --------------------------------------------------------------------------------------- 01 7,7 18,6 14:07 -1,6 06:14 10,6 0,0 0,0 1,1 10,1 16:30 198 02 9,3 17,9 15:35 2,7 23:39 9,1 0,0 0,0 1,4 9,7 13:31 175 03 7,8 16,5 14:39 -0,9 06:39 10,6 0,0 0,0 1,5 19,1 14:18 190 04 7,9 13,2 14:34 2,1 06:50 10,4 0,0 0,0 2,1 18,4 11:21 74 05 10,1 15,2 14:16 4,6 07:06 8,3 0,0 2,0 2,4 14,4 20:57 75 06 6,6 10,9 13:44 -0,1 23:56 11,7 0,0 0,6 4,6 22,7 10:11 49 07 4,4 12,6 14:45 -2,6 05:52 13,9 0,0 0,0 2,1 14,4 11:13 195 08 5,2 13,6 15:02 -1,6 06:35 13,2 0,0 0,0 1,2 11,2 12:53 96 09 8,5 13,5 15:03 1,3 00:25 9,8 0,0 0,0 4,5 26,3 08:18 49 10 6,9 13,9 14:30 0,2 06:09 11,4 0,0 0,0 3,5 27,0 12:36 200 11 6,8 11,3 12:04 0,7 01:53 11,5 0,0 0,0 1,8 17,3 11:14 41 12 9,2 14,5 14:35 3,9 07:05 9,1 0,0 0,0 3,0 18,0 13:22 70 13 9,4 16,3 12:39 2,1 04:30 9,0 0,0 0,0 2,5 16,9 16:19 173 14 6,9 11,6 10:17 3,0 23:34 11,5 0,0 12,5 5,7 35,3 11:11 34 15 5,7 13,1 15:25 -0,4 06:40 12,7 0,0 0,0 1,3 12,2 12:02 116 16 8,3 17,6 15:09 -0,8 06:37 10,0 0,0 0,0 3,4 20,5 12:00 287 17 7,6 15,1 13:03 0,7 04:38 10,8 0,0 0,0 2,3 11,9 10:25 57 18 7,3 13,8 12:23 0,3 06:41 11,0 0,0 0,0 3,3 21,6 20:01 231 19 5,2 12,3 14:57 -0,9 06:20 13,1 0,0 0,0 2,1 15,1 16:24 272 20 4,3 11,1 14:37 -3,1 05:11 14,0 0,0 0,0 3,0 19,8 16:32 68 21 4,0 12,1 16:57 -3,8 05:32 14,3 0,0 0,0 1,4 15,1 13:40 94 22 6,2 15,9 14:39 -3,0 05:16 12,1 0,0 0,0 2,3 16,9 13:24 199 23 7,8 15,3 14:44 0,3 06:21 10,5 0,0 0,0 5,4 23,4 14:08 219 24 8,8 16,9 15:17 0,9 05:43 9,5 0,0 0,0 2,6 17,3 15:25 179 25 9,4 18,4 15:31 0,8 06:10 9,0 0,0 0,0 2,0 15,5 12:23 175 26 8,2 18,6 14:49 -19,1 16:21 10,2 0,0 0,0 1,9 16,9 12:00 178 27 11,9 16,9 13:30 6,3 02:21 6,4 0,0 0,0 2,1 11,5 11:09 83 28 13,3 17,5 16:01 10,4 01:04 5,1 0,0 0,0 2,4 12,2 15:49 49 29 13,3 20,6 16:00 6,9 06:04 5,0 0,0 0,0 1,3 14,8 14:06 166 30 14,5 24,7 16:43 4,7 07:12 3,8 0,0 0,0 1,4 13,7 16:11 187 31 16,0 25,7 14:59 6,0 07:08 2,3 0,0 0,0 1,8 14,8 15:12 191 --------------------------------------------------------------------------------------- 8,3 25,7 31 -19,1 26 309,9 0,0 15,1 2,5 35,3 14 121