MONTHLY CLIMATOLOGICAL SUMMARY for apr 2021 NAME: Loc.Campagnola (Sacile) ELEV: 31 meters LAT: 45-56.65 N LONG: 012-28.80 E TEMPERATURE (C), RAIN (mm), WIND SPEED (km/h) HEAT COOL AVG MEAN DEG DEG WIND DOM DAY TEMP HIGH TIME LOW TIME DAYS DAYS RAIN SPEED HIGH TIME DIR --------------------------------------------------------------------------------------- 01 16,3 25,9 15:52 7,3 07:00 2,0 0,0 0,0 1,3 11,9 18:10 159 02 16,3 25,0 15:53 7,8 07:13 2,0 0,0 0,0 2,2 16,6 21:37 101 03 14,5 19,2 13:30 11,5 23:52 3,9 0,0 0,6 4,3 22,7 12:03 85 04 11,8 15,9 16:40 7,3 00:00 6,6 0,0 0,0 4,8 21,2 17:05 197 05 9,5 19,9 10:35 1,7 07:11 8,8 0,0 0,0 5,0 26,3 16:01 198 06 7,6 9,9 09:55 1,4 23:56 10,7 0,0 0,0 5,6 27,0 11:57 69 07 4,9 12,6 14:48 -2,2 05:20 13,4 0,0 0,0 1,9 16,6 16:11 64 08 6,7 15,8 15:34 -2,9 06:34 11,7 0,0 0,0 2,4 20,5 14:03 167 09 9,6 16,3 14:56 1,5 05:30 8,8 0,0 0,0 2,9 18,7 09:53 126 10 11,8 19,2 15:12 5,6 04:23 6,5 0,0 0,0 2,5 22,0 17:07 163 11 10,2 11,4 00:01 9,2 06:22 8,2 0,0 23,0 1,0 9,0 16:49 41 12 11,2 12,4 15:30 9,4 23:49 7,2 0,0 77,6 1,8 15,8 22:17 54 13 9,0 12,3 15:27 6,9 23:51 9,4 0,0 21,0 4,9 17,3 04:55 206 14 8,4 15,2 15:03 0,9 06:18 9,9 0,0 0,0 2,3 17,3 15:33 182 15 9,1 13,9 13:43 5,4 23:55 9,2 0,0 0,0 2,9 18,4 17:04 166 16 8,9 15,2 16:48 1,0 06:35 9,4 0,0 0,0 3,0 22,3 10:31 141 17 10,5 16,9 15:19 2,9 06:51 7,8 0,0 0,0 2,3 16,9 17:27 101 18 10,3 14,8 15:22 3,7 06:57 8,1 0,0 0,0 1,4 14,8 12:31 176 19 11,7 18,4 16:56 4,9 06:26 6,6 0,0 2,6 2,3 19,8 14:58 224 20 11,1 20,1 17:14 3,6 06:02 7,2 0,0 0,0 1,5 17,3 17:53 209 21 11,8 18,5 15:16 5,4 06:29 6,5 0,0 5,9 2,2 24,8 17:35 101 22 13,3 18,3 15:50 7,9 06:33 5,0 0,0 0,0 2,2 16,2 15:03 130 23 14,8 20,9 15:02 9,9 05:49 3,5 0,0 0,0 2,5 15,5 16:17 173 24 14,9 21,8 14:53 7,8 06:15 3,4 0,0 0,0 2,1 20,5 14:42 159 25 15,5 24,1 16:33 7,2 06:25 2,9 0,0 0,0 2,0 14,8 13:35 200 26 13,9 16,5 13:21 11,9 01:11 4,4 0,0 0,0 3,0 23,0 06:39 46 27 12,4 15,8 16:08 7,9 23:53 5,9 0,0 0,0 3,2 19,1 13:09 61 28 13,6 20,6 15:50 6,1 04:17 4,8 0,0 0,0 2,1 16,2 15:14 111 29 14,6 18,6 14:26 12,1 04:45 3,7 0,0 3,9 0,5 7,2 11:33 153 30 16,1 21,5 14:23 13,4 04:52 2,2 0,0 11,8 2,0 20,9 15:43 176 --------------------------------------------------------------------------------------- 11,7 25,9 01 -2,9 08 199,9 0,0 146,7 2,6 27,0 06 139