MONTHLY CLIMATOLOGICAL SUMMARY for mag 2021 NAME: Loc.Campagnola (Sacile) ELEV: 31 meters LAT: 45-56.65 N LONG: 012-28.80 E TEMPERATURE (C), RAIN (mm), WIND SPEED (km/h) HEAT COOL AVG MEAN DEG DEG WIND DOM DAY TEMP HIGH TIME LOW TIME DAYS DAYS RAIN SPEED HIGH TIME DIR --------------------------------------------------------------------------------------- 01 16,9 22,6 14:54 11,5 06:05 1,4 0,0 24,3 2,8 16,9 20:40 86 02 15,5 21,8 15:14 9,5 23:38 2,9 0,0 25,0 6,5 31,0 12:02 195 03 13,2 19,8 15:53 7,4 06:14 5,1 0,0 1,3 1,8 14,8 15:40 174 04 13,8 19,4 13:27 7,4 06:08 4,5 0,0 0,6 2,2 17,3 15:01 158 05 14,2 18,3 17:37 9,4 04:09 4,1 0,0 0,0 1,2 17,3 14:31 124 06 12,3 14,1 17:37 10,0 02:34 6,1 0,0 0,0 3,5 20,9 08:41 49 07 14,8 20,1 13:47 12,4 04:17 3,5 0,0 2,6 1,1 16,9 21:25 57 08 14,7 20,6 16:22 9,1 05:31 3,6 0,0 0,0 2,8 21,2 15:08 168 09 15,8 24,1 16:41 6,8 05:26 2,5 0,0 0,0 1,5 12,2 15:24 176 10 17,7 24,3 15:27 10,9 06:06 0,6 0,0 0,0 2,5 17,6 17:20 83 11 16,8 21,9 15:00 11,3 04:52 1,5 0,0 3,9 1,9 15,1 09:03 66 12 14,8 19,2 17:07 12,4 05:50 3,5 0,0 21,7 1,5 14,4 15:37 55 13 14,1 19,9 14:20 11,8 05:10 4,3 0,0 30,9 1,2 13,0 14:43 147 14 13,3 18,2 13:00 10,4 01:45 5,1 0,0 21,7 1,9 21,2 18:43 9 15 15,4 19,9 14:06 10,9 05:24 2,9 0,0 1,3 2,0 13,7 18:32 201 16 15,5 20,2 12:50 10,4 05:04 2,8 0,0 3,3 2,5 15,8 17:04 133 17 14,2 19,5 12:43 10,1 23:49 4,1 0,0 47,4 1,8 16,2 07:13 125 18 15,0 23,3 15:24 7,5 05:35 3,3 0,0 9,2 1,6 12,6 16:54 101 19 12,8 17,7 14:36 10,1 05:38 5,5 0,0 19,7 2,8 19,1 12:09 227 20 14,4 21,8 14:11 6,9 05:45 3,9 0,0 0,0 1,0 14,4 16:11 217 21 15,8 21,6 14:45 9,1 04:08 2,5 0,0 0,0 2,2 16,9 19:06 100 22 15,9 19,8 16:33 13,6 23:33 2,4 0,0 1,3 0,8 12,2 11:27 79 23 16,5 24,3 15:00 12,9 04:43 1,9 0,0 5,9 3,2 20,2 14:39 78 24 13,3 14,5 00:30 10,9 04:02 5,0 0,0 40,1 1,4 22,7 14:32 46 25 15,0 20,3 14:35 12,1 23:22 3,3 0,0 7,2 3,4 31,3 15:50 151 26 16,1 22,9 15:00 8,9 06:10 2,2 0,0 0,0 2,2 16,9 10:22 99 27 16,2 23,6 15:36 11,4 23:51 2,1 0,0 13,2 2,4 17,3 18:21 101 28 16,8 23,3 15:58 9,0 05:45 1,5 0,0 0,0 2,8 17,3 11:49 192 29 18,1 24,1 15:07 13,8 00:21 0,2 0,0 2,0 1,0 8,6 09:25 79 30 17,3 22,2 15:51 11,9 05:15 1,1 0,0 0,7 1,9 15,8 12:06 178 31 17,8 22,9 16:10 13,1 23:57 0,6 0,0 0,0 2,6 16,6 17:27 214 --------------------------------------------------------------------------------------- 15,3 24,3 10 6,8 09 94,0 0,0 283,5 2,2 31,3 25 131