MONTHLY CLIMATOLOGICAL SUMMARY for giu 2021 NAME: Loc.Campagnola (Sacile) ELEV: 31 meters LAT: 45-56.65 N LONG: 012-28.80 E TEMPERATURE (C), RAIN (mm), WIND SPEED (km/h) HEAT COOL AVG MEAN DEG DEG WIND DOM DAY TEMP HIGH TIME LOW TIME DAYS DAYS RAIN SPEED HIGH TIME DIR --------------------------------------------------------------------------------------- 01 18,3 24,4 14:22 12,6 03:15 0,0 0,0 0,0 2,3 16,6 15:41 173 02 19,2 26,1 15:34 11,6 05:45 0,0 0,8 0,0 2,1 19,4 16:53 179 03 20,0 27,1 16:29 -20,0 09:52 0,0 1,7 0,0 1,0 12,6 15:29 158 04 21,4 28,8 16:21 -19,9 21:27 0,0 3,1 0,0 2,4 21,6 12:53 187 05 22,0 29,8 17:09 -19,7 09:14 0,0 3,6 7,2 1,5 15,5 18:14 148 06 20,7 26,3 14:45 17,1 05:40 0,0 2,4 15,1 1,5 18,7 17:46 66 07 20,4 26,9 12:03 -19,2 12:55 0,0 2,1 0,0 2,2 23,0 17:31 63 08 23,8 30,2 16:41 17,6 05:05 0,0 5,4 0,0 1,7 16,2 19:04 151 09 23,3 31,5 15:08 -19,5 08:23 0,0 5,0 0,0 1,3 11,2 15:46 249 10 22,5 29,6 14:36 -19,6 23:55 0,0 4,1 0,0 1,3 12,2 16:21 249 11 21,4 27,8 16:46 -19,6 00:00 0,0 3,1 0,0 1,7 18,0 17:48 236 12 23,7 30,4 16:05 15,2 05:41 0,0 5,3 0,0 2,0 17,6 17:26 203 13 25,1 31,1 14:21 19,3 05:45 0,0 6,8 0,0 2,2 14,8 15:16 120 14 23,5 28,3 14:43 20,1 05:38 0,0 5,2 0,0 2,8 15,1 15:13 168 15 23,3 28,8 15:04 17,3 05:32 0,0 5,0 0,0 2,9 20,2 15:19 197 16 24,1 30,8 17:30 16,4 06:00 0,0 5,8 0,0 1,5 13,3 15:09 140 17 25,4 31,4 15:31 17,8 05:45 0,0 7,1 0,0 2,1 15,8 16:48 175 18 25,2 30,6 16:41 19,8 04:24 0,0 6,9 0,7 1,5 10,4 19:15 186 19 25,9 31,9 15:27 18,8 05:15 0,0 7,6 0,0 2,2 14,8 09:25 162 20 26,5 31,8 15:12 20,9 05:08 0,0 8,1 0,0 1,6 12,2 11:20 148 21 22,7 32,8 16:00 -19,9 14:34 0,0 4,3 0,0 2,3 16,9 17:55 127 22 26,1 32,8 16:42 20,9 23:56 0,0 7,8 0,0 3,2 24,8 11:31 64 23 26,1 32,9 14:28 18,3 05:45 0,0 7,7 0,0 2,2 17,3 13:30 86 24 26,4 33,9 15:53 18,6 05:01 0,0 8,1 0,0 2,5 17,3 18:12 171 25 23,8 31,1 13:26 -6,0 23:33 0,0 5,5 23,7 3,7 25,2 10:22 80 26 24,1 31,1 13:51 -6,0 06:48 0,0 5,7 0,0 1,7 11,2 16:40 174 27 25,8 32,1 16:48 18,1 05:19 0,0 7,5 0,0 1,6 92,2 02:59 158 28 26,2 33,8 16:32 18,3 05:04 0,0 7,9 0,0 1,5 18,4 16:36 176 29 24,7 33,1 15:20 -5,1 05:24 0,0 6,4 11,2 2,8 22,0 20:45 80 30 23,4 30,7 16:12 17,7 23:55 0,0 5,0 0,0 1,9 20,5 15:47 141 --------------------------------------------------------------------------------------- 23,5 33,9 24 -20,0 03 0,0 154,8 57,9 2,0 92,2 27 150