MONTHLY CLIMATOLOGICAL SUMMARY for lug 2021 NAME: Loc.Campagnola (Sacile) ELEV: 31 meters LAT: 45-56.65 N LONG: 012-28.80 E TEMPERATURE (C), RAIN (mm), WIND SPEED (km/h) HEAT COOL AVG MEAN DEG DEG WIND DOM DAY TEMP HIGH TIME LOW TIME DAYS DAYS RAIN SPEED HIGH TIME DIR --------------------------------------------------------------------------------------- 01 22,2 29,2 15:11 -6,9 06:21 0,0 3,9 1,3 1,1 15,5 14:22 67 02 24,2 30,3 15:55 18,9 04:41 0,0 5,9 0,0 1,1 92,2 05:07 105 03 24,0 30,4 16:04 17,5 05:33 0,0 5,6 0,0 1,6 16,6 17:19 172 04 21,3 26,4 12:36 18,0 19:38 0,0 2,9 22,4 1,1 14,4 17:46 83 05 23,1 29,0 15:24 16,4 05:42 0,0 4,8 0,0 1,9 14,0 14:11 197 06 24,9 31,7 16:32 17,1 05:35 0,0 6,6 0,0 1,4 14,4 18:23 181 07 26,4 32,8 14:56 -2,0 06:27 0,0 8,1 0,0 1,6 13,7 15:16 71 08 25,1 32,1 15:15 19,6 06:00 0,0 6,7 9,2 2,7 25,2 22:06 53 09 22,8 29,8 17:14 -6,8 04:42 0,0 4,4 0,0 2,0 20,9 09:33 91 10 24,9 31,8 17:36 17,4 05:35 0,0 6,6 0,0 1,8 14,8 12:00 87 11 25,9 32,6 13:52 18,6 05:34 0,0 7,5 0,0 1,4 14,8 15:05 227 12 25,8 31,9 14:28 18,4 05:56 0,0 7,4 0,0 2,0 92,2 04:20 133 13 22,8 29,8 13:18 -19,8 20:43 0,0 4,5 2,6 4,5 36,4 22:22 59 14 19,8 26,4 11:48 -19,6 08:56 0,0 1,5 0,0 3,0 92,9 05:20 187 15 20,6 27,2 16:57 13,9 04:59 0,0 2,3 0,0 0,6 11,2 15:54 113 16 20,7 26,4 12:06 -6,9 06:50 0,0 2,3 1,3 1,5 20,9 13:19 68 17 22,1 26,4 13:31 16,7 05:55 0,0 3,8 0,7 1,1 92,2 09:44 295 18 25,5 35,9 15:47 -5,1 06:20 0,0 7,1 0,0 1,3 15,1 16:47 212 19 26,5 34,0 15:16 18,1 06:13 0,0 8,2 0,0 2,0 16,6 17:40 187 20 26,2 31,6 14:13 20,6 02:33 0,0 7,8 0,0 2,3 92,2 03:11 161 21 26,1 31,8 14:59 20,9 04:28 0,0 7,8 0,0 2,4 13,7 07:27 99 22 25,3 31,8 15:13 21,0 01:05 0,0 6,9 0,6 1,7 11,9 08:15 83 23 24,9 32,8 15:42 16,8 06:11 0,0 6,5 0,0 1,7 15,5 18:16 146 24 25,5 31,8 13:33 19,0 06:03 0,0 7,2 0,0 1,3 15,5 16:13 164 25 25,7 30,9 14:33 20,2 05:57 0,0 7,3 0,0 3,6 19,8 11:36 70 26 24,1 31,2 14:00 18,8 05:42 0,0 5,8 18,4 2,8 21,2 11:37 67 27 21,7 28,6 14:42 -19,9 13:24 0,0 3,3 17,8 1,6 30,2 19:06 69 28 22,3 31,5 17:16 -19,1 11:54 0,0 4,0 5,9 0,9 19,1 18:59 182 29 24,7 31,9 15:51 17,7 05:45 0,0 6,4 0,0 1,0 15,1 13:05 163 30 25,3 31,3 13:25 19,0 06:35 0,0 6,9 0,0 2,4 29,5 21:04 177 31 25,3 31,3 17:30 19,4 05:30 0,0 7,0 0,0 1,1 183,6 00:59 81 --------------------------------------------------------------------------------------- 24,1 35,9 18 -19,9 27 0,0 177,2 80,3 1,8 183,6 31 107