MONTHLY CLIMATOLOGICAL SUMMARY for ago 2021 NAME: Loc.Campagnola (Sacile) ELEV: 31 meters LAT: 45-56.65 N LONG: 012-28.80 E TEMPERATURE (C), RAIN (mm), WIND SPEED (km/h) HEAT COOL AVG MEAN DEG DEG WIND DOM DAY TEMP HIGH TIME LOW TIME DAYS DAYS RAIN SPEED HIGH TIME DIR --------------------------------------------------------------------------------------- 01 21,8 29,0 12:45 16,8 23:25 0,0 3,5 10,5 1,6 27,7 13:33 251 02 20,0 27,4 15:06 14,4 06:04 0,0 1,7 0,7 2,2 24,1 14:41 65 03 22,1 29,1 14:40 15,0 06:10 0,0 3,8 0,0 1,0 12,2 12:48 174 04 22,5 28,1 14:24 18,6 03:09 0,0 4,2 0,7 1,1 15,1 12:03 54 05 22,4 28,3 16:00 17,4 22:25 0,0 4,1 32,9 2,9 17,3 10:47 191 06 22,7 29,5 14:41 16,2 06:20 0,0 4,4 0,0 1,4 12,6 12:29 109 07 24,3 30,2 15:26 19,5 02:02 0,0 6,0 0,0 1,7 13,3 15:26 68 08 24,4 30,3 12:25 19,1 23:37 0,0 6,0 7,2 1,6 14,8 13:01 60 09 24,1 32,1 15:43 17,5 05:48 0,0 5,8 0,0 2,2 21,2 09:45 50 10 24,9 32,3 14:16 17,3 06:05 0,0 6,5 0,0 1,0 9,7 14:40 173 11 25,8 33,9 15:43 18,0 06:03 0,0 7,5 0,0 0,9 10,4 14:35 166 12 26,8 34,4 15:48 19,2 06:00 0,0 8,5 0,0 0,8 8,3 11:25 139 13 27,2 34,9 16:05 20,2 06:07 0,0 8,9 0,0 0,5 7,9 13:52 168 14 27,8 35,8 16:04 19,9 06:35 0,0 9,4 0,0 0,9 9,7 12:53 175 15 27,5 35,2 16:44 21,2 06:40 0,0 9,2 8,5 0,9 14,4 14:18 126 16 25,2 32,9 17:11 18,8 23:29 0,0 6,9 9,9 2,7 43,2 22:04 48 17 22,3 29,1 14:29 15,6 06:06 0,0 3,9 0,0 1,7 11,9 12:44 108 18 22,4 28,2 17:12 17,8 06:30 0,0 4,1 0,0 2,5 16,9 10:55 59 19 22,5 29,4 15:56 14,9 06:22 0,0 4,2 0,0 1,5 13,3 11:04 85 20 23,0 30,2 15:55 16,4 06:05 0,0 4,7 0,0 1,3 13,7 10:27 115 21 23,8 31,1 14:58 15,8 06:11 0,0 5,5 0,0 1,1 10,4 15:04 162 22 24,5 31,5 15:50 17,6 06:04 0,0 6,2 0,0 0,8 9,0 14:33 155 23 21,4 25,3 15:26 16,1 23:53 0,0 3,1 0,7 2,7 24,1 12:15 67 24 21,4 29,8 15:55 13,5 06:12 0,0 3,1 0,0 1,2 14,4 11:25 81 25 21,2 27,8 16:58 15,9 06:28 0,0 2,9 0,0 1,0 10,8 14:00 139 26 20,8 28,5 15:11 13,9 03:38 0,0 2,5 0,0 1,6 15,5 23:56 169 27 19,6 25,9 16:30 15,0 06:36 0,0 1,2 3,3 2,4 19,1 01:58 71 28 18,7 25,1 17:01 14,5 23:43 0,0 0,3 2,6 2,6 93,2 04:55 58 29 12,8 25,8 16:32 -19,5 04:03 5,6 0,0 21,7 2,1 20,5 16:38 195 30 12,1 24,1 14:01 -19,9 04:38 6,2 0,0 0,6 0,7 12,6 13:25 162 31 10,0 27,3 15:10 -19,9 01:33 8,4 0,0 0,7 1,1 9,7 12:43 178 --------------------------------------------------------------------------------------- 22,1 35,8 14 -19,9 30 20,2 138,0 100,0 1,5 93,2 28 93