MONTHLY CLIMATOLOGICAL SUMMARY for set 2021 NAME: Loc.Campagnola (Sacile) ELEV: 31 meters LAT: 45-56.65 N LONG: 012-28.80 E TEMPERATURE (C), RAIN (mm), WIND SPEED (km/h) HEAT COOL AVG MEAN DEG DEG WIND DOM DAY TEMP HIGH TIME LOW TIME DAYS DAYS RAIN SPEED HIGH TIME DIR --------------------------------------------------------------------------------------- 01 17,4 28,1 15:18 -19,8 05:48 0,9 0,0 0,0 1,5 13,3 18:02 177 02 20,4 26,7 16:14 15,3 06:37 0,0 2,1 0,0 1,5 14,4 15:16 154 03 20,9 27,2 17:20 13,9 06:46 0,0 2,5 0,0 1,0 9,7 11:39 95 04 19,9 27,9 14:38 12,1 06:40 0,0 1,5 0,0 1,2 11,9 17:57 164 05 21,1 28,8 15:13 14,1 06:22 0,0 2,8 0,0 1,0 13,0 13:03 92 06 21,3 29,7 16:36 12,8 06:19 0,0 3,0 0,0 1,3 14,8 10:41 74 07 21,1 28,9 15:58 12,6 06:22 0,0 2,7 0,0 0,7 9,0 11:48 94 08 21,2 27,9 13:54 14,8 22:02 0,0 2,9 0,0 3,0 24,1 10:57 67 09 19,6 28,3 16:12 10,9 06:38 0,0 1,3 0,0 1,0 12,6 12:21 87 10 19,0 28,6 15:41 9,9 06:46 0,0 0,7 0,0 1,2 14,8 16:58 164 11 19,6 28,3 14:45 11,9 06:36 0,0 1,3 0,0 0,6 13,7 15:10 141 12 21,8 30,1 15:22 13,8 06:38 0,0 3,4 0,0 0,8 11,5 16:56 168 13 21,8 31,0 15:21 13,5 06:49 0,0 3,4 0,0 0,8 11,2 15:25 164 14 21,4 30,3 15:52 13,5 06:07 0,0 3,0 0,0 1,2 15,8 17:02 169 15 21,4 28,0 13:32 14,1 06:32 0,0 3,0 0,0 0,7 7,9 14:04 158 16 21,4 24,4 15:39 19,3 23:26 0,0 3,1 3,3 1,3 10,8 16:48 167 17 20,8 25,9 15:25 17,6 03:54 0,0 2,5 25,7 1,2 15,1 02:58 92 18 20,8 26,5 16:29 17,1 03:23 0,0 2,4 0,0 1,8 15,5 15:29 72 19 18,6 21,8 12:52 16,1 23:36 0,0 0,2 2,6 1,4 11,9 11:13 51 20 18,3 25,5 16:12 12,9 05:06 0,0 0,0 0,0 1,8 14,8 16:51 68 21 17,3 23,3 14:33 13,6 22:58 1,0 0,0 0,0 1,2 16,6 14:41 157 22 16,6 22,6 13:55 12,1 23:59 1,7 0,0 0,0 0,5 10,4 10:45 101 23 16,2 23,1 14:31 9,3 06:42 2,1 0,0 0,0 1,3 10,1 13:15 210 24 18,5 23,9 16:07 14,8 21:30 0,0 0,1 0,0 1,2 20,5 08:55 65 25 19,3 24,9 15:38 15,4 01:15 0,0 0,9 0,0 0,5 7,6 12:42 152 26 19,7 23,8 14:35 17,2 03:12 0,0 1,4 0,0 0,5 7,6 10:39 67 27 19,7 26,2 15:37 15,5 07:30 0,0 1,4 0,0 0,5 7,6 17:08 182 28 19,9 28,9 16:25 12,9 07:02 0,0 1,6 0,0 1,5 13,3 14:38 200 29 20,5 27,9 14:46 14,6 06:01 0,0 2,1 18,4 1,4 24,5 23:43 141 30 18,6 24,8 15:48 12,9 07:02 0,0 0,3 15,1 2,7 16,2 13:06 66 --------------------------------------------------------------------------------------- 19,8 31,0 13 -19,8 01 5,8 49,8 65,1 1,2 24,5 29 109