MONTHLY CLIMATOLOGICAL SUMMARY for ott 2021 NAME: Loc.Campagnola (Sacile) ELEV: 31 meters LAT: 45-56.65 N LONG: 012-28.80 E TEMPERATURE (C), RAIN (mm), WIND SPEED (km/h) HEAT COOL AVG MEAN DEG DEG WIND DOM DAY TEMP HIGH TIME LOW TIME DAYS DAYS RAIN SPEED HIGH TIME DIR --------------------------------------------------------------------------------------- 01 17,0 24,0 14:26 10,5 06:20 1,3 0,0 0,0 1,6 14,8 11:33 70 02 15,6 22,5 14:08 9,3 06:28 2,8 0,0 0,0 0,6 11,9 15:19 164 03 18,1 25,3 15:03 14,2 05:15 0,2 0,0 0,0 0,9 11,9 14:31 170 04 19,1 25,6 12:58 14,9 01:41 0,0 0,8 34,9 1,3 14,8 15:26 65 05 18,9 24,6 14:18 16,1 22:50 0,0 0,6 17,8 1,4 23,4 16:29 170 06 16,7 19,7 10:15 13,0 23:59 1,6 0,0 3,9 4,4 25,2 21:50 46 07 14,8 18,9 12:21 12,9 00:05 3,5 0,0 0,7 1,5 24,8 12:51 53 08 15,2 21,8 14:42 10,1 23:49 3,1 0,0 0,0 1,7 16,9 15:23 70 09 12,5 20,2 12:21 6,1 07:10 5,9 0,0 0,0 2,2 20,9 14:33 71 10 11,1 18,8 15:09 3,8 07:33 7,2 0,0 0,0 1,3 9,7 13:39 169 11 12,7 20,1 14:40 6,2 07:23 5,6 0,0 0,0 1,7 14,8 17:21 182 12 11,0 17,9 15:10 6,1 04:35 7,4 0,0 0,0 0,3 8,3 14:44 82 13 11,4 19,6 15:27 4,8 07:46 7,0 0,0 0,0 1,1 10,8 16:48 132 14 9,7 17,6 15:33 2,9 07:13 8,6 0,0 0,0 1,5 16,2 12:32 233 15 9,5 18,6 15:06 2,0 07:34 8,9 0,0 0,0 0,6 10,4 15:32 181 16 12,0 22,3 13:55 3,9 04:14 6,3 0,0 0,0 0,4 7,6 15:31 171 17 12,0 21,3 15:05 5,0 07:13 6,3 0,0 0,0 0,6 11,5 15:05 110 18 11,0 21,3 16:06 4,4 07:13 7,4 0,0 0,0 0,5 10,1 13:32 155 19 11,1 18,9 13:19 4,4 06:23 7,3 0,0 0,0 0,4 7,6 12:18 172 20 11,5 16,1 13:55 6,1 06:23 6,9 0,0 0,0 0,5 9,7 15:33 58 21 13,2 14,3 13:28 11,3 23:56 5,2 0,0 2,6 0,2 7,6 17:37 41 22 13,0 19,6 14:39 7,4 07:46 5,3 0,0 0,7 0,6 8,6 14:56 96 23 13,8 21,1 13:41 8,7 07:05 4,5 0,0 0,0 1,7 19,1 16:22 58 24 12,1 18,1 15:14 6,4 00:00 6,2 0,0 0,0 2,1 19,1 11:06 58 25 9,4 16,5 14:18 4,1 04:57 9,0 0,0 0,0 1,1 12,2 13:05 64 26 10,2 18,1 13:37 4,1 07:47 8,2 0,0 0,0 0,5 7,9 14:11 81 27 9,6 20,1 15:40 2,3 07:50 8,8 0,0 0,0 0,8 11,9 11:23 81 28 10,1 19,8 13:29 2,4 07:40 8,2 0,0 0,0 0,7 8,6 13:57 112 29 9,2 17,9 15:25 2,8 07:33 9,1 0,0 0,0 1,3 14,8 14:16 74 30 9,0 19,0 14:53 1,5 07:10 9,4 0,0 0,0 0,6 9,4 13:55 105 31 10,1 17,6 13:00 6,1 06:55 8,3 0,0 0,0 0,5 8,6 13:47 92 --------------------------------------------------------------------------------------- 12,6 25,6 04 1,5 30 179,3 1,3 60,5 1,1 25,2 06 83