MONTHLY CLIMATOLOGICAL SUMMARY for nov 2021 NAME: Loc.Campagnola (Sacile) ELEV: 31 meters LAT: 45-56.65 N LONG: 012-28.80 E TEMPERATURE (C), RAIN (mm), WIND SPEED (km/h) HEAT COOL AVG MEAN DEG DEG WIND DOM DAY TEMP HIGH TIME LOW TIME DAYS DAYS RAIN SPEED HIGH TIME DIR --------------------------------------------------------------------------------------- 01 10,5 13,5 19:55 5,6 01:12 7,9 0,0 92,1 2,3 17,3 21:42 34 02 12,0 16,8 14:59 7,3 23:57 6,4 0,0 0,0 1,4 12,6 13:01 170 03 11,4 14,9 12:25 6,9 00:57 6,9 0,0 27,0 1,1 19,1 10:35 41 04 12,3 17,1 12:24 5,1 23:38 6,1 0,0 3,9 3,1 24,5 03:00 194 05 9,5 17,6 13:21 2,4 06:54 8,8 0,0 0,0 1,4 15,1 12:41 67 06 8,7 16,3 11:22 2,4 05:16 9,6 0,0 0,0 2,0 16,9 11:57 61 07 8,6 16,1 12:53 3,4 04:05 9,8 0,0 0,0 1,0 12,6 13:42 207 08 9,9 12,8 14:00 6,6 23:47 8,4 0,0 15,8 1,4 17,3 15:55 47 09 8,4 15,3 14:33 3,4 06:42 10,0 0,0 0,0 1,3 16,9 10:01 52 10 9,7 18,4 14:56 4,4 06:59 8,6 0,0 0,0 0,8 10,1 11:47 196 11 10,7 19,5 14:40 5,0 07:13 7,6 0,0 0,0 0,6 8,3 03:15 209 12 10,7 17,3 12:32 5,8 03:42 7,7 0,0 0,0 0,6 10,1 12:32 95 13 11,9 13,1 11:59 10,8 04:25 6,4 0,0 2,6 0,2 6,1 23:26 44 14 12,7 14,9 15:35 11,1 23:45 5,7 0,0 24,3 3,3 21,6 10:39 42 15 11,8 16,4 14:15 7,8 20:57 6,5 0,0 0,0 1,4 12,2 13:36 38 16 10,9 14,6 12:27 7,6 02:34 7,4 0,0 0,0 0,3 11,9 18:35 37 17 11,8 15,3 12:20 9,3 03:31 6,6 0,0 1,3 0,0 3,2 14:59 229 18 10,3 16,1 13:42 5,8 07:27 8,1 0,0 0,0 0,9 14,8 13:59 59 19 8,7 15,7 13:05 3,9 00:00 9,6 0,0 0,0 0,4 7,6 13:10 199 20 6,8 13,6 14:06 1,9 06:04 11,6 0,0 0,0 0,6 7,6 12:55 168 21 6,5 8,4 15:12 4,8 06:50 11,8 0,0 0,0 0,2 4,0 15:06 242 22 10,1 13,0 14:35 7,4 00:00 8,2 0,0 3,3 0,4 7,6 22:20 30 23 8,9 14,6 13:37 2,3 23:20 9,4 0,0 0,0 2,1 17,6 10:25 61 24 4,5 12,6 13:20 -1,1 06:48 13,8 0,0 0,0 0,5 7,9 14:22 121 25 3,8 8,1 14:19 -1,8 07:15 14,5 0,0 1,3 0,2 24,1 03:06 266 26 7,9 9,0 13:16 6,9 02:32 10,5 0,0 19,7 0,5 6,1 20:55 294 27 8,6 12,3 14:35 7,2 00:00 9,7 0,0 9,9 0,8 7,9 03:29 43 28 7,3 12,3 13:14 4,3 22:35 11,0 0,0 13,2 1,0 22,3 18:12 67 29 5,0 10,9 13:50 -0,9 23:56 13,4 0,0 0,0 0,3 7,6 11:45 61 30 1,5 7,9 14:04 -2,1 07:30 16,8 0,0 0,0 0,4 9,7 11:19 71 --------------------------------------------------------------------------------------- 9,0 19,5 11 -2,1 30 278,5 0,0 214,5 1,0 24,5 04 65