MONTHLY CLIMATOLOGICAL SUMMARY for dic 2021 NAME: Loc.Campagnola (Sacile) ELEV: 31 meters LAT: 45-56.65 N LONG: 012-28.80 E TEMPERATURE (C), RAIN (mm), WIND SPEED (km/h) HEAT COOL AVG MEAN DEG DEG WIND DOM DAY TEMP HIGH TIME LOW TIME DAYS DAYS RAIN SPEED HIGH TIME DIR --------------------------------------------------------------------------------------- 01 4,0 9,8 13:40 -1,7 02:08 14,3 0,0 0,0 0,8 14,4 12:19 66 02 6,6 8,4 13:33 5,4 04:29 11,7 0,0 10,5 0,7 15,8 20:14 281 03 6,0 12,0 13:48 1,1 23:35 12,3 0,0 0,0 0,3 9,4 14:48 80 04 3,9 7,2 11:59 0,4 01:48 14,4 0,0 0,0 0,4 10,8 22:04 41 05 5,2 6,9 14:51 4,2 01:45 13,1 0,0 5,9 0,8 13,0 08:02 209 06 4,5 11,9 13:09 -1,1 23:34 13,8 0,0 0,0 0,9 11,5 14:02 198 07 1,5 9,2 13:56 -2,5 22:47 16,8 0,0 0,0 0,0 5,0 11:47 110 08 2,0 6,2 21:17 -3,2 03:54 16,3 0,0 21,7 3,3 29,2 21:07 30 09 5,3 7,3 03:28 1,6 23:57 13,1 0,0 13,2 1,4 13,0 01:21 39 10 3,3 8,1 12:53 0,2 07:36 15,0 0,0 0,0 0,3 6,1 13:38 45 11 3,5 11,0 13:20 -1,4 23:41 14,9 0,0 0,0 0,9 8,6 12:48 194 12 2,0 11,9 14:00 -3,3 07:46 16,3 0,0 1,3 0,2 4,3 12:28 206 13 3,1 13,3 15:17 -1,2 01:32 15,2 0,0 0,0 0,0 4,0 11:26 51 14 2,9 10,9 12:21 -2,2 06:26 15,5 0,0 0,0 0,0 1,4 11:38 149 15 4,3 13,5 14:43 -0,7 04:17 14,1 0,0 0,0 0,0 6,5 13:45 88 16 3,9 11,4 14:14 -0,9 05:15 14,4 0,0 0,0 0,5 9,7 13:49 62 17 3,7 11,2 12:53 -1,2 07:03 14,6 0,0 0,0 0,5 7,6 14:38 72 18 3,5 11,8 13:16 -1,2 22:54 14,8 0,0 0,0 0,4 8,3 13:50 215 19 -0,3 2,9 14:40 -3,8 07:35 18,7 0,0 0,0 0,3 7,9 12:35 131 20 2,7 12,8 13:21 -1,6 05:00 15,6 0,0 0,0 0,4 10,8 10:28 69 21 3,4 6,5 13:23 -0,9 00:41 14,9 0,0 0,0 0,4 7,2 17:10 32 22 2,4 9,3 13:03 -2,1 07:08 15,9 0,0 0,0 0,6 10,1 13:51 55 23 0,7 6,1 13:38 -3,6 04:44 17,6 0,0 0,0 0,2 5,8 12:25 179 24 1,7 6,3 14:45 -2,7 05:46 16,6 0,0 0,0 0,0 3,6 13:18 270 25 4,7 7,9 14:15 -0,2 00:05 13,7 0,0 0,0 0,0 4,7 13:15 202 26 5,4 11,2 14:19 0,9 06:21 13,0 0,0 0,0 0,3 10,8 14:08 72 27 4,6 8,8 13:45 -0,2 07:45 13,8 0,0 0,0 0,1 5,8 11:48 186 28 6,6 8,9 13:01 4,3 02:15 11,7 0,0 0,0 0,0 3,6 10:50 139 29 4,5 9,9 12:23 -0,6 07:58 13,9 0,0 0,0 0,1 9,7 22:43 222 30 4,6 13,4 14:47 -0,8 06:55 13,7 0,0 0,0 0,0 5,4 01:00 230 31 3,5 12,5 14:48 -1,7 07:55 14,8 0,0 0,0 0,2 14,8 14:26 145 --------------------------------------------------------------------------------------- 3,7 13,5 15 -3,8 19 454,7 0,0 52,6 0,5 29,2 08 58