MONTHLY CLIMATOLOGICAL SUMMARY for gen 2022 NAME: Loc.Campagnola (Sacile) ELEV: 31 meters LAT: 45-56.65 N LONG: 012-28.80 E TEMPERATURE (C), RAIN (mm), WIND SPEED (km/h) HEAT COOL AVG MEAN DEG DEG WIND DOM DAY TEMP HIGH TIME LOW TIME DAYS DAYS RAIN SPEED HIGH TIME DIR --------------------------------------------------------------------------------------- 01 2,0 8,9 15:03 -1,4 08:14 16,4 0,0 0,0 0,2 7,9 15:35 155 02 1,6 5,6 22:15 -1,5 06:54 16,7 0,0 0,0 0,2 6,8 22:22 275 03 6,3 8,3 13:36 4,3 00:00 12,0 0,0 0,0 0,2 6,1 15:36 214 04 6,2 6,8 13:12 5,0 02:25 12,1 0,0 0,0 0,1 7,2 07:21 48 05 7,3 9,3 15:43 4,9 22:10 11,0 0,0 37,5 2,5 95,4 17:04 48 06 4,8 11,1 15:04 -0,7 23:10 13,5 0,0 2,6 1,2 14,0 00:02 257 07 1,9 8,2 14:55 -2,1 07:32 16,5 0,0 0,0 0,9 11,5 11:53 60 08 0,3 8,4 15:07 -4,7 08:05 18,0 0,0 0,0 0,5 6,5 02:29 203 09 1,7 6,3 13:50 -3,0 00:41 16,6 0,0 0,0 0,1 5,0 13:12 199 10 2,7 11,0 14:49 -19,4 18:04 15,7 0,0 0,0 0,9 11,2 14:21 220 11 2,3 11,9 13:55 -3,9 07:25 16,0 0,0 0,0 1,4 12,2 22:18 209 12 0,8 9,8 14:13 -5,0 07:59 17,5 0,0 0,0 1,1 12,2 12:20 189 13 0,5 9,9 15:41 -5,6 07:15 17,8 0,0 0,0 0,2 5,4 14:51 107 14 1,7 11,2 15:02 -4,1 07:38 16,6 0,0 0,0 0,3 5,8 14:18 174 15 4,0 14,3 14:31 -2,9 04:05 14,4 0,0 0,0 0,9 9,7 13:26 52 16 3,4 12,9 14:40 -2,4 07:33 14,9 0,0 0,0 0,5 6,8 12:26 169 17 3,3 11,5 14:03 -1,9 07:45 15,1 0,0 0,0 1,0 10,1 14:26 149 18 3,4 14,1 15:21 -2,7 07:15 14,9 0,0 0,0 0,3 8,3 00:58 185 19 2,8 10,6 14:03 -3,2 07:25 15,5 0,0 0,0 0,7 9,4 13:27 166 20 3,7 9,7 12:26 -1,1 23:26 14,6 0,0 0,0 0,8 10,8 14:56 191 21 2,3 9,8 14:26 -3,2 05:30 16,0 0,0 0,0 2,1 14,8 10:41 195 22 0,7 7,5 15:14 -4,7 07:55 17,7 0,0 0,0 1,9 19,4 13:15 62 23 1,8 10,5 14:10 -3,5 05:25 16,5 0,0 0,0 0,6 7,2 12:35 151 24 3,8 9,8 14:53 -3,0 07:42 14,5 0,0 0,0 1,7 14,8 16:04 101 25 3,9 9,1 13:58 -1,9 23:55 14,4 0,0 0,0 0,5 8,3 14:00 152 26 1,5 8,9 14:18 -2,6 01:17 16,8 0,0 0,0 0,5 7,2 13:25 178 27 1,3 5,3 14:50 -3,1 07:01 17,1 0,0 0,0 0,1 4,7 17:22 171 28 4,5 10,9 14:37 -0,7 23:17 13,8 0,0 0,0 2,8 16,9 10:00 229 29 2,7 11,2 14:25 -3,9 07:51 15,6 0,0 0,0 1,4 14,4 14:52 191 30 2,7 11,2 15:20 -3,2 07:20 15,7 0,0 0,0 1,1 12,6 14:07 78 31 2,4 9,7 15:06 -2,7 04:15 16,0 0,0 0,0 1,3 13,7 12:45 74 --------------------------------------------------------------------------------------- 2,9 14,3 15 -19,4 10 479,8 0,0 40,1 0,9 95,4 05 148