MONTHLY CLIMATOLOGICAL SUMMARY for feb 2022 NAME: Loc.Campagnola (Sacile) ELEV: 31 meters LAT: 45-56.65 N LONG: 012-28.80 E TEMPERATURE (C), RAIN (mm), WIND SPEED (km/h) HEAT COOL AVG MEAN DEG DEG WIND DOM DAY TEMP HIGH TIME LOW TIME DAYS DAYS RAIN SPEED HIGH TIME DIR --------------------------------------------------------------------------------------- 01 3,5 13,3 14:38 -3,1 07:15 14,8 0,0 0,0 2,7 18,7 13:28 213 02 6,0 13,3 14:07 0,4 07:20 12,4 0,0 0,0 2,4 23,4 19:11 115 03 6,0 13,8 14:09 -1,1 03:48 12,3 0,0 0,0 1,8 14,8 13:04 136 04 5,6 13,5 13:36 -0,4 06:41 12,7 0,0 0,0 0,7 12,2 13:36 119 05 4,8 13,9 13:29 -1,2 07:05 13,5 0,0 0,0 0,5 6,8 13:38 106 06 5,5 8,1 15:35 1,3 01:29 12,8 0,0 0,0 0,7 9,7 10:37 91 07 8,2 14,6 12:56 1,4 22:44 10,1 0,0 0,0 4,1 31,0 13:45 329 08 4,9 13,2 15:41 -1,3 07:37 13,4 0,0 0,0 1,7 13,3 12:24 168 09 4,3 14,4 14:21 -2,9 07:25 14,1 0,0 0,0 0,9 10,1 12:02 176 10 2,9 11,1 13:27 -2,7 04:45 15,5 0,0 0,0 1,1 10,8 13:00 101 11 4,7 12,6 13:48 -2,2 07:17 13,6 0,0 0,0 1,1 15,8 13:28 80 12 4,3 12,6 13:29 -3,7 07:21 14,0 0,0 0,0 2,1 18,7 11:40 77 13 2,9 11,6 14:55 -4,1 06:50 15,5 0,0 0,0 1,0 14,8 11:30 99 14 2,9 6,9 12:40 -2,8 01:40 15,4 0,0 0,0 0,2 5,0 12:05 114 15 7,0 8,7 11:20 4,3 00:05 11,3 0,0 39,4 3,2 27,0 11:10 32 16 6,6 11,9 12:00 1,3 07:15 11,8 0,0 4,1 2,2 15,8 13:15 167 17 7,0 9,7 15:45 4,9 20:20 11,3 0,0 0,0 2,3 14,8 13:30 50 18 8,4 14,7 13:05 1,4 06:40 9,9 0,0 0,0 1,4 13,0 15:45 103 19 8,9 11,5 15:10 7,8 20:40 9,4 0,0 0,8 1,0 8,7 23:50 70 20 10,8 14,4 14:00 8,1 05:15 7,6 0,0 0,0 2,3 13,0 10:15 190 21 7,7 10,8 16:20 1,8 23:15 10,6 0,0 0,0 1,6 9,7 16:30 42 22 6,8 15,7 14:00 -0,7 07:15 11,5 0,0 0,0 2,5 18,7 14:45 196 23 6,6 15,8 15:25 -0,8 06:45 11,7 0,0 0,0 1,2 11,6 11:15 101 24 6,5 14,2 14:15 -0,8 06:20 11,9 0,0 0,0 0,9 9,7 13:20 96 25 7,2 39,3 23:50 -0,1 05:20 11,2 0,0 7,9 4,8 22,7 18:05 80 26 7,6 39,3 00:05 -19,7 00:25 10,7 0,0 0,0 3,7 18,0 16:00 231 27 8,0 13,2 15:05 1,0 00:00 10,4 0,0 0,0 9,3 37,0 13:25 57 28 4,6 11,9 14:35 -2,6 06:45 13,7 0,0 0,0 3,5 25,7 19:30 138 --------------------------------------------------------------------------------------- 6,1 39,3 25 -19,7 26 343,2 0,0 52,1 2,2 37,0 27 82