MONTHLY CLIMATOLOGICAL SUMMARY for apr 2022 NAME: Loc.Campagnola (Sacile) ELEV: 31 meters LAT: 45-56.65 N LONG: 012-28.80 E TEMPERATURE (C), RAIN (mm), WIND SPEED (km/h) HEAT COOL AVG MEAN DEG DEG WIND DOM DAY TEMP HIGH TIME LOW TIME DAYS DAYS RAIN SPEED HIGH TIME DIR --------------------------------------------------------------------------------------- 01 9,4 11,9 15:40 7,0 23:45 9,0 0,0 13,7 3,6 37,0 23:30 37 02 7,3 9,5 17:15 5,9 22:45 11,0 0,0 15,2 4,3 22,5 00:05 56 03 7,5 11,9 12:55 2,6 07:20 10,8 0,0 0,0 3,8 24,1 13:55 264 04 8,1 12,1 16:40 4,9 04:05 10,2 0,0 0,3 2,9 25,7 12:45 156 05 8,9 14,6 17:00 2,7 07:15 9,5 0,0 0,0 2,4 20,9 11:25 69 06 10,2 15,9 15:00 5,1 01:40 8,1 0,0 0,0 1,5 12,9 12:15 54 07 10,8 17,3 13:45 4,6 06:20 7,5 0,0 0,0 2,8 19,3 17:25 118 08 13,1 18,8 14:45 7,7 05:40 5,3 0,0 1,0 5,4 25,7 09:50 67 09 9,8 16,4 11:35 4,4 00:00 8,6 0,0 29,7 7,6 45,1 18:00 59 10 8,2 16,1 14:35 -0,4 06:30 10,1 0,0 0,0 4,2 27,4 16:40 190 11 9,7 16,6 14:00 1,7 06:20 8,7 0,0 0,0 3,1 20,9 14:50 128 12 11,4 18,2 16:10 4,0 05:45 6,9 0,0 0,0 2,3 16,1 13:50 114 13 13,2 20,2 16:10 5,9 06:55 5,2 0,0 0,0 1,8 14,5 11:50 129 14 15,2 25,4 15:55 5,6 06:45 3,2 0,0 0,0 2,3 20,9 17:30 201 15 15,0 23,2 15:50 6,7 06:35 3,3 0,0 0,0 2,0 16,1 14:40 169 16 14,5 21,1 12:15 8,6 05:50 3,8 0,0 0,5 3,3 22,5 20:50 186 17 11,3 18,3 15:45 3,6 06:45 7,0 0,0 0,0 4,4 19,3 09:55 246 18 11,8 17,8 15:10 2,8 06:40 6,6 0,0 0,0 5,6 24,1 11:25 239 19 11,8 17,2 15:25 4,7 06:30 6,6 0,0 0,0 4,2 27,4 15:30 141 20 12,5 16,8 15:00 8,4 23:25 5,9 0,0 0,0 3,8 20,9 02:20 224 21 11,1 14,9 16:20 5,9 06:55 7,2 0,0 0,0 2,6 19,3 23:50 90 22 12,6 15,1 17:00 9,8 02:40 5,7 0,0 7,9 5,3 30,6 11:20 63 23 12,4 16,8 14:40 8,4 05:40 5,9 0,0 3,3 1,4 14,5 23:40 108 24 13,1 17,4 13:35 9,9 07:45 5,2 0,0 5,6 3,8 25,7 14:05 233 25 12,8 17,2 13:15 8,8 04:10 5,6 0,0 0,0 2,8 20,9 13:20 74 26 13,7 17,8 15:35 11,2 06:55 4,6 0,0 6,3 1,9 14,5 01:20 59 27 15,0 21,9 16:20 7,4 06:15 3,3 0,0 0,3 2,9 17,7 16:35 203 28 15,6 22,8 16:50 9,1 04:30 2,8 0,0 0,0 2,2 17,7 11:45 209 29 16,5 23,4 17:20 9,4 06:30 1,8 0,0 0,0 1,9 14,5 12:25 182 30 17,0 23,1 15:00 9,4 06:35 1,3 0,0 0,0 2,5 16,1 10:55 190 --------------------------------------------------------------------------------------- 11,9 25,4 14 -0,4 10 190,5 0,0 83,8 3,3 45,1 09 113