MONTHLY CLIMATOLOGICAL SUMMARY for mag 2022 NAME: Loc.Campagnola (Sacile) ELEV: 31 meters LAT: 45-56.65 N LONG: 012-28.80 E TEMPERATURE (C), RAIN (mm), WIND SPEED (km/h) HEAT COOL AVG MEAN DEG DEG WIND DOM DAY TEMP HIGH TIME LOW TIME DAYS DAYS RAIN SPEED HIGH TIME DIR --------------------------------------------------------------------------------------- 01 16,8 22,8 15:15 11,2 06:15 1,5 0,0 0,0 4,8 32,2 15:35 62 02 17,2 22,6 15:55 11,8 02:10 1,2 0,0 0,0 4,2 29,0 11:30 75 03 18,2 25,4 16:55 10,8 06:20 0,1 0,0 0,0 2,5 19,3 15:30 188 04 17,9 25,1 13:55 9,4 06:15 0,5 0,0 0,0 3,1 25,7 17:15 194 05 16,2 20,3 14:10 10,1 06:25 2,1 0,0 0,0 3,0 17,7 16:05 100 06 15,2 17,9 14:30 13,1 06:05 3,2 0,0 1,5 2,7 29,0 12:20 90 07 15,4 18,8 17:15 13,2 03:45 2,9 0,0 1,3 0,8 8,0 15:05 277 08 17,5 23,2 15:40 12,2 23:55 0,9 0,0 5,1 2,9 30,6 16:55 88 09 19,2 26,4 17:40 10,9 06:10 0,0 0,9 0,0 3,2 24,1 11:35 87 10 20,1 27,1 16:25 11,1 05:55 0,0 1,8 0,0 2,4 16,1 18:10 219 11 21,0 28,6 14:50 12,3 06:05 0,0 2,6 0,0 2,7 25,7 13:20 205 12 21,9 28,6 15:50 13,9 05:55 0,0 3,6 0,0 2,7 16,1 10:40 106 13 22,0 28,3 16:25 16,4 06:30 0,0 3,7 2,3 2,7 20,9 11:50 83 14 21,5 27,7 12:50 15,2 05:20 0,0 3,1 0,3 2,4 17,7 10:45 75 15 22,4 30,3 16:30 13,1 06:00 0,0 4,0 0,0 2,5 19,3 16:00 193 16 21,3 29,3 15:35 15,9 18:35 0,0 3,0 16,5 2,8 56,3 18:00 139 17 22,1 29,2 16:00 15,7 05:15 0,0 3,8 0,0 1,8 14,5 16:15 189 18 22,5 26,8 16:35 19,1 06:00 0,0 4,1 0,0 2,7 17,7 13:25 189 19 21,3 27,7 15:25 14,1 05:40 0,0 2,9 0,0 2,4 16,1 14:55 163 20 20,9 28,3 15:25 14,1 04:35 0,0 2,6 0,0 2,3 19,3 17:30 175 21 22,4 29,5 16:05 14,6 05:30 0,0 4,1 0,0 2,1 16,1 11:20 104 22 23,1 29,8 14:30 14,9 05:40 0,0 4,8 0,0 2,6 19,3 17:35 126 23 23,0 26,9 15:45 18,7 05:45 0,0 4,6 3,8 2,1 14,5 01:35 100 24 23,3 28,0 15:30 18,2 00:00 0,0 5,0 2,8 6,0 35,4 23:45 90 25 21,9 28,2 16:55 15,6 05:15 0,0 3,6 3,3 2,6 19,3 10:50 103 26 23,1 29,4 15:40 17,0 05:50 0,0 4,7 0,0 3,0 19,3 13:40 111 27 23,9 30,7 15:30 17,0 05:55 0,0 5,6 0,0 2,2 14,5 14:00 208 28 19,6 24,4 10:50 14,0 21:45 0,0 1,3 1,5 5,5 35,4 12:15 68 29 15,7 19,3 13:15 10,1 00:00 2,6 0,0 0,3 4,9 30,6 13:05 76 30 16,4 22,6 15:40 9,9 00:25 1,9 0,0 0,0 3,2 20,9 13:35 118 31 20,6 26,7 15:25 13,9 00:05 0,0 2,3 0,0 2,5 16,1 15:30 180 --------------------------------------------------------------------------------------- 20,1 30,7 27 9,4 04 16,9 72,0 38,6 2,9 56,3 16 108