MONTHLY CLIMATOLOGICAL SUMMARY for giu 2022 NAME: Loc.Campagnola (Sacile) ELEV: 31 meters LAT: 45-56.65 N LONG: 012-28.80 E TEMPERATURE (C), RAIN (mm), WIND SPEED (km/h) HEAT COOL AVG MEAN DEG DEG WIND DOM DAY TEMP HIGH TIME LOW TIME DAYS DAYS RAIN SPEED HIGH TIME DIR --------------------------------------------------------------------------------------- 01 22,2 27,6 16:40 17,2 04:20 0,0 3,9 0,0 2,8 16,1 14:25 163 02 24,4 27,0 18:25 22,0 22:40 0,0 6,0 0,0 1,6 11,3 18:40 205 03 23,3 30,0 13:35 17,7 05:30 0,0 4,9 0,5 1,2 11,3 10:40 176 04 24,0 31,6 17:15 16,4 05:50 0,0 5,7 0,0 2,2 16,1 13:30 179 05 25,3 31,9 15:15 18,6 00:00 0,0 7,0 2,3 2,7 48,3 20:35 132 06 24,2 31,7 16:10 15,1 05:55 0,0 5,9 0,0 2,5 14,5 01:20 197 07 21,7 26,4 16:00 18,2 00:00 0,0 3,4 2,3 2,2 19,3 17:00 308 08 22,2 28,4 14:50 14,3 06:25 0,0 3,9 0,0 3,9 20,9 15:55 217 09 18,8 21,7 18:00 16,0 05:25 0,0 0,5 7,6 1,9 17,7 10:40 251 10 21,5 30,4 17:50 12,8 06:00 0,0 3,2 0,0 0,9 11,3 17:55 247 11 23,9 30,9 15:35 16,1 05:40 0,0 5,5 0,0 2,1 14,5 14:25 168 12 24,5 31,4 14:40 15,9 05:55 0,0 6,1 0,0 3,0 20,9 19:10 198 13 23,6 31,5 15:10 18,1 04:40 0,0 5,3 0,0 2,0 17,7 14:30 160 14 24,7 30,9 16:45 18,1 01:35 0,0 6,4 0,0 4,5 30,6 09:10 99 15 24,4 31,5 15:30 19,4 00:00 0,0 6,1 0,0 2,1 19,3 14:30 177 16 24,8 31,5 16:05 16,7 05:40 0,0 6,4 0,0 2,0 17,7 19:20 190 17 25,8 32,7 15:00 19,1 05:40 0,0 7,5 1,0 1,9 17,7 12:50 200 18 26,2 31,4 15:15 19,0 06:00 0,0 7,8 0,0 3,2 24,1 17:15 193 19 25,8 32,5 15:25 19,3 02:55 0,0 7,4 0,0 2,9 24,1 16:20 159 20 25,0 31,7 15:25 16,6 05:25 0,0 6,7 0,0 2,7 20,9 20:20 140 21 25,8 31,7 15:25 19,7 05:45 0,0 7,5 0,0 1,7 19,3 15:50 159 22 23,8 28,7 16:20 19,4 05:40 0,0 5,5 8,9 2,0 19,3 00:35 210 23 25,3 32,6 17:00 19,8 05:30 0,0 6,9 8,1 3,3 27,4 19:40 98 24 25,8 31,7 16:15 21,0 00:00 0,0 7,5 0,0 4,5 22,5 16:25 146 25 25,4 32,0 17:00 16,9 05:55 0,0 7,0 0,0 2,8 20,9 09:50 121 26 27,0 33,4 16:35 21,6 04:50 0,0 8,7 0,0 2,3 17,7 18:10 142 27 27,4 34,4 16:25 19,9 05:55 0,0 9,1 0,0 2,7 17,7 13:15 119 28 27,3 34,4 11:55 19,1 05:30 0,0 9,0 0,0 4,0 29,0 12:15 78 29 24,5 27,6 05:25 20,1 12:45 0,0 6,2 40,1 3,4 25,7 05:40 76 30 23,4 23,4 00:00 23,4 00:00 0,0 5,1 0,0 0,0 1,6 00:00 N/A --------------------------------------------------------------------------------------- 24,5 34,4 27 12,8 10 0,0 182,1 70,9 2,6 48,3 05 155