MONTHLY CLIMATOLOGICAL SUMMARY for lug 2022 NAME: Loc.Campagnola (Sacile) ELEV: 31 meters LAT: 45-56.65 N LONG: 012-28.80 E TEMPERATURE (C), RAIN (mm), WIND SPEED (km/h) HEAT COOL AVG MEAN DEG DEG WIND DOM DAY TEMP HIGH TIME LOW TIME DAYS DAYS RAIN SPEED HIGH TIME DIR --------------------------------------------------------------------------------------- 01 26,0 31,7 12:50 20,4 00:00 0,0 7,7 0,0 3,2 27,4 17:40 95 02 26,4 34,6 16:15 17,2 05:45 0,0 8,1 0,0 2,0 20,9 12:15 97 03 28,2 35,0 16:20 20,6 05:50 0,0 9,8 0,0 1,7 12,9 11:00 215 04 28,3 34,9 16:45 21,3 05:55 0,0 10,0 0,0 2,4 30,6 14:55 239 05 26,4 34,3 16:50 18,8 05:40 0,0 8,0 9,4 2,9 33,8 17:40 74 06 25,7 32,3 17:00 18,5 06:00 0,0 7,4 1,5 1,9 20,9 02:25 218 07 23,7 29,3 12:20 17,4 00:00 0,0 5,4 1,0 3,5 20,9 17:15 79 08 23,3 30,7 17:20 14,6 05:45 0,0 5,0 0,0 2,1 16,1 10:25 208 09 23,6 30,3 16:25 15,5 05:45 0,0 5,2 0,0 2,3 16,1 15:10 217 10 23,5 28,9 12:55 16,9 06:10 0,0 5,2 0,0 2,1 16,1 13:30 85 11 23,8 28,8 15:00 20,1 02:35 0,0 5,5 0,0 3,1 16,1 07:55 140 12 24,8 30,6 16:50 18,5 05:40 0,0 6,5 2,3 2,2 16,1 17:15 160 13 25,1 31,9 17:15 18,2 05:00 0,0 6,8 0,0 3,1 25,7 15:45 205 14 24,7 31,9 17:55 17,6 04:40 0,0 6,3 0,0 2,1 16,1 18:50 181 15 26,4 33,9 16:20 16,4 05:40 0,0 8,1 0,0 3,0 22,5 16:25 92 16 27,8 34,2 17:05 21,2 05:45 0,0 9,5 0,0 2,7 14,5 00:35 125 17 28,1 33,3 16:50 24,0 05:55 0,0 9,8 0,0 4,9 25,7 10:40 79 18 27,5 33,7 16:30 20,5 06:35 0,0 9,1 0,0 3,0 19,3 10:15 91 19 28,1 34,8 16:45 19,1 06:05 0,0 9,7 0,0 2,0 14,5 11:35 201 20 28,4 35,5 15:45 19,3 05:55 0,0 10,1 0,0 2,1 14,5 02:20 192 21 27,5 35,7 16:15 18,2 05:30 0,0 9,2 0,0 2,0 17,7 16:05 193 22 28,5 37,3 17:00 18,5 05:50 0,0 10,2 0,0 1,8 14,5 14:35 192 23 29,2 36,6 16:30 20,5 05:50 0,0 10,9 0,0 1,8 19,3 16:50 175 24 27,9 36,1 16:00 19,8 05:35 0,0 9,6 3,3 2,5 22,5 10:50 88 25 29,8 36,3 16:35 22,6 06:10 0,0 11,5 0,0 2,4 20,9 14:15 188 26 26,6 32,4 16:00 20,8 06:05 0,0 8,3 2,3 3,2 40,2 02:15 92 27 26,6 31,9 15:45 21,5 05:10 0,0 8,2 0,0 4,9 32,2 09:55 81 28 26,9 33,2 15:55 20,6 05:00 0,0 8,5 0,0 3,4 24,1 09:35 93 29 27,1 34,4 16:20 20,2 21:20 0,0 8,8 12,4 2,9 57,9 20:45 224 30 24,8 31,6 16:35 20,2 00:10 0,0 6,5 0,0 2,2 17,7 18:05 164 31 25,3 34,1 17:10 16,9 05:55 0,0 7,0 0,0 2,0 19,3 17:45 190 --------------------------------------------------------------------------------------- 26,5 37,3 22 14,6 08 0,0 251,8 32,3 2,6 57,9 29 129