MONTHLY CLIMATOLOGICAL SUMMARY for ago 2022 NAME: Loc.Campagnola (Sacile) ELEV: 31 meters LAT: 45-56.65 N LONG: 012-28.80 E TEMPERATURE (C), RAIN (mm), WIND SPEED (km/h) HEAT COOL AVG MEAN DEG DEG WIND DOM DAY TEMP HIGH TIME LOW TIME DAYS DAYS RAIN SPEED HIGH TIME DIR --------------------------------------------------------------------------------------- 01 26,9 33,8 14:50 18,9 06:15 0,0 8,6 0,0 1,9 19,3 16:15 190 02 25,7 33,4 17:10 18,4 06:10 0,0 7,4 8,9 2,1 27,4 02:35 63 03 26,9 34,8 16:20 18,2 06:15 0,0 8,6 0,0 1,8 16,1 11:40 194 04 27,8 35,7 16:20 19,3 06:10 0,0 9,4 0,0 1,8 14,5 14:20 191 05 28,2 36,2 15:05 20,1 06:20 0,0 9,9 0,0 1,8 17,7 16:25 200 06 27,2 35,6 13:15 20,6 06:30 0,0 8,9 0,0 3,6 35,4 14:40 70 07 25,1 30,4 13:35 20,7 03:45 0,0 6,8 3,6 2,1 19,3 11:30 58 08 25,9 31,9 17:10 18,6 06:15 0,0 7,6 0,0 4,2 29,0 10:20 78 09 26,6 33,6 16:15 19,7 06:35 0,0 8,3 0,0 1,9 17,7 14:20 109 10 25,6 32,2 15:35 17,4 06:10 0,0 7,3 0,0 3,2 30,6 14:45 86 11 26,0 32,8 16:10 19,6 06:05 0,0 7,7 0,0 2,3 19,3 09:40 107 12 23,5 28,2 11:55 18,2 00:00 0,0 5,1 0,3 3,2 29,0 16:15 67 13 21,9 30,1 15:15 14,6 06:10 0,0 3,6 0,0 2,0 17,7 16:00 150 14 23,0 32,1 17:20 13,8 06:00 0,0 4,6 0,0 2,2 20,9 13:55 210 15 24,9 32,6 16:55 17,4 06:45 0,0 6,6 0,0 1,9 14,5 12:20 134 16 24,4 31,8 16:45 17,7 06:20 0,0 6,1 9,4 2,4 24,1 00:35 238 17 25,0 31,9 16:00 18,0 06:25 0,0 6,6 4,6 1,9 16,1 14:55 197 18 23,1 28,8 12:20 19,8 14:20 0,0 4,8 11,2 3,2 38,6 14:15 87 19 22,4 28,1 13:45 18,7 00:00 0,0 4,1 11,7 3,9 32,2 06:30 72 20 23,5 32,1 17:25 17,4 04:15 0,0 5,2 0,0 1,4 11,3 13:20 211 21 24,0 33,1 16:25 15,9 06:30 0,0 5,7 0,0 1,8 24,1 20:25 170 22 24,1 32,0 16:45 15,9 06:50 0,0 5,8 0,3 2,2 16,1 18:20 203 23 23,5 30,7 16:50 16,5 06:10 0,0 5,1 0,0 1,8 14,5 10:40 153 24 23,6 31,7 17:05 16,4 06:25 0,0 5,3 0,0 1,4 12,9 13:20 200 25 25,3 32,8 15:20 17,7 05:50 0,0 7,0 0,0 1,5 14,5 15:35 170 26 26,2 33,1 16:05 19,4 06:40 0,0 7,8 0,0 1,4 16,1 14:15 130 27 23,8 32,9 13:50 19,0 22:50 0,0 5,4 4,1 2,9 32,2 14:10 78 28 23,4 31,1 16:40 18,1 06:10 0,0 5,1 1,5 1,4 14,5 13:10 91 29 24,7 31,7 16:05 19,4 06:40 0,0 6,3 1,3 1,3 11,3 10:25 107 30 25,3 31,7 14:50 19,8 03:25 0,0 7,0 0,0 2,1 19,3 23:15 210 31 21,8 26,6 15:55 17,8 05:35 0,0 3,5 28,2 3,1 38,6 01:45 61 --------------------------------------------------------------------------------------- 24,8 36,2 05 13,8 14 0,0 201,0 84,8 2,3 38,6 18 117