MONTHLY CLIMATOLOGICAL SUMMARY for set 2022 NAME: Loc.Campagnola (Sacile) ELEV: 31 meters LAT: 45-56.65 N LONG: 012-28.80 E TEMPERATURE (C), RAIN (mm), WIND SPEED (km/h) HEAT COOL AVG MEAN DEG DEG WIND DOM DAY TEMP HIGH TIME LOW TIME DAYS DAYS RAIN SPEED HIGH TIME DIR --------------------------------------------------------------------------------------- 01 21,6 26,3 12:45 17,7 03:25 0,0 3,2 0,0 1,7 19,3 13:25 115 02 21,1 27,8 16:45 16,4 06:50 0,0 2,8 0,0 1,3 14,5 14:45 177 03 21,4 28,8 16:10 14,4 06:50 0,0 3,1 0,3 2,0 14,5 14:25 202 04 22,6 29,9 16:10 15,9 06:25 0,0 4,3 0,0 1,3 12,9 13:10 184 05 23,0 30,9 15:25 15,8 06:45 0,0 4,7 0,0 1,6 14,5 13:45 217 06 23,8 31,1 15:15 16,9 06:45 0,0 5,5 0,0 1,7 14,5 14:15 215 07 23,1 29,2 15:55 19,1 04:50 0,0 4,7 2,5 1,7 14,5 02:00 166 08 21,6 25,4 15:30 19,0 00:00 0,0 3,3 4,1 3,3 27,4 14:30 72 09 21,4 26,7 14:45 16,6 00:00 0,0 3,1 5,6 4,0 27,4 10:00 73 10 20,3 28,4 14:35 14,5 07:10 0,0 2,0 0,3 1,1 16,1 15:05 108 11 20,9 27,9 16:05 13,7 07:10 0,0 2,5 0,0 2,3 17,7 15:15 221 12 20,6 28,3 15:40 14,0 02:45 0,0 2,2 0,0 1,5 16,1 13:50 189 13 21,7 29,6 15:35 16,2 04:25 0,0 3,4 0,0 1,5 17,7 13:15 146 14 22,9 27,9 14:15 19,2 00:05 0,0 4,6 0,0 1,0 12,9 09:30 116 15 23,0 29,9 15:30 17,6 05:10 0,0 4,6 0,5 3,1 33,8 16:15 208 16 21,7 26,4 14:25 16,8 22:55 0,0 3,4 4,1 6,4 29,0 10:10 70 17 14,3 17,6 15:35 9,6 00:00 4,0 0,0 11,2 4,2 25,7 02:05 78 18 14,8 23,7 16:00 6,7 07:00 3,6 0,0 0,0 1,9 16,1 14:50 226 19 17,7 27,3 14:45 10,1 06:40 0,6 0,0 0,0 2,4 27,4 16:10 168 20 15,8 23,9 15:35 7,4 06:55 2,5 0,0 6,3 1,9 17,7 13:50 189 21 14,7 22,1 16:50 8,1 06:55 3,7 0,0 0,5 1,8 16,1 00:20 116 22 14,6 20,3 17:40 11,8 00:00 3,7 0,0 0,0 0,6 11,3 18:45 178 23 15,9 22,0 13:55 10,2 02:15 2,4 0,0 0,0 1,6 17,7 12:20 161 24 15,5 18,1 12:35 12,7 00:05 2,8 0,0 0,0 0,8 12,9 12:00 66 25 17,7 22,5 13:30 13,7 07:40 0,6 0,0 2,0 2,8 20,9 05:45 174 26 16,4 22,7 14:30 12,9 03:55 1,9 0,0 14,5 2,0 16,1 16:40 92 27 15,6 21,9 14:30 11,3 00:00 2,7 0,0 14,2 1,6 16,1 03:10 84 28 13,9 19,6 14:10 8,8 04:20 4,5 0,0 0,0 1,2 17,7 11:25 70 29 15,7 21,3 15:25 12,3 07:25 2,6 0,0 43,9 1,7 19,3 19:10 59 30 15,1 18,1 14:30 11,6 03:20 3,3 0,0 6,1 1,3 16,1 20:20 68 --------------------------------------------------------------------------------------- 19,1 31,1 06 6,7 18 38,9 57,4 116,1 2,1 33,8 15 110