MONTHLY CLIMATOLOGICAL SUMMARY for ott 2022 NAME: Loc.Campagnola (Sacile) ELEV: 31 meters LAT: 45-56.65 N LONG: 012-28.80 E TEMPERATURE (C), RAIN (mm), WIND SPEED (km/h) HEAT COOL AVG MEAN DEG DEG WIND DOM DAY TEMP HIGH TIME LOW TIME DAYS DAYS RAIN SPEED HIGH TIME DIR --------------------------------------------------------------------------------------- 01 16,6 22,1 14:50 12,2 06:40 1,8 0,0 0,8 1,8 16,1 11:30 225 02 16,9 22,7 15:35 10,4 07:05 1,4 0,0 0,0 1,3 16,1 10:25 73 03 18,1 24,8 14:45 11,5 07:05 0,2 0,0 0,0 1,3 12,9 13:40 105 04 15,8 22,0 17:25 10,4 07:10 2,6 0,0 0,0 1,0 12,9 11:30 88 05 12,1 12,1 00:00 12,1 00:00 6,3 0,0 0,0 0,0 1,6 00:00 N/A 06 18,1 25,4 16:10 11,7 00:55 0,3 0,0 0,0 0,9 9,7 10:40 117 07 18,2 27,3 17:15 10,4 07:25 0,1 0,0 0,0 1,8 17,7 10:55 89 08 16,9 25,3 15:55 9,6 07:05 1,4 0,0 0,0 0,9 11,3 11:05 113 09 18,3 23,7 14:30 12,6 06:40 0,0 0,0 0,0 3,7 24,1 13:15 80 10 16,1 22,9 15:25 10,5 07:55 2,2 0,0 0,0 1,5 17,7 11:55 92 11 16,0 25,3 14:40 8,8 07:15 2,3 0,0 0,0 0,8 11,3 15:30 166 12 16,7 23,6 15:45 11,2 06:45 1,7 0,0 0,0 1,4 14,5 13:30 100 13 15,4 23,6 14:40 8,8 07:05 2,9 0,0 0,0 0,9 14,5 13:30 105 14 15,5 23,3 14:55 9,6 07:35 2,8 0,0 0,0 0,8 11,3 11:00 137 15 16,4 23,1 14:15 11,1 01:30 1,9 0,0 0,0 0,7 11,3 11:50 99 16 17,1 22,0 15:35 12,6 00:00 1,2 0,0 0,0 0,8 11,3 11:20 76 17 16,1 25,4 16:45 9,5 07:40 2,2 0,0 0,0 0,7 11,3 14:25 107 18 15,8 24,3 16:35 9,2 07:15 2,6 0,0 0,0 0,9 12,9 13:45 169 19 17,0 27,9 15:20 9,6 06:25 1,3 0,0 0,0 1,0 11,3 12:15 218 20 16,7 22,8 14:20 10,8 07:40 1,6 0,0 0,0 1,0 16,1 10:00 91 21 16,5 19,5 12:30 13,4 02:00 1,8 0,0 0,0 0,8 12,9 10:50 78 22 16,6 19,9 16:55 12,2 00:00 1,8 0,0 8,9 0,5 8,0 03:20 360 23 15,4 21,7 14:50 11,2 04:55 3,0 0,0 0,0 0,4 9,7 15:00 66 24 18,8 23,2 14:25 15,8 00:05 0,0 0,5 0,0 0,8 20,9 16:30 197 25 17,7 23,4 15:55 12,5 00:00 0,7 0,0 6,9 1,5 14,5 02:40 79 26 16,1 23,8 16:00 11,3 07:50 2,3 0,0 0,0 0,8 12,9 13:45 167 27 16,0 26,3 15:50 9,8 07:55 2,3 0,0 0,0 0,7 8,0 11:00 224 28 15,4 25,9 16:20 8,7 07:30 2,9 0,0 0,0 0,5 8,0 15:45 114 29 15,3 24,5 14:30 8,8 07:50 3,1 0,0 0,0 0,6 8,0 12:05 159 30 15,4 24,5 14:50 9,1 06:40 3,0 0,0 0,0 0,6 9,7 11:50 110 31 15,0 24,3 13:30 8,8 06:35 3,3 0,0 0,0 0,7 9,7 11:20 151 --------------------------------------------------------------------------------------- 16,5 27,9 19 8,7 28 61,0 0,5 16,5 1,0 24,1 09 101