MONTHLY CLIMATOLOGICAL SUMMARY for nov 2022 NAME: Loc.Campagnola (Sacile) ELEV: 31 meters LAT: 45-56.65 N LONG: 012-28.80 E TEMPERATURE (C), RAIN (mm), WIND SPEED (km/h) HEAT COOL AVG MEAN DEG DEG WIND DOM DAY TEMP HIGH TIME LOW TIME DAYS DAYS RAIN SPEED HIGH TIME DIR --------------------------------------------------------------------------------------- 01 14,0 20,2 13:15 8,1 07:05 4,4 0,0 0,0 1,1 11,3 18:40 126 02 15,7 19,9 12:10 12,7 03:10 2,7 0,0 0,5 0,9 11,3 12:10 190 03 15,2 20,0 14:25 11,9 07:20 3,1 0,0 4,3 0,9 8,0 12:30 203 04 14,4 18,7 14:40 9,2 21:45 4,0 0,0 37,6 3,0 37,0 10:20 247 05 11,9 20,7 14:35 5,4 23:30 6,4 0,0 0,0 1,6 14,5 10:30 264 06 9,4 18,1 15:05 3,1 05:55 8,9 0,0 0,0 1,0 9,7 11:10 218 07 10,0 19,2 14:10 3,7 07:20 8,4 0,0 0,0 0,8 8,0 11:45 206 08 8,8 17,2 14:05 2,8 06:55 9,5 0,0 0,0 0,9 11,3 13:30 117 09 10,9 17,6 14:15 4,7 03:00 7,5 0,0 0,0 0,6 11,3 13:10 215 10 12,3 17,7 14:35 7,2 00:00 6,0 0,0 18,0 1,2 19,3 14:20 68 11 9,7 17,2 14:50 4,9 06:25 8,7 0,0 0,3 0,6 9,7 12:10 189 12 9,4 16,4 14:10 4,2 05:40 8,9 0,0 0,0 0,5 6,4 11:00 77 13 11,4 17,0 14:45 5,1 06:55 7,0 0,0 0,8 2,9 19,3 12:50 76 14 11,7 15,3 15:45 7,2 23:55 6,6 0,0 0,5 1,6 22,5 06:00 61 15 9,8 15,9 13:10 4,0 06:50 8,6 0,0 0,0 0,9 9,7 11:00 174 16 11,4 14,6 14:00 8,4 23:15 6,9 0,0 2,0 1,0 8,0 09:30 265 17 10,7 16,8 13:55 7,2 06:10 7,6 0,0 0,0 0,8 9,7 14:30 188 18 11,6 18,1 14:45 6,7 00:00 6,7 0,0 0,5 2,0 20,9 12:10 230 19 9,4 15,5 12:05 3,4 06:30 9,0 0,0 0,0 2,3 20,9 14:55 69 20 9,0 14,9 13:55 5,0 08:20 9,4 0,0 0,0 1,6 16,1 12:25 209 21 7,3 12,7 13:55 2,2 07:10 11,0 0,0 0,0 1,1 9,7 11:20 93 22 9,2 10,7 12:30 7,7 01:05 9,2 0,0 41,9 7,6 49,9 14:35 48 23 8,2 12,7 14:45 4,4 21:55 10,1 0,0 0,0 1,3 12,9 01:50 261 24 6,5 15,1 15:15 1,2 07:05 11,8 0,0 0,0 0,7 9,7 12:15 226 25 6,5 13,4 14:40 1,9 00:55 11,9 0,0 0,0 0,8 12,9 12:40 68 26 6,9 16,1 13:45 2,2 00:00 11,4 0,0 0,0 1,1 12,9 13:45 94 27 4,4 14,3 14:20 -0,4 07:10 13,9 0,0 0,0 0,8 12,9 12:35 120 28 4,6 9,0 14:05 -0,8 04:45 13,8 0,0 0,0 0,6 9,7 06:15 344 29 6,0 9,2 14:10 1,2 23:15 12,3 0,0 0,3 1,0 17,7 10:15 74 30 4,7 10,4 14:10 0,1 07:45 13,7 0,0 0,0 0,6 9,7 09:35 279 --------------------------------------------------------------------------------------- 9,7 20,7 05 -0,8 28 259,1 0,0 106,7 1,4 49,9 22 72