MONTHLY CLIMATOLOGICAL SUMMARY for dic 2022 NAME: Loc.Campagnola (Sacile) ELEV: 31 meters LAT: 45-56.65 N LONG: 012-28.80 E TEMPERATURE (C), RAIN (mm), WIND SPEED (km/h) HEAT COOL AVG MEAN DEG DEG WIND DOM DAY TEMP HIGH TIME LOW TIME DAYS DAYS RAIN SPEED HIGH TIME DIR --------------------------------------------------------------------------------------- 01 7,6 13,2 14:25 2,3 00:30 10,8 0,0 1,5 1,7 19,3 21:50 72 02 7,2 8,8 13:10 6,2 00:00 11,2 0,0 4,1 2,7 17,7 10:20 68 03 7,6 10,2 13:05 5,1 01:05 10,7 0,0 7,1 2,4 20,9 13:25 62 04 9,6 11,0 03:10 8,3 23:55 8,8 0,0 33,3 5,4 27,4 10:55 56 05 9,2 12,8 13:15 5,2 23:15 9,1 0,0 13,7 2,2 16,1 13:40 265 06 6,5 13,2 15:25 1,9 23:55 11,9 0,0 0,3 1,1 9,7 11:10 246 07 4,2 12,9 15:30 -0,7 07:50 14,1 0,0 0,3 0,7 9,7 13:45 85 08 3,4 11,6 13:00 -1,3 07:20 14,9 0,0 0,0 0,9 9,7 12:50 208 09 5,9 7,6 16:00 2,5 00:05 12,4 0,0 23,4 1,2 12,9 13:20 270 10 8,1 10,3 14:15 6,9 01:55 10,2 0,0 3,6 1,6 16,1 18:10 360 11 4,9 7,7 00:05 2,2 00:00 13,5 0,0 12,2 3,8 29,0 11:35 34 12 0,8 5,8 14:30 -2,9 00:00 17,5 0,0 0,5 1,3 12,9 13:45 92 13 0,5 3,3 14:20 -3,4 00:30 17,8 0,0 0,0 0,7 6,4 08:45 263 14 2,6 5,7 13:20 -0,5 23:55 15,7 0,0 0,0 0,5 6,4 12:40 247 15 2,7 8,9 23:45 -1,9 07:50 15,7 0,0 22,1 1,6 22,5 23:05 40 16 7,6 8,6 00:05 6,7 07:25 10,7 0,0 8,9 1,1 12,9 00:05 207 17 7,6 10,3 13:45 4,5 23:10 10,7 0,0 2,5 4,9 25,7 06:35 61 18 3,6 10,2 14:00 -1,3 23:40 14,7 0,0 0,0 1,3 14,5 00:05 41 19 1,8 6,7 14:25 -1,3 00:10 16,5 0,0 0,0 0,7 6,4 01:30 245 20 1,2 7,9 14:25 -2,3 07:35 17,2 0,0 0,0 0,3 4,8 14:45 245 21 2,5 6,6 13:35 -1,2 02:00 15,9 0,0 0,0 0,7 6,4 12:35 244 22 5,3 8,8 13:00 2,6 00:05 13,0 0,0 0,0 0,8 8,0 14:05 135 23 7,3 10,2 13:40 5,3 08:10 11,0 0,0 0,0 1,1 9,7 12:35 86 24 8,0 13,3 14:05 5,1 07:35 10,4 0,0 0,0 0,9 9,7 12:40 227 25 8,2 12,8 14:05 4,2 00:00 10,1 0,0 0,0 0,9 11,3 14:15 130 26 8,0 10,6 15:05 4,2 00:05 10,3 0,0 0,0 0,5 6,4 12:15 51 27 8,2 13,9 14:15 3,3 07:15 10,1 0,0 0,0 1,1 9,7 13:05 97 28 8,5 13,1 15:05 4,9 07:20 9,8 0,0 0,0 1,7 12,9 12:45 57 29 7,0 10,6 13:05 3,2 04:10 11,3 0,0 0,0 0,5 6,4 11:15 245 30 8,3 11,5 14:55 5,1 23:50 10,0 0,0 0,3 0,9 11,3 01:35 305 31 7,3 12,7 12:50 2,9 07:30 11,0 0,0 0,0 1,3 12,9 13:05 117 --------------------------------------------------------------------------------------- 5,8 13,9 27 -3,4 13 387,0 0,0 133,6 1,5 29,0 11 59