MONTHLY CLIMATOLOGICAL SUMMARY for gen 2023 NAME: Loc.Campagnola (Sacile) ELEV: 31 meters LAT: 45-56.65 N LONG: 012-28.80 E TEMPERATURE (C), RAIN (mm), WIND SPEED (km/h) HEAT COOL AVG MEAN DEG DEG WIND DOM DAY TEMP HIGH TIME LOW TIME DAYS DAYS RAIN SPEED HIGH TIME DIR --------------------------------------------------------------------------------------- 01 8,8 10,7 14:25 6,3 02:40 9,5 0,0 0,0 0,4 4,8 13:30 222 02 9,5 10,2 14:35 8,5 08:00 8,8 0,0 1,3 0,3 4,8 05:30 225 03 9,3 12,2 14:40 5,7 23:25 9,0 0,0 0,0 0,6 4,8 02:40 79 04 7,4 14,6 14:35 2,7 07:55 11,0 0,0 0,3 0,7 11,3 13:30 200 05 8,1 10,0 16:00 6,6 02:25 10,2 0,0 0,0 0,6 6,4 13:55 187 06 9,1 12,0 12:00 5,8 06:55 9,3 0,0 0,0 1,0 11,3 12:25 152 07 8,4 10,9 13:30 4,7 23:15 10,0 0,0 0,0 1,4 11,3 13:20 241 08 7,4 9,0 23:55 5,4 00:05 10,9 0,0 19,6 2,5 14,5 21:35 47 09 9,3 11,6 12:50 7,3 20:45 9,0 0,0 25,9 4,6 29,0 16:40 285 10 6,4 14,1 15:40 0,4 00:00 11,9 0,0 0,0 3,0 27,4 02:15 261 11 4,1 11,8 13:20 -1,3 07:30 14,2 0,0 0,0 1,1 11,3 22:30 21 12 5,1 9,8 14:30 2,1 21:40 13,3 0,0 2,0 1,0 9,7 02:05 325 13 4,6 10,3 15:35 0,1 00:00 13,7 0,0 0,0 0,6 6,4 18:00 337 14 5,0 14,0 12:55 -1,1 07:35 13,3 0,0 0,3 1,8 16,1 13:35 238 15 5,5 8,2 12:50 1,7 01:40 12,9 0,0 6,3 0,9 8,0 19:45 4 16 6,1 8,4 13:45 4,1 23:20 12,3 0,0 3,0 3,6 20,9 10:40 63 17 5,2 7,1 11:50 3,6 02:20 13,1 0,0 4,3 4,0 24,1 11:45 50 18 4,6 7,1 14:45 1,8 08:15 13,8 0,0 0,0 2,0 14,5 19:55 85 19 4,5 7,1 12:45 2,7 15:00 13,8 0,0 5,3 9,0 40,2 13:15 58 20 4,1 8,6 13:00 -1,7 00:00 14,2 0,0 0,0 3,7 24,1 00:50 61 21 -0,2 6,7 13:35 -3,7 07:40 18,5 0,0 0,0 1,9 14,5 11:00 264 22 4,3 6,9 13:35 1,8 21:20 14,0 0,0 0,0 2,0 17,7 13:35 46 23 8,6 11,2 09:45 2,7 01:05 9,8 0,0 7,4 9,7 40,2 10:20 56 24 6,5 11,8 13:10 2,0 07:30 11,8 0,0 0,5 1,4 9,7 13:15 303 25 5,6 11,7 14:05 0,0 23:25 12,7 0,0 0,0 2,6 20,9 13:05 72 26 2,5 8,4 13:55 -1,8 07:05 15,9 0,0 0,0 1,9 14,5 14:50 84 27 1,5 7,7 15:35 -3,3 07:05 16,8 0,0 0,0 1,7 14,5 10:50 162 28 1,5 7,9 15:45 -3,4 07:50 16,8 0,0 0,0 1,3 9,7 13:00 99 29 2,5 8,0 15:45 -1,4 00:20 15,9 0,0 0,0 1,1 11,3 12:15 120 30 0,6 6,7 14:50 -4,2 07:15 17,7 0,0 0,0 1,6 12,9 14:00 80 31 2,0 9,1 15:50 -2,9 07:00 16,4 0,0 0,0 2,6 12,9 06:45 70 --------------------------------------------------------------------------------------- 5,5 14,6 04 -4,2 30 400,5 0,0 76,2 2,2 40,2 19 58