MONTHLY CLIMATOLOGICAL SUMMARY for feb 2023 NAME: Loc.Campagnola (Sacile) ELEV: 31 meters LAT: 45-56.65 N LONG: 012-28.80 E TEMPERATURE (C), RAIN (mm), WIND SPEED (km/h) HEAT COOL AVG MEAN DEG DEG WIND DOM DAY TEMP HIGH TIME LOW TIME DAYS DAYS RAIN SPEED HIGH TIME DIR --------------------------------------------------------------------------------------- 01 2,4 11,2 14:45 -2,8 06:45 15,9 0,0 0,0 1,3 14,5 11:35 11 02 2,2 9,4 14:05 -3,2 07:05 16,2 0,0 0,0 1,8 16,1 12:20 82 03 3,8 12,2 14:10 -2,3 06:55 14,6 0,0 0,0 1,6 9,7 04:05 274 04 5,4 13,8 15:45 -1,2 04:15 12,9 0,0 0,0 2,6 24,1 12:45 95 05 4,1 5,9 02:25 1,5 21:55 14,3 0,0 0,0 1,9 12,9 07:05 43 06 1,0 4,3 15:05 -1,4 05:35 17,3 0,0 0,0 1,9 12,9 12:30 67 07 0,1 7,1 14:45 -6,1 07:30 18,2 0,0 0,0 1,9 11,3 11:55 180 08 0,1 5,3 13:55 -5,2 06:55 18,3 0,0 0,0 6,4 35,4 14:00 65 09 0,3 7,6 15:05 -5,5 07:20 18,0 0,0 0,0 2,2 17,7 10:40 49 10 0,1 9,7 14:45 -7,2 07:35 18,2 0,0 0,0 1,5 11,3 12:50 212 11 1,7 11,2 14:45 -5,5 07:15 16,6 0,0 0,0 1,4 12,9 14:30 188 12 4,9 15,3 14:55 -3,2 07:20 13,4 0,0 0,0 2,7 17,7 16:15 204 13 5,5 14,3 14:50 -1,7 06:50 12,8 0,0 0,0 1,7 12,9 12:25 219 14 5,1 15,5 15:20 -2,3 05:30 13,2 0,0 0,0 1,1 11,3 12:25 89 15 6,8 18,0 14:35 -1,9 06:50 11,5 0,0 0,0 1,8 12,9 12:05 204 16 5,0 12,7 15:10 -1,6 07:00 13,3 0,0 0,0 2,1 22,5 12:25 95 17 6,4 12,1 13:30 1,5 05:35 11,9 0,0 0,0 1,9 11,3 12:05 109 18 8,2 10,6 14:50 5,9 00:05 10,1 0,0 0,0 1,7 9,7 14:15 78 19 8,2 11,1 15:30 6,8 07:15 10,1 0,0 0,0 1,1 11,3 14:35 145 20 9,7 16,2 14:40 4,3 07:25 8,7 0,0 0,0 2,3 16,1 12:15 175 21 7,7 10,7 13:30 3,8 05:50 10,7 0,0 0,0 1,9 12,9 11:20 78 22 9,4 14,9 14:40 5,9 07:10 9,0 0,0 0,0 1,6 11,3 12:10 201 23 9,1 12,6 15:40 5,4 23:50 9,3 0,0 0,0 1,1 9,7 09:20 54 24 8,1 10,7 14:50 4,7 01:05 10,2 0,0 0,5 0,0 3,2 12:50 105 25 9,7 12,7 13:50 7,6 05:10 8,7 0,0 0,0 2,8 20,9 10:40 81 26 6,9 10,4 01:00 4,6 00:00 11,4 0,0 5,3 14,8 40,2 09:50 69 27 5,9 9,9 11:40 2,8 07:00 12,4 0,0 0,0 9,1 37,0 11:05 83 28 6,2 10,6 15:25 1,8 23:35 12,1 0,0 0,0 6,7 33,8 13:10 84 --------------------------------------------------------------------------------------- 5,1 18,0 15 -7,2 10 369,3 0,0 5,8 2,8 40,2 26 80